{"id":8,"date":"2011-04-18T14:38:27","date_gmt":"2011-04-18T14:38:27","guid":{"rendered":"http:\/\/www.ifbaiano.edu.br\/portal\/discente20112\/?page_id=4"},"modified":"2011-04-18T14:38:27","modified_gmt":"2011-04-18T14:38:27","slug":"pagina-inicial","status":"publish","type":"page","link":"https:\/\/concurso.ifbaiano.edu.br\/portal\/tutores2013\/","title":{"rendered":"P\u00e1gina Inicial"},"content":{"rendered":"<div class=\"child_pages child_pages-thumbnail\">\n<div id=\"child_page-12\" class=\"child_page\" style=\"width:50%;max-width:100%;\"><div class=\"child_page-container\"><div class=\"post_thumb\"><a href=\"https:\/\/concurso.ifbaiano.edu.br\/portal\/tutores2013\/pagina-inicial\/coluna1\/\"><\/a><\/div><div class=\"post_content\"><h4><a href=\"https:\/\/concurso.ifbaiano.edu.br\/portal\/tutores2013\/pagina-inicial\/coluna1\/\">Coluna 1 - O Processo Seletivo<\/a><\/h4><div class=\"post_excerpt\">O Processo Seletivo O Reitor do Instituto Federal de Educa\u00e7\u00e3o, Ci\u00eancia e Tecnologia Baiano &#8211; IF Baiano, no uso de suas atribui\u00e7\u00f5es legais, torna p\u00fablica a abertura das inscri\u00e7\u00f5es para cadastro reserva, no per\u00edodo de 10 de junho a 28 &hellip; <a href=\"https:\/\/concurso.ifbaiano.edu.br\/portal\/tutores2013\/pagina-inicial\/coluna1\/\">Continue lendo <span class=\"meta-nav\">&rarr;<\/span><\/a><\/div><\/div><!-- .post_content  --><\/div><!-- .child_page-container --><\/div><!-- #child_page-12\" -->\n\n<div id=\"child_page-9\" class=\"child_page\" style=\"width:50%;max-width:100%;\"><div class=\"child_page-container\"><div class=\"post_thumb\"><a href=\"https:\/\/concurso.ifbaiano.edu.br\/portal\/tutores2013\/pagina-inicial\/coluna2\/\"><\/a><\/div><div class=\"post_content\"><h4><a href=\"https:\/\/concurso.ifbaiano.edu.br\/portal\/tutores2013\/pagina-inicial\/coluna2\/\">Coluna 2 - Informa\u00e7\u00f5es<\/a><\/h4><div class=\"post_excerpt\">Informa\u00e7\u00f5es 20\/08\/2013 \u00a0Edital de Convoca\u00e7\u00e3o\u00a0NOVO! &nbsp; &nbsp; &nbsp; &nbsp; &nbsp; &nbsp; &nbsp; &nbsp; &nbsp; &nbsp; &nbsp; &nbsp; &nbsp; &nbsp; &nbsp; &nbsp; &nbsp; &nbsp; &nbsp; &nbsp; &nbsp; &nbsp; &nbsp; &nbsp; 16\/07\/2013 Resultado Final &nbsp; &nbsp; &nbsp; &nbsp; &nbsp; &nbsp; &nbsp; &nbsp; &hellip; <a href=\"https:\/\/concurso.ifbaiano.edu.br\/portal\/tutores2013\/pagina-inicial\/coluna2\/\">Continue lendo <span class=\"meta-nav\">&rarr;<\/span><\/a><\/div><\/div><!-- .post_content  --><\/div><!-- .child_page-container --><\/div><!-- #child_page-9\" -->\n<\/div>\n","protected":false},"excerpt":{"rendered":"","protected":false},"author":3,"featured_media":0,"parent":0,"menu_order":0,"comment_status":"closed","ping_status":"open","template":"","meta":[],"_links":{"self":[{"href":"https:\/\/concurso.ifbaiano.edu.br\/portal\/tutores2013\/wp-json\/wp\/v2\/pages\/8"}],"collection":[{"href":"https:\/\/concurso.ifbaiano.edu.br\/portal\/tutores2013\/wp-json\/wp\/v2\/pages"}],"about":[{"href":"https:\/\/concurso.ifbaiano.edu.br\/portal\/tutores2013\/wp-json\/wp\/v2\/types\/page"}],"author":[{"embeddable":true,"href":"https:\/\/concurso.ifbaiano.edu.br\/portal\/tutores2013\/wp-json\/wp\/v2\/users\/3"}],"replies":[{"embeddable":true,"href":"https:\/\/concurso.ifbaiano.edu.br\/portal\/tutores2013\/wp-json\/wp\/v2\/comments?post=8"}],"version-history":[{"count":1,"href":"https:\/\/concurso.ifbaiano.edu.br\/portal\/tutores2013\/wp-json\/wp\/v2\/pages\/8\/revisions"}],"predecessor-version":[{"id":492,"href":"https:\/\/concurso.ifbaiano.edu.br\/portal\/tutores2013\/wp-json\/wp\/v2\/pages\/8\/revisions\/492"}],"wp:attachment":[{"href":"https:\/\/concurso.ifbaiano.edu.br\/portal\/tutores2013\/wp-json\/wp\/v2\/media?parent=8"}],"curies":[{"name":"wp","href":"https:\/\/api.w.org\/{rel}","templated":true}]}}

Página Inicial

<div class="child_pages child_pages-thumbnail">
<div id="child_page-12" class="child_page" style="width:50%;max-width:100%;"><div class="child_page-container"><div class="post_thumb"><a href="https://concurso.ifbaiano.edu.br/portal/tutores2013/pagina-inicial/coluna1/"></a></div><div class="post_content"><h4><a href="https://concurso.ifbaiano.edu.br/portal/tutores2013/pagina-inicial/coluna1/">Coluna 1 - O Processo Seletivo</a></h4><div class="post_excerpt">O Processo Seletivo O Reitor do Instituto Federal de Educação, Ciência e Tecnologia Baiano &#8211; IF Baiano, no uso de suas atribuições legais, torna pública a abertura das inscrições para cadastro reserva, no período de 10 de junho a 28 &hellip; <a href="https://concurso.ifbaiano.edu.br/portal/tutores2013/pagina-inicial/coluna1/">Continue lendo <span class="meta-nav">&rarr;</span></a></div></div><!-- .post_content  --></div><!-- .child_page-container --></div><!-- #child_page-12" -->

<div id="child_page-9" class="child_page" style="width:50%;max-width:100%;"><div class="child_page-container"><div class="post_thumb"><a href="https://concurso.ifbaiano.edu.br/portal/tutores2013/pagina-inicial/coluna2/"></a></div><div class="post_content"><h4><a href="https://concurso.ifbaiano.edu.br/portal/tutores2013/pagina-inicial/coluna2/">Coluna 2 - Informações</a></h4><div class="post_excerpt">Informações 20/08/2013  Edital de Convocação NOVO! &nbsp; &nbsp; &nbsp; &nbsp; &nbsp; &nbsp; &nbsp; &nbsp; &nbsp; &nbsp; &nbsp; &nbsp; &nbsp; &nbsp; &nbsp; &nbsp; &nbsp; &nbsp; &nbsp; &nbsp; &nbsp; &nbsp; &nbsp; &nbsp; 16/07/2013 Resultado Final &nbsp; &nbsp; &nbsp; &nbsp; &nbsp; &nbsp; &nbsp; &nbsp; &hellip; <a href="https://concurso.ifbaiano.edu.br/portal/tutores2013/pagina-inicial/coluna2/">Continue lendo <span class="meta-nav">&rarr;</span></a></div></div><!-- .post_content  --></div><!-- .child_page-container --></div><!-- #child_page-9" -->
</div>
