{"id":12,"date":"2011-04-18T14:47:49","date_gmt":"2011-04-18T17:47:49","guid":{"rendered":"http:\/\/www.ifbaiano.edu.br\/portal\/discente20112\/?page_id=12"},"modified":"2013-06-10T13:43:08","modified_gmt":"2013-06-10T13:43:08","slug":"coluna1","status":"publish","type":"page","link":"https:\/\/concurso.ifbaiano.edu.br\/portal\/tutores2013\/pagina-inicial\/coluna1\/","title":{"rendered":"Coluna 1 &#8211; O Processo Seletivo"},"content":{"rendered":"<p class=\"inicial-titulo\" style=\"text-align: left\">O Processo Seletivo<\/p>\n<p style=\"text-align: justify\">O Reitor do Instituto Federal de Educa\u00e7\u00e3o, Ci\u00eancia e Tecnologia Baiano &#8211; IF Baiano, no uso de suas atribui\u00e7\u00f5es legais, torna p\u00fablica a abertura das inscri\u00e7\u00f5es para cadastro reserva, no per\u00edodo de 10 de junho a 28 de junho de 2013 do Processo de Sele\u00e7\u00e3o para Tutores Presenciais dos Cursos da Educa\u00e7\u00e3o Profissional T\u00e9cnica de N\u00edvel M\u00e9dio Subsequente, na modalidade a dist\u00e2ncia, financiado pela Rede e-Tec para os Polos de Mucuri e Mundo Novo.<\/p>\n<p class=\"inicial-titulo\">Do Cadastro de Reserva<\/p>\n<p>Ser\u00e3o oferecidas vagas para cadastro reserva, destinadas ao atendimento dos Polos conforme pre\u00e2mbulo do Edital.<\/p>\n<p class=\"inicial-titulo\">Inscri\u00e7\u00f5es<\/p>\n<p style=\"text-align: justify\">A inscri\u00e7\u00e3o neste Processo Seletivo dar-se-\u00e1 exclusivamente, via email enviado para o endere\u00e7o prosel.ead@ifbaiano.edu.br,conforme item 7.2 do Edital.<strong><br \/>\n<\/strong><\/p>\n","protected":false},"excerpt":{"rendered":"<p>O Processo Seletivo O Reitor do Instituto Federal de Educa\u00e7\u00e3o, Ci\u00eancia e Tecnologia Baiano &#8211; IF Baiano, no uso de suas atribui\u00e7\u00f5es legais, torna p\u00fablica a abertura das inscri\u00e7\u00f5es para cadastro reserva, no per\u00edodo de 10 de junho a 28 &hellip; <a href=\"https:\/\/concurso.ifbaiano.edu.br\/portal\/tutores2013\/pagina-inicial\/coluna1\/\">Continue lendo <span class=\"meta-nav\">&rarr;<\/span><\/a><\/p>\n","protected":false},"author":3,"featured_media":0,"parent":8,"menu_order":1,"comment_status":"closed","ping_status":"closed","template":"","meta":[],"_links":{"self":[{"href":"https:\/\/concurso.ifbaiano.edu.br\/portal\/tutores2013\/wp-json\/wp\/v2\/pages\/12"}],"collection":[{"href":"https:\/\/concurso.ifbaiano.edu.br\/portal\/tutores2013\/wp-json\/wp\/v2\/pages"}],"about":[{"href":"https:\/\/concurso.ifbaiano.edu.br\/portal\/tutores2013\/wp-json\/wp\/v2\/types\/page"}],"author":[{"embeddable":true,"href":"https:\/\/concurso.ifbaiano.edu.br\/portal\/tutores2013\/wp-json\/wp\/v2\/users\/3"}],"replies":[{"embeddable":true,"href":"https:\/\/concurso.ifbaiano.edu.br\/portal\/tutores2013\/wp-json\/wp\/v2\/comments?post=12"}],"version-history":[{"count":12,"href":"https:\/\/concurso.ifbaiano.edu.br\/portal\/tutores2013\/wp-json\/wp\/v2\/pages\/12\/revisions"}],"predecessor-version":[{"id":386,"href":"https:\/\/concurso.ifbaiano.edu.br\/portal\/tutores2013\/wp-json\/wp\/v2\/pages\/12\/revisions\/386"}],"up":[{"embeddable":true,"href":"https:\/\/concurso.ifbaiano.edu.br\/portal\/tutores2013\/wp-json\/wp\/v2\/pages\/8"}],"wp:attachment":[{"href":"https:\/\/concurso.ifbaiano.edu.br\/portal\/tutores2013\/wp-json\/wp\/v2\/media?parent=12"}],"curies":[{"name":"wp","href":"https:\/\/api.w.org\/{rel}","templated":true}]}}

<p class="inicial-titulo" style="text-align: left">O Processo Seletivo</p>
<p style="text-align: justify">O Reitor do Instituto Federal de Educação, Ciência e Tecnologia Baiano &#8211; IF Baiano, no uso de suas atribuições legais, torna pública a abertura das inscrições para cadastro reserva, no período de 10 de junho a 28 de junho de 2013 do Processo de Seleção para Tutores Presenciais dos Cursos da Educação Profissional Técnica de Nível Médio Subsequente, na modalidade a distância, financiado pela Rede e-Tec para os Polos de Mucuri e Mundo Novo.</p>
<p class="inicial-titulo">Do Cadastro de Reserva</p>
<p>Serão oferecidas vagas para cadastro reserva, destinadas ao atendimento dos Polos conforme preâmbulo do Edital.</p>
<p class="inicial-titulo">Inscrições</p>
<p style="text-align: justify">A inscrição neste Processo Seletivo dar-se-á exclusivamente, via email enviado para o endereço prosel.ead@ifbaiano.edu.br,conforme item 7.2 do Edital.<strong><br />
</strong></p>

<p>O Processo Seletivo O Reitor do Instituto Federal de Educação, Ciência e Tecnologia Baiano &#8211; IF Baiano, no uso de suas atribuições legais, torna pública a abertura das inscrições para cadastro reserva, no período de 10 de junho a 28 &hellip; <a href="https://concurso.ifbaiano.edu.br/portal/tutores2013/pagina-inicial/coluna1/">Continue lendo <span class="meta-nav">&rarr;</span></a></p>
