{"id":5,"date":"2016-12-27T15:56:15","date_gmt":"2016-12-27T17:56:15","guid":{"rendered":"http:\/\/concurso.ifbaiano.edu.br\/portal\/substituto-itapetinga-2016\/?page_id=5"},"modified":"2017-01-24T11:47:32","modified_gmt":"2017-01-24T13:47:32","slug":"pagina-inicial","status":"publish","type":"page","link":"https:\/\/concurso.ifbaiano.edu.br\/portal\/substituto-itapetinga-2016\/","title":{"rendered":"P\u00e1gina Inicial"},"content":{"rendered":"<div class=\"child_pages child_pages-thumbnail\">\n<div id=\"child_page-8\" class=\"child_page\" style=\"width:50%;max-width:100%;\"><div class=\"child_page-container\"><div class=\"post_thumb\"><a href=\"https:\/\/concurso.ifbaiano.edu.br\/portal\/substituto-itapetinga-2016\/pagina-inicial\/homologacoes\/\"><\/a><\/div><div class=\"post_content\"><h4><a href=\"https:\/\/concurso.ifbaiano.edu.br\/portal\/substituto-itapetinga-2016\/pagina-inicial\/homologacoes\/\">Homologa\u00e7\u00f5es<\/a><\/h4><div class=\"post_excerpt\">Processo Seletivo O REITOR DO INSTITUTO FEDERAL DE EDUCA\u00c7\u00c3O, CI\u00caNCIA E TECNOLOGIA BAIANO, no uso de suas atribui\u00e7\u00f5es legais, torna p\u00fablica a realiza\u00e7\u00e3o de Processo Seletivo Simplificado, dirigido \u00e0 contrata\u00e7\u00e3o, por tempo determinado, de Professor Substituto para o cargo de &hellip; <a href=\"https:\/\/concurso.ifbaiano.edu.br\/portal\/substituto-itapetinga-2016\/pagina-inicial\/homologacoes\/\">Continue lendo <span class=\"meta-nav\">&rarr;<\/span><\/a><\/div><\/div><!-- .post_content  --><\/div><!-- .child_page-container --><\/div><!-- #child_page-8\" -->\n\n<div id=\"child_page-10\" class=\"child_page\" style=\"width:50%;max-width:100%;\"><div class=\"child_page-container\"><div class=\"post_thumb\"><a href=\"https:\/\/concurso.ifbaiano.edu.br\/portal\/substituto-itapetinga-2016\/pagina-inicial\/editais\/\"><\/a><\/div><div class=\"post_content\"><h4><a href=\"https:\/\/concurso.ifbaiano.edu.br\/portal\/substituto-itapetinga-2016\/pagina-inicial\/editais\/\">Editais<\/a><\/h4><div class=\"post_excerpt\">Editais 27\/12\/2016 &#8211; Edital 106\/2016 24\/01\/2017 &#8211; Rela\u00e7\u00e3o de Inscri\u00e7\u00f5es Homologadas 25\/01\/2017 &#8211;\u00a0Rela\u00e7ao de Inscri\u00e7\u00f5es Homologadas P\u00f3s-Recurso 31\/01\/2017 &#8211; Comunicado_01 01\/02\/2017 &#8211;\u00a0Comunicado 02 07\/02\/2017 &#8211;\u00a0Resultado Final 10\/02\/2017 &#8211;\u00a0An\u00e1lise Recursos\u00a0(Novo) 10\/02\/2017 &#8211;\u00a0Resultado Final (P\u00f3s Recursos)\u00a0(Novo)<\/div><\/div><!-- .post_content  --><\/div><!-- .child_page-container --><\/div><!-- #child_page-10\" -->\n<\/div>\n","protected":false},"excerpt":{"rendered":"","protected":false},"author":43,"featured_media":0,"parent":0,"menu_order":0,"comment_status":"closed","ping_status":"closed","template":"","meta":[],"_links":{"self":[{"href":"https:\/\/concurso.ifbaiano.edu.br\/portal\/substituto-itapetinga-2016\/wp-json\/wp\/v2\/pages\/5"}],"collection":[{"href":"https:\/\/concurso.ifbaiano.edu.br\/portal\/substituto-itapetinga-2016\/wp-json\/wp\/v2\/pages"}],"about":[{"href":"https:\/\/concurso.ifbaiano.edu.br\/portal\/substituto-itapetinga-2016\/wp-json\/wp\/v2\/types\/page"}],"author":[{"embeddable":true,"href":"https:\/\/concurso.ifbaiano.edu.br\/portal\/substituto-itapetinga-2016\/wp-json\/wp\/v2\/users\/43"}],"replies":[{"embeddable":true,"href":"https:\/\/concurso.ifbaiano.edu.br\/portal\/substituto-itapetinga-2016\/wp-json\/wp\/v2\/comments?post=5"}],"version-history":[{"count":12,"href":"https:\/\/concurso.ifbaiano.edu.br\/portal\/substituto-itapetinga-2016\/wp-json\/wp\/v2\/pages\/5\/revisions"}],"predecessor-version":[{"id":60,"href":"https:\/\/concurso.ifbaiano.edu.br\/portal\/substituto-itapetinga-2016\/wp-json\/wp\/v2\/pages\/5\/revisions\/60"}],"wp:attachment":[{"href":"https:\/\/concurso.ifbaiano.edu.br\/portal\/substituto-itapetinga-2016\/wp-json\/wp\/v2\/media?parent=5"}],"curies":[{"name":"wp","href":"https:\/\/api.w.org\/{rel}","templated":true}]}}