{"id":6,"date":"2017-02-17T17:02:20","date_gmt":"2017-02-17T19:02:20","guid":{"rendered":"http:\/\/concurso.ifbaiano.edu.br\/portal\/substituto-guanambi-fev-2017\/?page_id=6"},"modified":"2017-03-17T09:35:12","modified_gmt":"2017-03-17T12:35:12","slug":"homologacao","status":"publish","type":"page","link":"https:\/\/concurso.ifbaiano.edu.br\/portal\/substituto-guanambi-fev-2017\/pagina-inicial\/homologacao\/","title":{"rendered":"Homologa\u00e7\u00e3o"},"content":{"rendered":"<h3><a href=\"http:\/\/concurso.ifbaiano.edu.br\/portal\/substituto-guanambi-fev-2017\/wp-content\/uploads\/sites\/64\/2017\/02\/Homologa\u00e7\u00e3o-Final-das-Inscri\u00e7\u00f5es.pdf\">Homologa\u00e7\u00e3o Final das Inscri\u00e7\u00f5es<\/a><\/h3>\n<h3><a href=\"http:\/\/concurso.ifbaiano.edu.br\/portal\/substituto-guanambi-fev-2017\/wp-content\/uploads\/sites\/64\/2017\/02\/Homologa\u00e7\u00e3o-Preliminar-das-Inscri\u00e7\u00f5es.pdf\">Homologa\u00e7\u00e3o Preliminar das Inscri\u00e7\u00f5es<\/a><\/h3>\n<h3><\/h3>\n<h3><\/h3>\n","protected":false},"excerpt":{"rendered":"<p>Homologa\u00e7\u00e3o Final das Inscri\u00e7\u00f5es Homologa\u00e7\u00e3o Preliminar das Inscri\u00e7\u00f5es<\/p>\n","protected":false},"author":30,"featured_media":0,"parent":4,"menu_order":1,"comment_status":"closed","ping_status":"closed","template":"","meta":[],"_links":{"self":[{"href":"https:\/\/concurso.ifbaiano.edu.br\/portal\/substituto-guanambi-fev-2017\/wp-json\/wp\/v2\/pages\/6"}],"collection":[{"href":"https:\/\/concurso.ifbaiano.edu.br\/portal\/substituto-guanambi-fev-2017\/wp-json\/wp\/v2\/pages"}],"about":[{"href":"https:\/\/concurso.ifbaiano.edu.br\/portal\/substituto-guanambi-fev-2017\/wp-json\/wp\/v2\/types\/page"}],"author":[{"embeddable":true,"href":"https:\/\/concurso.ifbaiano.edu.br\/portal\/substituto-guanambi-fev-2017\/wp-json\/wp\/v2\/users\/30"}],"replies":[{"embeddable":true,"href":"https:\/\/concurso.ifbaiano.edu.br\/portal\/substituto-guanambi-fev-2017\/wp-json\/wp\/v2\/comments?post=6"}],"version-history":[{"count":8,"href":"https:\/\/concurso.ifbaiano.edu.br\/portal\/substituto-guanambi-fev-2017\/wp-json\/wp\/v2\/pages\/6\/revisions"}],"predecessor-version":[{"id":47,"href":"https:\/\/concurso.ifbaiano.edu.br\/portal\/substituto-guanambi-fev-2017\/wp-json\/wp\/v2\/pages\/6\/revisions\/47"}],"up":[{"embeddable":true,"href":"https:\/\/concurso.ifbaiano.edu.br\/portal\/substituto-guanambi-fev-2017\/wp-json\/wp\/v2\/pages\/4"}],"wp:attachment":[{"href":"https:\/\/concurso.ifbaiano.edu.br\/portal\/substituto-guanambi-fev-2017\/wp-json\/wp\/v2\/media?parent=6"}],"curies":[{"name":"wp","href":"https:\/\/api.w.org\/{rel}","templated":true}]}}