{"id":9,"date":"2011-04-18T14:47:01","date_gmt":"2011-04-18T17:47:01","guid":{"rendered":"http:\/\/www.ifbaiano.edu.br\/concursos\/portal\/discente20112\/?page_id=9"},"modified":"2015-08-04T17:51:35","modified_gmt":"2015-08-04T17:51:35","slug":"coluna2","status":"publish","type":"page","link":"https:\/\/concurso.ifbaiano.edu.br\/portal\/sisu2015ed2\/pagina-inicial\/coluna2\/","title":{"rendered":"Coluna2 &#8211; Informa\u00e7\u00f5es"},"content":{"rendered":"<p class=\"inicial-titulo\" style=\"text-align: left\">Informa\u00e7\u00f5es<\/p>\n<p><strong><span style=\"color: #ff0000\">PROCESSO SELETIVO SiSU 2015.2 <\/span><\/strong><\/a><\/p>\n<p style=\"text-align: justify\">O Reitor do Instituto Federal de Educa\u00e7\u00e3o, Ci\u00eancia e Tecnologia Baiano \u2013 IF Baiano, considerando o disposto na Portaria Normativa MEC n\u00ba 21, de 5 de novembro de 2012 e no Edital n\u00ba 12, de 29 de abril de 2015, da Secretaria de Educa\u00e7\u00e3o Superior &#8211; SESU, torna p\u00fablico que a sele\u00e7\u00e3o de estudantes para provimento de vagas nos cursos de gradua\u00e7\u00e3o ofertadas pelo Instituto Federal de Educa\u00e7\u00e3o Ci\u00eancia e Tecnologia Baiano, para ingresso no 2\u00ba semestre de 2015, utilizar\u00e1 o Sistema de Sele\u00e7\u00e3o Unificada (SiSU), observando o seguinte: <\/a><\/p>\n<p class=\"inicial-titulo\" style=\"text-align: left\">Reuni\u00e3o Geral <\/p>\n<p><strong><\/span><\/strong><\/a><\/p>\n<p>Campus Bom Jesus da Lapa <strong><span style=\"color: #ff0000\">(NOVO)<\/span><\/strong><\/a><\/p>\n<p>04\/08\/2015 &#8211; <a href=\"http:\/\/concurso.ifbaiano.edu.br\/portal\/sisu2015ed2\/wp-content\/uploads\/sites\/22\/2015\/08\/Convoca\u00e7\u00e3o-Reuni\u00e3o-SiSu_Lapa.pdf\" target=\"_blank\"> Engenharia Agron\u00f4mica &#8211; Convoca\u00e7\u00e3o <\/a><\/p>\n<p>Campus Santa In\u00eas <strong><span style=\"color: #ff0000\">(NOVO)<\/span><\/strong><\/a><\/p>\n<p>04\/08\/2015 &#8211; <a href=\"http:\/\/concurso.ifbaiano.edu.br\/portal\/sisu2015ed2\/wp-content\/uploads\/sites\/22\/2015\/08\/REUNI\u00c3O-GERAL1.pdf\" target=\"_blank\"> Informa\u00e7\u00f5es &#8211; Reuni\u00e3o Geral &#8211; Errata <strong><span style=\"color: #ff0000\">(NOVO)<\/span><\/strong><\/a><\/p>\n<p>04\/08\/2015 &#8211; <a href=\"http:\/\/concurso.ifbaiano.edu.br\/portal\/sisu2015ed2\/wp-content\/uploads\/sites\/22\/2015\/08\/REUNI\u00c3O-GERAL.pdf\" target=\"_blank\"> Informa\u00e7\u00f5es &#8211; Reuni\u00e3o Geral<\/a><\/p>\n<p>04\/08\/2015 &#8211; <a href=\"http:\/\/concurso.ifbaiano.edu.br\/portal\/sisu2015ed2\/wp-content\/uploads\/sites\/22\/2015\/08\/REUNI\u00c3O-GERAL.BIO_.pdf\" target=\"_blank\"> Licenciatura em Biologia &#8211; Convoca\u00e7\u00e3o <\/a><\/p>\n<p>04\/08\/2015 &#8211; <a href=\"http:\/\/concurso.ifbaiano.edu.br\/portal\/sisu2015ed2\/wp-content\/uploads\/sites\/22\/2015\/08\/REUNI\u00c3O-GERAL.GEO_.pdf\" target=\"_blank\"> Licenciatura em Geografia &#8211; Convoca\u00e7\u00e3o <\/a><\/p>\n<p>04\/08\/2015 &#8211; <a href=\"http:\/\/concurso.ifbaiano.edu.br\/portal\/sisu2015ed2\/wp-content\/uploads\/sites\/22\/2015\/08\/REUNI\u00c3O-GERAL.ZOO_.pdf\" target=\"_blank\"> Bacharelado em Zootecnia  &#8211; Convoca\u00e7\u00e3o <\/a><\/p>\n<p class=\"inicial-titulo\" style=\"text-align: left\">Lista de Espera <\/p>\n<p><strong><\/span><\/strong><\/a><\/p>\n<p>Campus Bom Jesus da Lapa <\/a><\/p>\n<p>23\/07\/2015 &#8211; <a href=\"http:\/\/concurso.ifbaiano.edu.br\/portal\/sisu2015ed2\/wp-content\/uploads\/sites\/22\/2015\/08\/5.1.3-TERCEIRA-CHAMADA-LISTA-DE-ESPERA-SISU-2015.2-retificado-n\u00famero-do-edital.pdf\" target=\"_blank\"> Engenharia Agron\u00f4mica &#8211; Terceira Chamada <\/a><\/p>\n<p>Campus Santa In\u00eas <\/a><\/p>\n<p>24\/07\/2015 &#8211; <a href=\"http:\/\/concurso.ifbaiano.edu.br\/portal\/sisu2015ed2\/wp-content\/uploads\/sites\/22\/2015\/07\/3\u00aa-CHAMADA.BIO_.pdf\" target=\"_blank\"> Licenciatura em Biologia &#8211; Terceira Chamada <\/a><\/p>\n<p>24\/07\/2015 &#8211; <a href=\"http:\/\/concurso.ifbaiano.edu.br\/portal\/sisu2015ed2\/wp-content\/uploads\/sites\/22\/2015\/07\/3\u00aa-CHAMADA.GEO_.pdf\" target=\"_blank\"> Licenciatura em Geografia &#8211; Terceira Chamada <\/a><\/p>\n<p>24\/07\/2015 &#8211; <a href=\"http:\/\/concurso.ifbaiano.edu.br\/portal\/sisu2015ed2\/wp-content\/uploads\/sites\/22\/2015\/07\/3\u00aa-CHAMADA.ZOO_.pdf\" target=\"_blank\"> Bacharelado em Zootecnia  &#8211; Terceira Chamada <\/a><\/p>\n<p>Campus Bom Jesus da Lapa <\/a><\/p>\n<p>13\/07\/2015 &#8211; <a href=\"http:\/\/concurso.ifbaiano.edu.br\/portal\/sisu2015ed2\/wp-content\/uploads\/sites\/22\/2015\/08\/5.1.2-SEGUNDA-CHAMADA-LISTA-DE-ESPERA-SISU-2015.2-retificado-n\u00famero-do-edital.pdf\" target=\"_blank\"> Engenharia Agron\u00f4mica &#8211; Segunda Chamada <\/a><\/p>\n<p>Campus Santa In\u00eas<\/a><\/p>\n<p>13\/07\/2015 &#8211; <a href=\"http:\/\/concurso.ifbaiano.edu.br\/portal\/sisu2015ed2\/wp-content\/uploads\/sites\/22\/2015\/07\/LISTA-DE-ESPERA.2\u00aa-CHAMADA-1_Bio.pdf\" target=\"_blank\"> Licenciatura em Biologia &#8211; Segunda Chamada <\/a><\/p>\n<p>13\/07\/2015 &#8211; <a href=\"http:\/\/concurso.ifbaiano.edu.br\/portal\/sisu2015ed2\/wp-content\/uploads\/sites\/22\/2015\/07\/LISTA-DE-ESPERA.2\u00aa-CHAMADA-1_Geo.pdf\" target=\"_blank\"> Licenciatura em Geografia &#8211; Segunda Chamada <\/a><\/p>\n<p>13\/07\/2015 &#8211; <a href=\"http:\/\/concurso.ifbaiano.edu.br\/portal\/sisu2015ed2\/wp-content\/uploads\/sites\/22\/2015\/07\/LISTA-DE-ESPERA.2\u00aa-CHAMADA-1_Zoo.pdf\" target=\"_blank\"> Bacharelado em Zootecnia  &#8211; Segunda Chamada <\/a><\/p>\n<p>Campus Bom Jesus da Lapa <\/a><\/p>\n<p>03\/07\/2015 &#8211; <a href=\"http:\/\/concurso.ifbaiano.edu.br\/portal\/sisu2015ed2\/wp-content\/uploads\/sites\/22\/2015\/07\/5.1.1-PRIMEIRA-CHAMADA-LISTA-DE-ESPERA-SISU-2015.2.pdf\" target=\"_blank\"> Engenharia Agron\u00f4mica &#8211; Primeira Chamada <\/a><\/p>\n<p>Campus Santa In\u00eas <\/a><\/p>\n<p>03\/07\/2015 &#8211; <a href=\"http:\/\/concurso.ifbaiano.edu.br\/portal\/sisu2015ed2\/wp-content\/uploads\/sites\/22\/2015\/07\/Zoologia.pdf\" target=\"_blank\"> Bacharelado em Zootecnia &#8211; Primeira Chamada <\/a><\/p>\n<p>03\/07\/2015 &#8211; <a href=\"http:\/\/concurso.ifbaiano.edu.br\/portal\/sisu2015ed2\/wp-content\/uploads\/sites\/22\/2015\/07\/Biologia.pdf\" target=\"_blank\"> Licenciatura em Biologia &#8211; Primeira Chamada <\/a><\/p>\n<p>03\/07\/2015 &#8211; <a href=\"http:\/\/concurso.ifbaiano.edu.br\/portal\/sisu2015ed2\/wp-content\/uploads\/sites\/22\/2015\/07\/Geografia.pdf\" target=\"_blank\"> Licenciatura em Geografia &#8211; Primeira Chamada <\/a><\/p>\n<p class=\"inicial-titulo\" style=\"text-align: left\">Editais<\/p>\n<p>08\/06\/2015 &#8211; <a href=\"http:\/\/concurso.ifbaiano.edu.br\/portal\/sisu2015ed2\/wp-content\/uploads\/sites\/22\/2015\/06\/Edital_Abertura.pdf\" target=\"_blank\">Edital N\u00ba 42\/2015 SiSU &#8211; Edi\u00e7\u00e3o 2\/2015<\/a><\/p>\n<p class=\"inicial-titulo\" style=\"text-align: left\">Termo de Ades\u00e3o<\/p>\n<p>08\/06\/2015 &#8211; <a href=\"http:\/\/concurso.ifbaiano.edu.br\/portal\/sisu2015ed2\/wp-content\/uploads\/sites\/22\/2015\/06\/Termo_de_Ades\u00e3o.pdf\" target=\"_blank\">Termo de Ades\u00e3o &#8211; IF Baiano<\/a><\/p>\n<p class=\"inicial-titulo\" style=\"text-align: left\">Autodeclara\u00e7\u00e3o \u00c9tnico-Racial<\/p>\n<p>08\/06\/2015 &#8211; <a href=\"http:\/\/concurso.ifbaiano.edu.br\/portal\/sisu2015ed2\/wp-content\/uploads\/sites\/22\/2015\/06\/AUTO_DECLARA\u00c7\u00c3O.pdf\" target=\"_blank\">Formul\u00e1rio Autodeclara\u00e7\u00e3o \u00c9tnico-Racial <\/a><\/p>\n<p>&nbsp;<\/p>\n","protected":false},"excerpt":{"rendered":"<p>Informa\u00e7\u00f5es PROCESSO SELETIVO SiSU 2015.2 O Reitor do Instituto Federal de Educa\u00e7\u00e3o, Ci\u00eancia e Tecnologia Baiano \u2013 IF Baiano, considerando o disposto na Portaria Normativa MEC n\u00ba 21, de 5 de novembro de 2012 e no Edital n\u00ba 12, de &hellip; <a href=\"https:\/\/concurso.ifbaiano.edu.br\/portal\/sisu2015ed2\/pagina-inicial\/coluna2\/\">Continue lendo <span class=\"meta-nav\">&rarr;<\/span><\/a><\/p>\n","protected":false},"author":5,"featured_media":0,"parent":7,"menu_order":2,"comment_status":"closed","ping_status":"closed","template":"","meta":[],"_links":{"self":[{"href":"https:\/\/concurso.ifbaiano.edu.br\/portal\/sisu2015ed2\/wp-json\/wp\/v2\/pages\/9"}],"collection":[{"href":"https:\/\/concurso.ifbaiano.edu.br\/portal\/sisu2015ed2\/wp-json\/wp\/v2\/pages"}],"about":[{"href":"https:\/\/concurso.ifbaiano.edu.br\/portal\/sisu2015ed2\/wp-json\/wp\/v2\/types\/page"}],"author":[{"embeddable":true,"href":"https:\/\/concurso.ifbaiano.edu.br\/portal\/sisu2015ed2\/wp-json\/wp\/v2\/users\/5"}],"replies":[{"embeddable":true,"href":"https:\/\/concurso.ifbaiano.edu.br\/portal\/sisu2015ed2\/wp-json\/wp\/v2\/comments?post=9"}],"version-history":[{"count":36,"href":"https:\/\/concurso.ifbaiano.edu.br\/portal\/sisu2015ed2\/wp-json\/wp\/v2\/pages\/9\/revisions"}],"predecessor-version":[{"id":738,"href":"https:\/\/concurso.ifbaiano.edu.br\/portal\/sisu2015ed2\/wp-json\/wp\/v2\/pages\/9\/revisions\/738"}],"up":[{"embeddable":true,"href":"https:\/\/concurso.ifbaiano.edu.br\/portal\/sisu2015ed2\/wp-json\/wp\/v2\/pages\/7"}],"wp:attachment":[{"href":"https:\/\/concurso.ifbaiano.edu.br\/portal\/sisu2015ed2\/wp-json\/wp\/v2\/media?parent=9"}],"curies":[{"name":"wp","href":"https:\/\/api.w.org\/{rel}","templated":true}]}}