{"id":12,"date":"2011-04-18T14:47:49","date_gmt":"2011-04-18T17:47:49","guid":{"rendered":"http:\/\/www.ifbaiano.edu.br\/concursos\/portal\/discente20112\/?page_id=12"},"modified":"2015-01-19T18:50:32","modified_gmt":"2015-01-19T18:50:32","slug":"coluna1","status":"publish","type":"page","link":"https:\/\/concurso.ifbaiano.edu.br\/portal\/sisu20151\/pagina-inicial\/coluna1\/","title":{"rendered":"Coluna1 &#8211; O Processo Seletivo"},"content":{"rendered":"<p>O Processo Seletivo<\/p>\n<p style=\"text-align: justify\">O Reitor do <strong>Instituto Federal de Educa\u00e7\u00e3o, Ci\u00eancia e Tecnologia Baiano<\/strong>, considerando o disposto na Portaria Normativa MEC n\u00ba 21, de 5 de novembro de 2012, torna p\u00fablico que a sele\u00e7\u00e3o de estudantes para provimento de vagas nos cursos de gradua\u00e7\u00e3o ofertadas pelo Instituto Federal de Educa\u00e7\u00e3o Ci\u00eancia e Tecnologia Baiano, para ingresso no 1\u00ba semestre de 2015, utilizar\u00e1 o Sistema de Sele\u00e7\u00e3o Unificada (SiSU).<\/p>\n<p class=\"inicial-titulo\">\u00a0<strong>Das Vagas<\/strong><\/p>\n<table border=\"0\" cellspacing=\"0\" cellpadding=\"0\">\n<tbody>\n<tr>\n<td width=\"45\">\n<p align=\"center\"><b>CAMPUS<\/b><\/p>\n<\/td>\n<td width=\"48\">\n<p align=\"center\"><b>CURSO<\/b><\/p>\n<\/td>\n<td width=\"36\">\n<p align=\"center\"><b>TOTAL<\/b><\/p>\n<\/td>\n<\/tr>\n<tr>\n<td width=\"45\">Campus Catu<\/td>\n<td width=\"48\">An\u00e1lise e Des. Sistemas -Tecnol\u00f3gico<\/td>\n<td width=\"36\">\n<p align=\"center\">30<\/p>\n<\/td>\n<\/tr>\n<tr>\n<td width=\"45\">Campus Catu<\/td>\n<td width=\"48\">Qu\u00edmica &#8211; Licenciatura<\/td>\n<td width=\"36\">\n<p align=\"center\">40<\/p>\n<\/td>\n<\/tr>\n<tr>\n<td width=\"45\">Campus Guanambi<\/td>\n<td width=\"48\">Agroind\u00fastria &#8211; Tecnol\u00f3gico<\/td>\n<td width=\"36\">\n<p align=\"center\">40<\/p>\n<\/td>\n<\/tr>\n<tr>\n<td width=\"45\">Campus Guanambi<\/td>\n<td width=\"48\">Agronomia &#8211; Bacharelado<\/td>\n<td width=\"36\">\n<p align=\"center\">40<\/p>\n<\/td>\n<\/tr>\n<tr>\n<td width=\"45\">Campus Guanambi<\/td>\n<td width=\"48\">An\u00e1lise e Desenvolvimento de Sistemas &#8211; Tecnol\u00f3gico<\/td>\n<td width=\"36\">\n<p align=\"center\">\u00a030<\/p>\n<\/td>\n<\/tr>\n<tr>\n<td width=\"45\">Campus Guanambi<\/td>\n<td width=\"48\">Licenciatura em Qu\u00edmica<\/td>\n<td width=\"36\">\n<p align=\"center\">40<\/p>\n<\/td>\n<\/tr>\n<tr>\n<td width=\"45\">Campus Senhor do Bonfim<\/td>\n<td width=\"48\">Ci\u00eancias Agr\u00e1rias &#8211; Licenciatura<\/td>\n<td width=\"36\">\n<p align=\"center\">40<\/p>\n<\/td>\n<\/tr>\n<tr>\n<td width=\"45\">Campus Senhor do Bonfim<\/td>\n<td width=\"48\">Ci\u00eancias da Computa\u00e7\u00e3o &#8211; Licenciatura<\/td>\n<td width=\"36\">\n<p align=\"center\">40<\/p>\n<\/td>\n<\/tr>\n<tr>\n<td width=\"45\">Campus Uru\u00e7uca<\/td>\n<td width=\"48\">Agroecologia &#8211; Tecnol\u00f3gico<\/td>\n<td width=\"36\">\n<p align=\"center\">30<\/p>\n<\/td>\n<\/tr>\n<tr>\n<td width=\"45\">Campus Uru\u00e7uca<\/td>\n<td width=\"48\">Gest\u00e3o de Turismo &#8211; Tecnol\u00f3gico<\/td>\n<td width=\"36\">\n<p align=\"center\">40<\/p>\n<\/td>\n<\/tr>\n<tr>\n<td colspan=\"2\" width=\"93\">\n<p align=\"center\">TOTAL<\/p>\n<\/td>\n<td width=\"36\">\n<p align=\"center\">340<\/p>\n<\/td>\n<\/tr>\n<\/tbody>\n<\/table>\n","protected":false},"excerpt":{"rendered":"<p>O Processo Seletivo O Reitor do Instituto Federal de Educa\u00e7\u00e3o, Ci\u00eancia e Tecnologia Baiano, considerando o disposto na Portaria Normativa MEC n\u00ba 21, de 5 de novembro de 2012, torna p\u00fablico que a sele\u00e7\u00e3o de estudantes para provimento de vagas &hellip; <a href=\"https:\/\/concurso.ifbaiano.edu.br\/portal\/sisu20151\/pagina-inicial\/coluna1\/\">Continue lendo <span class=\"meta-nav\">&rarr;<\/span><\/a><\/p>\n","protected":false},"author":5,"featured_media":0,"parent":7,"menu_order":1,"comment_status":"closed","ping_status":"closed","template":"","meta":[],"_links":{"self":[{"href":"https:\/\/concurso.ifbaiano.edu.br\/portal\/sisu20151\/wp-json\/wp\/v2\/pages\/12"}],"collection":[{"href":"https:\/\/concurso.ifbaiano.edu.br\/portal\/sisu20151\/wp-json\/wp\/v2\/pages"}],"about":[{"href":"https:\/\/concurso.ifbaiano.edu.br\/portal\/sisu20151\/wp-json\/wp\/v2\/types\/page"}],"author":[{"embeddable":true,"href":"https:\/\/concurso.ifbaiano.edu.br\/portal\/sisu20151\/wp-json\/wp\/v2\/users\/5"}],"replies":[{"embeddable":true,"href":"https:\/\/concurso.ifbaiano.edu.br\/portal\/sisu20151\/wp-json\/wp\/v2\/comments?post=12"}],"version-history":[{"count":12,"href":"https:\/\/concurso.ifbaiano.edu.br\/portal\/sisu20151\/wp-json\/wp\/v2\/pages\/12\/revisions"}],"predecessor-version":[{"id":735,"href":"https:\/\/concurso.ifbaiano.edu.br\/portal\/sisu20151\/wp-json\/wp\/v2\/pages\/12\/revisions\/735"}],"up":[{"embeddable":true,"href":"https:\/\/concurso.ifbaiano.edu.br\/portal\/sisu20151\/wp-json\/wp\/v2\/pages\/7"}],"wp:attachment":[{"href":"https:\/\/concurso.ifbaiano.edu.br\/portal\/sisu20151\/wp-json\/wp\/v2\/media?parent=12"}],"curies":[{"name":"wp","href":"https:\/\/api.w.org\/{rel}","templated":true}]}}