{"id":9,"date":"2011-04-18T14:47:01","date_gmt":"2011-04-18T17:47:01","guid":{"rendered":"http:\/\/www.ifbaiano.edu.br\/concursos\/portal\/discente20112\/?page_id=9"},"modified":"2013-09-02T17:44:42","modified_gmt":"2013-09-02T20:44:42","slug":"coluna2","status":"publish","type":"page","link":"https:\/\/concurso.ifbaiano.edu.br\/portal\/sisu20132\/pagina-inicial\/coluna2\/","title":{"rendered":"Coluna2 &#8211; Informa\u00e7\u00f5es"},"content":{"rendered":"<p class=\"inicial-titulo\" style=\"text-align: left\">Informa\u00e7\u00f5es<\/p>\n<p>02\/09\/2013 &#8211; <a href=\"http:\/\/concurso.ifbaiano.edu.br\/portal\/sisu20132\/wp-content\/uploads\/sites\/3\/2013\/09\/Segunda-chamada-lista-de-Espera-santa-ines.pdf\" target=\"_blank\">Edital N\u00ba 07\/2013 &#8211;  Segunda Chamada Lista de Espera Campus Santa In\u00eas<span style=\"color: #ff0000\"> (NOVO)<\/span><\/strong><\/a><\/br><\/br><\/p>\n<p>09\/08\/2013 &#8211; <a href=\"http:\/\/concurso.ifbaiano.edu.br\/portal\/sisu20132\/wp-content\/uploads\/sites\/3\/2011\/04\/Segunda-chamada-lista-de-Espera-Urucuca.pdf\" target=\"_blank\">Edital N\u00ba 07\/2013 &#8211;  Segunda Chamada Lista de Espera Campus Uru\u00e7uca<span style=\"color: #ff0000\"> (NOVO)<\/span><\/strong><\/a><\/br><\/br><\/p>\n<p>24\/07\/2013 &#8211; <a href=\"http:\/\/concurso.ifbaiano.edu.br\/portal\/sisu20132\/wp-content\/uploads\/sites\/3\/2013\/07\/Edital-n-85-Lista-Espera-SiSU-2-2013.pdf\" target=\"_blank\">Edital N\u00ba 95 &#8211; Lista de Espera<span style=\"color: #ff0000\"> (NOVO)<\/span><\/strong><\/a><\/br><\/br><\/p>\n<p>10\/06\/2013 &#8211; <a href=\"http:\/\/concurso.ifbaiano.edu.br\/portal\/sisu20132\/wp-content\/uploads\/sites\/3\/2013\/06\/edital-5-cronograma-e-demais-procedimentos.pdf\" target=\"_blank\">Edital N\u00ba 05 SiSU &#8211; Estabelece o Cronograma e demais Procedimentos &#8211; Edi\u00e7\u00e3o 2\/2013<span style=\"color: #ff0000\"><\/span><\/strong><\/a><\/br><\/br><\/p>\n<p>10\/06\/2013 &#8211; <a href=\"http:\/\/concurso.ifbaiano.edu.br\/portal\/sisu20132\/wp-content\/uploads\/sites\/3\/2013\/06\/autodeclaracao-etnico-racial.pdf\" target=\"_blank\">Formul\u00e1rio Autodeclara\u00e7\u00e3o \u00c9tnico-Racial<span style=\"color: #ff0000\"><\/span><\/strong> <\/a><\/br><\/br><\/p>\n<p>10\/06\/2013 &#8211; <a href=\"http:\/\/concurso.ifbaiano.edu.br\/portal\/sisu20132\/wp-content\/uploads\/sites\/3\/2013\/06\/Edital-Interno-65-IF-Baiano-SiSU.pdf\" target=\"_blank\">Edital N\u00ba 65\/2013 &#8211; IF Baiano<span style=\"color: #ff0000\"><\/span><\/strong> <\/a><\/br><\/br><\/p>\n<p>10\/06\/2013 &#8211; <a href=\"http:\/\/concurso.ifbaiano.edu.br\/portal\/sisu20132\/wp-content\/uploads\/sites\/3\/2013\/06\/termo-adesao-2-2013.pdf\" target=\"_blank\">Termo de Ades\u00e3o &#8211; IF Baiano<span style=\"color: #ff0000\"><\/span><\/strong><\/a><\/br><\/br><\/p>\n","protected":false},"excerpt":{"rendered":"<p>Informa\u00e7\u00f5es 02\/09\/2013 &#8211; Edital N\u00ba 07\/2013 &#8211; Segunda Chamada Lista de Espera Campus Santa In\u00eas (NOVO) 09\/08\/2013 &#8211; Edital N\u00ba 07\/2013 &#8211; Segunda Chamada Lista de Espera Campus Uru\u00e7uca (NOVO) 24\/07\/2013 &#8211; Edital N\u00ba 95 &#8211; Lista de Espera (NOVO) &hellip; <a href=\"https:\/\/concurso.ifbaiano.edu.br\/portal\/sisu20132\/pagina-inicial\/coluna2\/\">Continue lendo <span class=\"meta-nav\">&rarr;<\/span><\/a><\/p>\n","protected":false},"author":1,"featured_media":0,"parent":7,"menu_order":2,"comment_status":"closed","ping_status":"closed","template":"","meta":[],"_links":{"self":[{"href":"https:\/\/concurso.ifbaiano.edu.br\/portal\/sisu20132\/wp-json\/wp\/v2\/pages\/9"}],"collection":[{"href":"https:\/\/concurso.ifbaiano.edu.br\/portal\/sisu20132\/wp-json\/wp\/v2\/pages"}],"about":[{"href":"https:\/\/concurso.ifbaiano.edu.br\/portal\/sisu20132\/wp-json\/wp\/v2\/types\/page"}],"author":[{"embeddable":true,"href":"https:\/\/concurso.ifbaiano.edu.br\/portal\/sisu20132\/wp-json\/wp\/v2\/users\/1"}],"replies":[{"embeddable":true,"href":"https:\/\/concurso.ifbaiano.edu.br\/portal\/sisu20132\/wp-json\/wp\/v2\/comments?post=9"}],"version-history":[{"count":12,"href":"https:\/\/concurso.ifbaiano.edu.br\/portal\/sisu20132\/wp-json\/wp\/v2\/pages\/9\/revisions"}],"predecessor-version":[{"id":648,"href":"https:\/\/concurso.ifbaiano.edu.br\/portal\/sisu20132\/wp-json\/wp\/v2\/pages\/9\/revisions\/648"}],"up":[{"embeddable":true,"href":"https:\/\/concurso.ifbaiano.edu.br\/portal\/sisu20132\/wp-json\/wp\/v2\/pages\/7"}],"wp:attachment":[{"href":"https:\/\/concurso.ifbaiano.edu.br\/portal\/sisu20132\/wp-json\/wp\/v2\/media?parent=9"}],"curies":[{"name":"wp","href":"https:\/\/api.w.org\/{rel}","templated":true}]}}