{"id":12,"date":"2016-06-03T12:20:37","date_gmt":"2016-06-03T12:20:37","guid":{"rendered":"http:\/\/concurso.ifbaiano.edu.br\/portal\/remocao20161\/?page_id=12"},"modified":"2016-06-21T12:22:48","modified_gmt":"2016-06-21T12:22:48","slug":"coluna1-o-processo-seletivo","status":"publish","type":"page","link":"https:\/\/concurso.ifbaiano.edu.br\/portal\/remocao20161\/pagina-inicial\/coluna1-o-processo-seletivo\/","title":{"rendered":"Coluna1 \u2013 O Processo Seletivo"},"content":{"rendered":"<p><strong>O Processo Seletivo<\/strong><\/p>\n<p>O REITOR DO INSTITUTO FEDERAL DE EDUCA\u00c7\u00c3O, CI\u00caNCIA E TECNOLOGIA<br \/>\nBAIANO, no uso da compet\u00eancia delegada pelo Decreto de 13 de mar\u00e7o de 2014, publicado no D.O.U. de 14 de mar\u00e7o de 2014, Se\u00e7\u00e3o 2, p\u00e1gina 1, visando atender aos termos do art. 36, par\u00e1grafo \u00fanico, inciso III, al\u00ednea c, da Lei n\u00ba 8.112, de 11\/12\/1990, e a Resolu\u00e7\u00e3o n\u00ba 18, de 14 de outubro de 2014,aprovada \u201cad referendum\u201d, ratificada pela Resolu\u00e7\u00e3o n\u00ba 38, de 16 de dezembro de 2014, alterada pela Resolu\u00e7\u00e3o n\u00ba 28, de 24 de novembro de 2015, pelo Presidente do Conselho Superior (CONSUP) do IF Baiano, torna p\u00fablico a abertura do processo seletivo de remo\u00e7\u00e3o, a pedido, de servidores(as) ocupantes de cargo efetivo de T\u00e9cnico-Administrativo em Educa\u00e7\u00e3o no \u00e2mbito deste Instituto. <\/P><\/p>\n<p><strong>CRONOGRAMA<\/strong><\/p>\n<table border=\"0\" cellspacing=\"0\" cellpadding=\"0\">\n<tbody>\n<tr>\n<td width=\"45\">\n<p align=\"center\"><b>ATIVIDADE<\/b><\/p>\n<\/td>\n<td width=\"48\">\n<p align=\"center\"><b>DATA\/PER\u00cdODO<\/b><\/p>\n<\/td>\n<\/tr>\n<tr>\n<td width=\"45\">PUBLICA\u00c7\u00c3O DO EDITAL<\/td>\n<td width=\"48\">03\/06\/2016<\/td>\n<\/tr>\n<tr>\n<td width=\"45\">RECURSO DA PUBLICA\u00c7\u00c3O DO EDITAL<\/td>\n<td width=\"48\">06 E 07\/06\/2016<\/td>\n<\/tr>\n<tr>\n<td width=\"45\">AN\u00c1LISE DOS RECURSOS<\/td>\n<td width=\"48\">\u00a008 E 09\/06\/2016<\/td>\n<\/tr>\n<tr>\n<td width=\"45\">RESULTADO DA AN\u00c1LISE DOS RECURSOS<\/td>\n<td width=\"48\">\u00a009\/06\/2016, a partir das 17 horas<\/td>\n<\/tr>\n<tr>\n<td width=\"45\">\u00a0PER\u00cdODO DE INSCRI\u00c7\u00c3O<\/td>\n<td width=\"48\">\u00a009\/06\/2016(a partir das 17 horas) a 14\/06\/2016<\/td>\n<\/tr>\n<tr>\n<td width=\"45\">\u00a0HOMOLOGA\u00c7\u00c3O DAS INSCRI\u00c7\u00d5ES<\/td>\n<td width=\"48\">\u00a015\/06\/2016 a 21\/06\/2016<\/td>\n<\/tr>\n<tr>\n<td width=\"45\">\u00a0RESULTADO PRELIMINAR<\/td>\n<td width=\"48\">\u00a021\/06\/2016, a partir das 17 horas<\/td>\n<\/tr>\n<tr>\n<td width=\"45\">\u00a0INTERPOSI\u00c7\u00c3O DE RECURSOS<\/td>\n<td width=\"48\">\u00a022 e 23\/06\/2016<\/td>\n<\/tr>\n<tr>\n<td width=\"45\">\u00a0AN\u00c1LISE DOS RECURSOS<\/td>\n<td width=\"48\">\u00a027 e 28\/06\/2016<\/td>\n<\/tr>\n<tr>\n<td width=\"45\">\u00a0RESULTADO DA AN\u00c1LISE DOS RECURSOS<\/td>\n<td width=\"48\">\u00a028\/06\/2016<\/td>\n<\/tr>\n<tr>\n<td width=\"45\">\u00a0HOMOLOGA\u00c7\u00c3O DO RESULTADO FINAL<\/td>\n<td width=\"48\">\u00a028\/06\/2016<\/td>\n<\/tr>\n<tr>\n<td width=\"45\"><\/td>\n<td width=\"48\"><\/td>\n<\/tr>\n<\/tbody>\n<\/table>\n","protected":false},"excerpt":{"rendered":"<p>O Processo Seletivo O REITOR DO INSTITUTO FEDERAL DE EDUCA\u00c7\u00c3O, CI\u00caNCIA E TECNOLOGIA BAIANO, no uso da compet\u00eancia delegada pelo Decreto de 13 de mar\u00e7o de 2014, publicado no D.O.U. de 14 de mar\u00e7o de 2014, Se\u00e7\u00e3o 2, p\u00e1gina 1, &hellip; <a href=\"https:\/\/concurso.ifbaiano.edu.br\/portal\/remocao20161\/pagina-inicial\/coluna1-o-processo-seletivo\/\">Continue lendo <span class=\"meta-nav\">&rarr;<\/span><\/a><\/p>\n","protected":false},"author":31,"featured_media":0,"parent":8,"menu_order":1,"comment_status":"closed","ping_status":"closed","template":"","meta":[],"_links":{"self":[{"href":"https:\/\/concurso.ifbaiano.edu.br\/portal\/remocao20161\/wp-json\/wp\/v2\/pages\/12"}],"collection":[{"href":"https:\/\/concurso.ifbaiano.edu.br\/portal\/remocao20161\/wp-json\/wp\/v2\/pages"}],"about":[{"href":"https:\/\/concurso.ifbaiano.edu.br\/portal\/remocao20161\/wp-json\/wp\/v2\/types\/page"}],"author":[{"embeddable":true,"href":"https:\/\/concurso.ifbaiano.edu.br\/portal\/remocao20161\/wp-json\/wp\/v2\/users\/31"}],"replies":[{"embeddable":true,"href":"https:\/\/concurso.ifbaiano.edu.br\/portal\/remocao20161\/wp-json\/wp\/v2\/comments?post=12"}],"version-history":[{"count":12,"href":"https:\/\/concurso.ifbaiano.edu.br\/portal\/remocao20161\/wp-json\/wp\/v2\/pages\/12\/revisions"}],"predecessor-version":[{"id":28,"href":"https:\/\/concurso.ifbaiano.edu.br\/portal\/remocao20161\/wp-json\/wp\/v2\/pages\/12\/revisions\/28"}],"up":[{"embeddable":true,"href":"https:\/\/concurso.ifbaiano.edu.br\/portal\/remocao20161\/wp-json\/wp\/v2\/pages\/8"}],"wp:attachment":[{"href":"https:\/\/concurso.ifbaiano.edu.br\/portal\/remocao20161\/wp-json\/wp\/v2\/media?parent=12"}],"curies":[{"name":"wp","href":"https:\/\/api.w.org\/{rel}","templated":true}]}}