{"id":11,"date":"2015-11-20T18:42:05","date_gmt":"2015-11-20T18:42:05","guid":{"rendered":"http:\/\/concurso.ifbaiano.edu.br\/portal\/pronatec-simplificado-20152\/?page_id=11"},"modified":"2015-12-18T16:59:56","modified_gmt":"2015-12-18T16:59:56","slug":"coluna-2-informacoes","status":"publish","type":"page","link":"https:\/\/concurso.ifbaiano.edu.br\/portal\/pronatec-simplificado-20152\/pagina-inicial\/coluna-2-informacoes\/","title":{"rendered":"Coluna 2 &#8211; Informa\u00e7\u00f5es"},"content":{"rendered":"<p class=\"inicial-titulo\" style=\"text-align: left\">Publica\u00e7\u00f5es<\/p>\n<p>18\/12\/2015 <a href=\"http:\/\/concurso.ifbaiano.edu.br\/portal\/pronatec-simplificado-20152\/wp-content\/uploads\/sites\/29\/2015\/12\/Resultado-Final.pdf\" target=\"_blank\">&#8211; <\/a><a href=\"http:\/\/concurso.ifbaiano.edu.br\/portal\/pronatec-simplificado-20152\/wp-content\/uploads\/sites\/29\/2015\/12\/Convoca\u00e7\u00e3o-N\u00ba-2.pdf\" target=\"_blank\">N\u00ba2 Convoca\u00e7\u00e3o<\/a><\/p>\n<p>14\/12\/2015 <a href=\"http:\/\/concurso.ifbaiano.edu.br\/portal\/pronatec-simplificado-20152\/wp-content\/uploads\/sites\/29\/2015\/12\/Resultado-Final.pdf\" target=\"_blank\">&#8211; <\/a><a href=\"http:\/\/concurso.ifbaiano.edu.br\/portal\/pronatec-simplificado-20152\/wp-content\/uploads\/sites\/29\/2015\/12\/N1\u00ba-Convoca\u00e7\u00e3o_Edital-01_2015_Sele\u00e7\u00e3o-Apoio-e-Supervisor.pdf\" target=\"_blank\">N\u00ba1 Convoca\u00e7\u00e3o<\/a><\/p>\n<p>14\/12\/2015 <a href=\"http:\/\/concurso.ifbaiano.edu.br\/portal\/pronatec-simplificado-20152\/wp-content\/uploads\/sites\/29\/2015\/12\/Resultado-Final.pdf\" target=\"_blank\">&#8211; <\/a><a href=\"http:\/\/concurso.ifbaiano.edu.br\/portal\/pronatec-simplificado-20152\/wp-content\/uploads\/sites\/29\/2015\/12\/Resultado-Final-com-Homologa\u00e7\u00e3o.pdf\" target=\"_blank\">Homologa\u00e7\u00e3o do Resultado Final<\/a><\/p>\n<p>04\/12\/2015 <a href=\"http:\/\/concurso.ifbaiano.edu.br\/portal\/pronatec-simplificado-20152\/wp-content\/uploads\/sites\/29\/2015\/12\/Resultado-Final.pdf\" target=\"_blank\">&#8211; Resultado Final<\/a><\/p>\n<p>04\/12\/2015 <a href=\"http:\/\/concurso.ifbaiano.edu.br\/portal\/pronatec-simplificado-20152\/wp-content\/uploads\/sites\/29\/2015\/12\/Resultado-do-recuso.pdf\" target=\"_blank\">&#8211; Resultado do Recursos<\/a><\/p>\n<p>01\/12\/2015 &#8211; <a href=\"http:\/\/concurso.ifbaiano.edu.br\/portal\/pronatec-simplificado-20152\/wp-content\/uploads\/sites\/29\/2015\/12\/Resultado.pdf\" target=\"_blank\">Resultado<\/a><\/p>\n<p>30\/11\/2015 &#8211; <a href=\"http:\/\/concurso.ifbaiano.edu.br\/portal\/pronatec-simplificado-20152\/wp-content\/uploads\/sites\/29\/2015\/11\/Retifica\u00e7\u00e3o-02-Edital-Altera\u00e7\u00e3o-Subitem-14.pdf\" target=\"_blank\">Altera\u00e7\u00e3o N\u00ba 01 do Edital &#8211; Subitem 14<\/a><\/p>\n<p>24\/11\/2015 &#8211; <a href=\"http:\/\/concurso.ifbaiano.edu.br\/portal\/pronatec-simplificado-20152\/wp-content\/uploads\/sites\/29\/2015\/11\/Retifica\u00e7\u00e3o-01-Edital-Altera\u00e7\u00e3o-Subitem-2.3.pdf\" target=\"_blank\">Retifica\u00e7\u00e3o N\u00ba 01 do Edital &#8211; Altera\u00e7\u00e3o do Subitem 2.3<\/a><\/p>\n<p>20\/11\/2015 &#8211; <a href=\"http:\/\/concurso.ifbaiano.edu.br\/portal\/pronatec-simplificado-20152\/wp-content\/uploads\/sites\/29\/2015\/11\/Edital-Institucional-de-Exten\u00e7\u00e3o_Supervidor-de-Curso-e-Apoio-\u00e0s-Atividades-Acad\u00eamicas-e-Administrativas_PRONATEC_2015.pdf\" target=\"_blank\">Edital N\u00ba PRONATEC 01\/2015<\/a><\/p>\n","protected":false},"excerpt":{"rendered":"<p>Publica\u00e7\u00f5es 18\/12\/2015 &#8211; N\u00ba2 Convoca\u00e7\u00e3o 14\/12\/2015 &#8211; N\u00ba1 Convoca\u00e7\u00e3o 14\/12\/2015 &#8211; Homologa\u00e7\u00e3o do Resultado Final 04\/12\/2015 &#8211; Resultado Final 04\/12\/2015 &#8211; Resultado do Recursos 01\/12\/2015 &#8211; Resultado 30\/11\/2015 &#8211; Altera\u00e7\u00e3o N\u00ba 01 do Edital &#8211; Subitem 14 24\/11\/2015 &#8211; Retifica\u00e7\u00e3o &hellip; <a href=\"https:\/\/concurso.ifbaiano.edu.br\/portal\/pronatec-simplificado-20152\/pagina-inicial\/coluna-2-informacoes\/\">Continue lendo <span class=\"meta-nav\">&rarr;<\/span><\/a><\/p>\n","protected":false},"author":3,"featured_media":0,"parent":7,"menu_order":0,"comment_status":"closed","ping_status":"closed","template":"","meta":[],"_links":{"self":[{"href":"https:\/\/concurso.ifbaiano.edu.br\/portal\/pronatec-simplificado-20152\/wp-json\/wp\/v2\/pages\/11"}],"collection":[{"href":"https:\/\/concurso.ifbaiano.edu.br\/portal\/pronatec-simplificado-20152\/wp-json\/wp\/v2\/pages"}],"about":[{"href":"https:\/\/concurso.ifbaiano.edu.br\/portal\/pronatec-simplificado-20152\/wp-json\/wp\/v2\/types\/page"}],"author":[{"embeddable":true,"href":"https:\/\/concurso.ifbaiano.edu.br\/portal\/pronatec-simplificado-20152\/wp-json\/wp\/v2\/users\/3"}],"replies":[{"embeddable":true,"href":"https:\/\/concurso.ifbaiano.edu.br\/portal\/pronatec-simplificado-20152\/wp-json\/wp\/v2\/comments?post=11"}],"version-history":[{"count":45,"href":"https:\/\/concurso.ifbaiano.edu.br\/portal\/pronatec-simplificado-20152\/wp-json\/wp\/v2\/pages\/11\/revisions"}],"predecessor-version":[{"id":112,"href":"https:\/\/concurso.ifbaiano.edu.br\/portal\/pronatec-simplificado-20152\/wp-json\/wp\/v2\/pages\/11\/revisions\/112"}],"up":[{"embeddable":true,"href":"https:\/\/concurso.ifbaiano.edu.br\/portal\/pronatec-simplificado-20152\/wp-json\/wp\/v2\/pages\/7"}],"wp:attachment":[{"href":"https:\/\/concurso.ifbaiano.edu.br\/portal\/pronatec-simplificado-20152\/wp-json\/wp\/v2\/media?parent=11"}],"curies":[{"name":"wp","href":"https:\/\/api.w.org\/{rel}","templated":true}]}}