{"id":490,"date":"2015-03-08T21:41:31","date_gmt":"2015-03-09T00:41:31","guid":{"rendered":"http:\/\/concurso.ifbaiano.edu.br\/portal\/pronatec-simplificado-2014\/?page_id=490"},"modified":"2015-05-15T07:59:04","modified_gmt":"2015-05-15T10:59:04","slug":"colina-1-convocacao-para-investidura","status":"publish","type":"page","link":"https:\/\/concurso.ifbaiano.edu.br\/portal\/pronatec-simplificado-2014\/convocacao-para-investidura\/colina-1-convocacao-para-investidura\/","title":{"rendered":"Colina 1 &#8211; Convocacao para Investidura"},"content":{"rendered":"<p>Bom Jesus da Lapa<\/p>\n<ul>\n<li><span style=\"line-height: 11px\">\u00a0<\/span><\/li>\n<li><\/li>\n<\/ul>\n<p>Catu<\/p>\n<ul>\n<li><span style=\"line-height: 11px\">\u00a0<\/span><\/li>\n<li><\/li>\n<\/ul>\n<p>Governador Mangabeira<\/p>\n<ul>\n<li><span style=\"line-height: 11px\">\u00a0<\/span><\/li>\n<li><\/li>\n<\/ul>\n<p>Guanambi<\/p>\n<ul>\n<li><span style=\"line-height: 11px\">\u00a0<\/span><\/li>\n<li><\/li>\n<\/ul>\n<p>Itapetinga<\/p>\n<ul>\n<li><\/li>\n<li><a href=\"http:\/\/concurso.ifbaiano.edu.br\/portal\/pronatec-simplificado-2014\/wp-content\/uploads\/sites\/16\/2015\/03\/1-\u00ba-Convoca\u00e7\u00e3o-Pronatec-do-Campus-Uru\u00e7uca.pdf\">\u00a0<\/a><\/li>\n<li>26\/03\/2015 &#8211;\u00a0<a href=\"http:\/\/concurso.ifbaiano.edu.br\/portal\/pronatec-simplificado-2014\/wp-content\/uploads\/sites\/16\/2015\/03\/1-\u00ba-Convoca\u00e7\u00e3o-Pronatec-do-Campus-Itapetinga.pdf\">1 \u00ba Convoca\u00e7\u00e3o Pronatec do Campus Itapetinga<\/a><\/li>\n<li>15\/05\/2015 &#8211;\u00a0<a href=\"http:\/\/concurso.ifbaiano.edu.br\/portal\/pronatec-simplificado-2014\/wp-content\/uploads\/sites\/16\/2015\/05\/2\u00b0-Convoca\u00e7\u00e3o-Pronatec-do-Campus-Itapetinga.pdf\">2\u00b0 Convoca\u00e7\u00e3o Pronatec do Campus Itapetinga<\/a><a href=\"http:\/\/concurso.ifbaiano.edu.br\/portal\/pronatec-simplificado-2014\/wp-content\/uploads\/sites\/16\/2015\/03\/1-\u00ba-Convoca\u00e7\u00e3o-Pronatec-do-Campus-Itapetinga.pdf\"><br \/>\n<\/a><\/li>\n<\/ul>\n<p>&nbsp;<\/p>\n","protected":false},"excerpt":{"rendered":"<p>Bom Jesus da Lapa \u00a0 Catu \u00a0 Governador Mangabeira \u00a0 Guanambi \u00a0 Itapetinga \u00a0 26\/03\/2015 &#8211;\u00a01 \u00ba Convoca\u00e7\u00e3o Pronatec do Campus Itapetinga 15\/05\/2015 &#8211;\u00a02\u00b0 Convoca\u00e7\u00e3o Pronatec do Campus Itapetinga &nbsp;<\/p>\n","protected":false},"author":17,"featured_media":0,"parent":435,"menu_order":1,"comment_status":"closed","ping_status":"closed","template":"","meta":[],"_links":{"self":[{"href":"https:\/\/concurso.ifbaiano.edu.br\/portal\/pronatec-simplificado-2014\/wp-json\/wp\/v2\/pages\/490"}],"collection":[{"href":"https:\/\/concurso.ifbaiano.edu.br\/portal\/pronatec-simplificado-2014\/wp-json\/wp\/v2\/pages"}],"about":[{"href":"https:\/\/concurso.ifbaiano.edu.br\/portal\/pronatec-simplificado-2014\/wp-json\/wp\/v2\/types\/page"}],"author":[{"embeddable":true,"href":"https:\/\/concurso.ifbaiano.edu.br\/portal\/pronatec-simplificado-2014\/wp-json\/wp\/v2\/users\/17"}],"replies":[{"embeddable":true,"href":"https:\/\/concurso.ifbaiano.edu.br\/portal\/pronatec-simplificado-2014\/wp-json\/wp\/v2\/comments?post=490"}],"version-history":[{"count":49,"href":"https:\/\/concurso.ifbaiano.edu.br\/portal\/pronatec-simplificado-2014\/wp-json\/wp\/v2\/pages\/490\/revisions"}],"predecessor-version":[{"id":493,"href":"https:\/\/concurso.ifbaiano.edu.br\/portal\/pronatec-simplificado-2014\/wp-json\/wp\/v2\/pages\/490\/revisions\/493"}],"up":[{"embeddable":true,"href":"https:\/\/concurso.ifbaiano.edu.br\/portal\/pronatec-simplificado-2014\/wp-json\/wp\/v2\/pages\/435"}],"wp:attachment":[{"href":"https:\/\/concurso.ifbaiano.edu.br\/portal\/pronatec-simplificado-2014\/wp-json\/wp\/v2\/media?parent=490"}],"curies":[{"name":"wp","href":"https:\/\/api.w.org\/{rel}","templated":true}]}}