{"id":10,"date":"2011-04-18T14:47:01","date_gmt":"2011-04-18T17:47:01","guid":{"rendered":"http:\/\/www.ifbaiano.edu.br\/portal\/discente20112\/?page_id=9"},"modified":"2015-10-19T17:02:15","modified_gmt":"2015-10-19T20:02:15","slug":"coluna2","status":"publish","type":"page","link":"https:\/\/concurso.ifbaiano.edu.br\/portal\/pronatec-simplificado-2014\/pagina-inicial\/coluna2\/","title":{"rendered":"Coluna 2 &#8211; Informa\u00e7\u00f5es"},"content":{"rendered":"<p class=\"inicial-titulo\" style=\"text-align: left\">Publica\u00e7\u00f5es<\/p>\n<p>19\/10\/2015 <a href=\"http:\/\/concurso.ifbaiano.edu.br\/portal\/pronatec-simplificado-2014\/convocacao-para-investidura\/\">&#8211; Convoca\u00e7\u00e3o N\u00ba 03\/2015<\/a>\n<\/p>\n<p>09\/10\/2015 &#8211; <a href=\"http:\/\/concurso.ifbaiano.edu.br\/portal\/pronatec-simplificado-2014\/wp-content\/uploads\/sites\/16\/2015\/10\/Convoca\u00e7\u00e3o-para-apresenta\u00e7\u00e3o-documenta\u00e7\u00e3o-comprobat\u00f3ria_n\u00ba-02_2015_Edital+53_2014.pdf\" target=\"_blank\">Convoca\u00e7\u00e3o\u00a0\u00a0n\u00ba 02\/2015<\/a>\n<\/p>\n<p>22\/02\/2015 &#8211; <a href=\"http:\/\/concurso.ifbaiano.edu.br\/portal\/pronatec-simplificado-2014\/wp-content\/uploads\/sites\/16\/2015\/01\/Convoca\u00e7\u00e3o_n01_2015.pdf\">Convoca\u00e7\u00e3o n\u00ba 01\/2015<br \/>\n<\/a>\n<\/p>\n<p>30\/12\/2014 &#8211; <a href=\"http:\/\/concurso.ifbaiano.edu.br\/portal\/pronatec-simplificado-2014\/wp-content\/uploads\/sites\/16\/2014\/12\/IFBAIANOResultadoFinalPosRecursoSelecaoProfessorExternoEdital532014.pdf\">Resultado Final (p\u00f3s-recurso)<br \/>\n<\/a>\n<\/p>\n<p>30\/12\/2014 &#8211; <a href=\"http:\/\/concurso.ifbaiano.edu.br\/portal\/pronatec-simplificado-2014\/wp-content\/uploads\/sites\/16\/2014\/12\/IFBAIANOSelecaoExternaProfessorPRONATECEdital532014ResultadoRecursos.pdf\">Resultado dos Recursos<br \/>\n<\/a>\n<\/p>\n<p>23\/12\/2014 &#8211;\u00a0<a href=\"http:\/\/concurso.ifbaiano.edu.br\/portal\/pronatec-simplificado-2014\/wp-content\/uploads\/sites\/16\/2014\/12\/Concurso-Bolsista-Pronatec-Edital-53-2014.pdf\">Resultado das Inscri\u00e7\u00f5es<br \/>\n<\/a>\n<\/p>\n<p>15\/12\/2014 &#8211;\u00a0<a href=\"http:\/\/concurso.ifbaiano.edu.br\/portal\/pronatec-simplificado-2014\/wp-content\/uploads\/sites\/16\/2014\/12\/Retifica\u00e7\u00e3o01Edital532014SelecaoExternaProfessorPronatec.pdf\" target=\"_blank\">Retifica\u00e7\u00e3o 01 do Edital 53\/2014<\/a>\n<\/p>\n<p>26\/11\/2014 &#8211;\u00a0<a href=\"http:\/\/concurso.ifbaiano.edu.br\/portal\/pronatec-simplificado-2014\/wp-content\/uploads\/sites\/16\/2014\/11\/EDITAL_53_2014-SELECAO_PUBLICA-SIMPLIFICADA_PRONATEC.pdf\" target=\"_blank\">EDITAL 53\/2014 &#8211; SELE\u00c7\u00c3O P\u00daBLICA SIMPLIFICADA PRONATEC<\/a><\/p>\n","protected":false},"excerpt":{"rendered":"<p>Publica\u00e7\u00f5es 19\/10\/2015 &#8211; Convoca\u00e7\u00e3o N\u00ba 03\/2015 09\/10\/2015 &#8211; Convoca\u00e7\u00e3o\u00a0\u00a0n\u00ba 02\/2015 22\/02\/2015 &#8211; Convoca\u00e7\u00e3o n\u00ba 01\/2015 30\/12\/2014 &#8211; Resultado Final (p\u00f3s-recurso) 30\/12\/2014 &#8211; Resultado dos Recursos 23\/12\/2014 &#8211;\u00a0Resultado das Inscri\u00e7\u00f5es 15\/12\/2014 &#8211;\u00a0Retifica\u00e7\u00e3o 01 do Edital 53\/2014 26\/11\/2014 &#8211;\u00a0EDITAL 53\/2014 &#8211; SELE\u00c7\u00c3O &hellip; <a href=\"https:\/\/concurso.ifbaiano.edu.br\/portal\/pronatec-simplificado-2014\/pagina-inicial\/coluna2\/\">Continue lendo <span class=\"meta-nav\">&rarr;<\/span><\/a><\/p>\n","protected":false},"author":5,"featured_media":0,"parent":9,"menu_order":2,"comment_status":"closed","ping_status":"closed","template":"","meta":[],"_links":{"self":[{"href":"https:\/\/concurso.ifbaiano.edu.br\/portal\/pronatec-simplificado-2014\/wp-json\/wp\/v2\/pages\/10"}],"collection":[{"href":"https:\/\/concurso.ifbaiano.edu.br\/portal\/pronatec-simplificado-2014\/wp-json\/wp\/v2\/pages"}],"about":[{"href":"https:\/\/concurso.ifbaiano.edu.br\/portal\/pronatec-simplificado-2014\/wp-json\/wp\/v2\/types\/page"}],"author":[{"embeddable":true,"href":"https:\/\/concurso.ifbaiano.edu.br\/portal\/pronatec-simplificado-2014\/wp-json\/wp\/v2\/users\/5"}],"replies":[{"embeddable":true,"href":"https:\/\/concurso.ifbaiano.edu.br\/portal\/pronatec-simplificado-2014\/wp-json\/wp\/v2\/comments?post=10"}],"version-history":[{"count":45,"href":"https:\/\/concurso.ifbaiano.edu.br\/portal\/pronatec-simplificado-2014\/wp-json\/wp\/v2\/pages\/10\/revisions"}],"predecessor-version":[{"id":618,"href":"https:\/\/concurso.ifbaiano.edu.br\/portal\/pronatec-simplificado-2014\/wp-json\/wp\/v2\/pages\/10\/revisions\/618"}],"up":[{"embeddable":true,"href":"https:\/\/concurso.ifbaiano.edu.br\/portal\/pronatec-simplificado-2014\/wp-json\/wp\/v2\/pages\/9"}],"wp:attachment":[{"href":"https:\/\/concurso.ifbaiano.edu.br\/portal\/pronatec-simplificado-2014\/wp-json\/wp\/v2\/media?parent=10"}],"curies":[{"name":"wp","href":"https:\/\/api.w.org\/{rel}","templated":true}]}}