{"id":7,"date":"2016-10-24T11:32:43","date_gmt":"2016-10-24T13:32:43","guid":{"rendered":"http:\/\/concurso.ifbaiano.edu.br\/portal\/professor-substituto-campus-governador-mangabeira\/?page_id=7"},"modified":"2016-10-24T12:14:48","modified_gmt":"2016-10-24T14:14:48","slug":"homologacao","status":"publish","type":"page","link":"https:\/\/concurso.ifbaiano.edu.br\/portal\/professor-substituto-campus-governador-mangabeira\/pagina-inicial\/homologacao\/","title":{"rendered":"Homologa\u00e7\u00e3o"},"content":{"rendered":"<h3>Processo Seletivo<\/h3>\n<p>EDITAL N\u00ba 96 DE 13 DE OUTUBRO DE 2016<\/p>\n<div style=\"height: 8px\"><\/div>\n<p>PROCESSO SELETIVO SIMPLIFICADO PARA CONTRATA\u00c7\u00c3O DE PROFESSOR SUBSTITUTO<\/p>\n<p style=\"text-align: justify\">O Reitor do Instituto Federal de Educa\u00e7\u00e3o, Ci\u00eancia e Tecnologia Baiano, no uso de suas atribui\u00e7\u00f5es legais, e de acordo com o disposto no artigo 37, inciso IX da Constitui\u00e7\u00e3o Federal, dos preceitos espec\u00edficos da Lei n\u00ba 8.745, de 09.12.93 (DOU de 10\/12\/93) com suas altera\u00e7\u00f5es posteriores e do disposto no artigo 07, inciso II do Decreto n\u00ba 7.312, de 22.09.10 (DOU de 23\/09\/10) e para atender a necessidade tempor\u00e1ria de interesse do Campus Governador Mangabeira, torna p\u00fablica a realiza\u00e7\u00e3o de Processo Seletivo Simplificado, objetivando a contrata\u00e7\u00e3o de Professor Substituto, conforme as condi\u00e7\u00f5es estabelecidas no Edital.<\/p>\n<div style=\"height: 8px\"><\/div>\n<p>VAGAS: L\u00edngua Portuguesa\/Ingl\u00eas (1 vaga) 40h<\/p>\n<div style=\"height: 8px\"><\/div>\n<p>PER\u00cdODO DE INSCRI\u00c7\u00d5ES: 19\/10\/2016 a 30\/10\/2016<\/p>\n","protected":false},"excerpt":{"rendered":"<p>Processo Seletivo EDITAL N\u00ba 96 DE 13 DE OUTUBRO DE 2016 PROCESSO SELETIVO SIMPLIFICADO PARA CONTRATA\u00c7\u00c3O DE PROFESSOR SUBSTITUTO O Reitor do Instituto Federal de Educa\u00e7\u00e3o, Ci\u00eancia e Tecnologia Baiano, no uso de suas atribui\u00e7\u00f5es legais, e de acordo com &hellip; <a href=\"https:\/\/concurso.ifbaiano.edu.br\/portal\/professor-substituto-campus-governador-mangabeira\/pagina-inicial\/homologacao\/\">Continue lendo <span class=\"meta-nav\">&rarr;<\/span><\/a><\/p>\n","protected":false},"author":30,"featured_media":0,"parent":5,"menu_order":1,"comment_status":"closed","ping_status":"closed","template":"","meta":[],"_links":{"self":[{"href":"https:\/\/concurso.ifbaiano.edu.br\/portal\/professor-substituto-campus-governador-mangabeira\/wp-json\/wp\/v2\/pages\/7"}],"collection":[{"href":"https:\/\/concurso.ifbaiano.edu.br\/portal\/professor-substituto-campus-governador-mangabeira\/wp-json\/wp\/v2\/pages"}],"about":[{"href":"https:\/\/concurso.ifbaiano.edu.br\/portal\/professor-substituto-campus-governador-mangabeira\/wp-json\/wp\/v2\/types\/page"}],"author":[{"embeddable":true,"href":"https:\/\/concurso.ifbaiano.edu.br\/portal\/professor-substituto-campus-governador-mangabeira\/wp-json\/wp\/v2\/users\/30"}],"replies":[{"embeddable":true,"href":"https:\/\/concurso.ifbaiano.edu.br\/portal\/professor-substituto-campus-governador-mangabeira\/wp-json\/wp\/v2\/comments?post=7"}],"version-history":[{"count":10,"href":"https:\/\/concurso.ifbaiano.edu.br\/portal\/professor-substituto-campus-governador-mangabeira\/wp-json\/wp\/v2\/pages\/7\/revisions"}],"predecessor-version":[{"id":40,"href":"https:\/\/concurso.ifbaiano.edu.br\/portal\/professor-substituto-campus-governador-mangabeira\/wp-json\/wp\/v2\/pages\/7\/revisions\/40"}],"up":[{"embeddable":true,"href":"https:\/\/concurso.ifbaiano.edu.br\/portal\/professor-substituto-campus-governador-mangabeira\/wp-json\/wp\/v2\/pages\/5"}],"wp:attachment":[{"href":"https:\/\/concurso.ifbaiano.edu.br\/portal\/professor-substituto-campus-governador-mangabeira\/wp-json\/wp\/v2\/media?parent=7"}],"curies":[{"name":"wp","href":"https:\/\/api.w.org\/{rel}","templated":true}]}}