{"id":9,"date":"2017-03-13T16:18:55","date_gmt":"2017-03-13T19:18:55","guid":{"rendered":"http:\/\/concurso.ifbaiano.edu.br\/portal\/pibiex-2017\/?page_id=9"},"modified":"2017-06-14T16:13:27","modified_gmt":"2017-06-14T19:13:27","slug":"editais","status":"publish","type":"page","link":"https:\/\/concurso.ifbaiano.edu.br\/portal\/pibiex-2017\/pagina-inicial\/editais\/","title":{"rendered":"Editais"},"content":{"rendered":"<h3>Editais<\/h3>\n<p>14\/06\/2017 &#8211;\u00a0<a href=\"http:\/\/concurso.ifbaiano.edu.br\/portal\/pibiex-2017\/wp-content\/uploads\/sites\/71\/2017\/03\/Nota-Informativa-n\u00ba-05-2017-Prorroga\u00e7\u00e3o-de-prazos-para-envio-de-documentos-PIBIEX-2017.pdf\">Nota Informativa n\u00ba 05-2017 &#8211; Prorroga\u00e7\u00e3o de prazos para envio de documentos originais &#8211; \u00a0PIBIEX 2017<\/a><\/p>\n<p>02\/06\/2017 &#8211;\u00a0<a href=\"http:\/\/concurso.ifbaiano.edu.br\/portal\/pibiex-2017\/wp-content\/uploads\/sites\/71\/2017\/03\/Resultado-ranqueamento-geral-vagas-remanescentes.pdf\">Resultado da Sele\u00e7\u00e3o de Projetos &#8211; ocupa\u00e7\u00e3o de vagas remanescentes<\/a><\/p>\n<p>02\/06\/2017 &#8211;\u00a0<a href=\"http:\/\/concurso.ifbaiano.edu.br\/portal\/pibiex-2017\/wp-content\/uploads\/sites\/71\/2017\/03\/Nota-Informativa-n\u00ba-04-2017-Ocupa\u00e7\u00e3o-de-Vagas-Remanescente-projetos-classificados.pdf\">Nota Informativa n\u00ba 04-2017 &#8211; Sobre Ocupa\u00e7\u00e3o de Vagas Remanescentes<\/a><\/p>\n<p>02\/06\/2017 &#8211;\u00a0<a href=\"http:\/\/concurso.ifbaiano.edu.br\/portal\/pibiex-2017\/wp-content\/uploads\/sites\/71\/2017\/03\/Resultado-FINAL.pdf\">Resultado FINAL P\u00f3s-Recursos<\/a><\/p>\n<p>02\/06\/2017 &#8211; <a href=\"http:\/\/concurso.ifbaiano.edu.br\/portal\/pibiex-2017\/wp-content\/uploads\/sites\/71\/2017\/03\/Resultado-do-Recurso-da-2\u00aa-Etapa.pdf\">Resultado da an\u00e1lise dos Recursos &#8211; 2\u00aa Etapa<\/a><\/p>\n<p>30\/05\/2017 &#8211; <a href=\"http:\/\/concurso.ifbaiano.edu.br\/portal\/pibiex-2017\/wp-content\/uploads\/sites\/71\/2017\/03\/Resultado-da-2\u00aa-Etapa-projetos-classificados.pdf\">Resultado da 2\u00aa Etapa projetos classificados<\/a><\/p>\n<p>25\/05\/2017 &#8211;\u00a0<a href=\"http:\/\/concurso.ifbaiano.edu.br\/portal\/pibiex-2017\/wp-content\/uploads\/sites\/71\/2017\/03\/Nota-Informativa-n\u00ba-03-2017-Prorroga\u00e7\u00e3o-da-divulga\u00e7\u00e3o-do-resultado-preliminar-projetos-classificados.pdf\">Nota Informativa n\u00ba 03-2017 &#8211; Prorroga\u00e7\u00e3o da divulga\u00e7\u00e3o do resultado preliminar (projetos classificados)<\/a><\/p>\n<p>11\/05\/2017 &#8211;\u00a0<a href=\"http:\/\/concurso.ifbaiano.edu.br\/portal\/pibiex-2017\/wp-content\/uploads\/sites\/71\/2017\/03\/Resultado-da-1\u00aa-Etapa-P\u00f3s-Recursos.pdf\">Resultado da 1\u00aa Etapa &#8211; P\u00f3s Recursos<\/a><\/p>\n<p>11\/05\/2017 &#8211;\u00a0<a href=\"http:\/\/concurso.ifbaiano.edu.br\/portal\/pibiex-2017\/wp-content\/uploads\/sites\/71\/2017\/03\/Resultado-da-an\u00e1lise-dos-recursos-1\u00aa-Etapa.pdf\">Resultado da an\u00e1lise dos recursos &#8211; 1\u00aa Etapa<\/a><\/p>\n<p>08\/05\/2017 &#8211;\u00a0<a href=\"http:\/\/concurso.ifbaiano.edu.br\/portal\/pibiex-2017\/wp-content\/uploads\/sites\/71\/2017\/03\/Publica\u00e7\u00e3o-do-Resultado-da-1\u00aa-Etapa.pdf\">Publica\u00e7\u00e3o do Resultado da 1\u00aa Etapa &#8211; An\u00e1lise t\u00e9cnica das propostas<\/a><\/p>\n<p>24\/04\/2017 &#8211; <a href=\"http:\/\/concurso.ifbaiano.edu.br\/portal\/pibiex-2017\/wp-content\/uploads\/sites\/71\/2017\/03\/Nota-Informativa-n\u00ba-02-2017-Prorroga\u00e7\u00e3o-de-prazos-de-submiss\u00f5es-e-flexibiliza\u00e7\u00e3o-do-crit\u00e9rio-do-subitem-3.3.1-al\u00ednea-d.pdf\">Nota Informativa n\u00ba 02-2017 &#8211; Prorroga\u00e7\u00e3o de prazos de submiss\u00f5es e flexibiliza\u00e7\u00e3o do crit\u00e9rio de desempenho acad\u00eamico<\/a><\/p>\n<p>24\/04\/2017 &#8211;\u00a0<a href=\"http:\/\/concurso.ifbaiano.edu.br\/portal\/pibiex-2017\/wp-content\/uploads\/sites\/71\/2017\/03\/Edital_PBIEX_N\u00ba-012017PROEXCPPEXIF-BAIANO-altera\u00e7\u00e3o-crit\u00e9rio-desempenho-acad\u00eamico.pdf\">Edital N\u00ba 012017 &#8211; PIBIEX 2017 &#8211; altera\u00e7\u00e3o crit\u00e9rio desempenho acad\u00eamico e cronograma do Edital<\/a><\/p>\n<p>10\/04\/2017 &#8211; <a href=\"http:\/\/concurso.ifbaiano.edu.br\/portal\/pibiex-2017\/wp-content\/uploads\/sites\/71\/2017\/03\/Nota-de-Prorroga\u00e7\u00e3o-n\u00ba-01-2017-Prorroga\u00e7\u00e3o-de-prazos-de-submiss\u00f5es.pdf\">Nota de Prorroga\u00e7\u00e3o n\u00ba 01-2017 &#8211; Prorroga\u00e7\u00e3o de prazo para submiss\u00f5es<\/a><\/p>\n<p>22\/03\/2017 &#8211; <a href=\"http:\/\/concurso.ifbaiano.edu.br\/portal\/pibiex-2017\/wp-content\/uploads\/sites\/71\/2017\/03\/Edital_PBIEX_N\u00ba-012017PROEXCPPEXIF-BAIANO-retificado-em-22.03.17.pdf\">Edital Retificado em 22\/03\/2017 &#8211; \u00a0PIBIEX n\u00ba 01\/2017<\/a><\/p>\n<p>20\/03\/2017 &#8211;\u00a0<a href=\"http:\/\/concurso.ifbaiano.edu.br\/portal\/pibiex-2017\/wp-content\/uploads\/sites\/71\/2017\/03\/Edital_PBIEX_N\u00ba-012017PROEXCPPEXIF-BAIANO-retificado-em-20.03.17.pdf\">Edital Retificado em 20\/03\/2017 &#8211; PIBIEX n\u00ba 01\/2017\u00a0<\/a><\/p>\n<p>13\/03\/2017 &#8211;\u00a0<a href=\"http:\/\/concurso.ifbaiano.edu.br\/portal\/pibiex-2017\/wp-content\/uploads\/sites\/71\/2017\/03\/Edital_PBIEX_N-012017PROEXCPPEXIF-BAIANO.pdf\" target=\"_blank\">Edital n\u00ba 01\/2017 PIBIEX<\/a><\/p>\n<h3>Anexos<\/h3>\n<p><a href=\"http:\/\/concurso.ifbaiano.edu.br\/portal\/pibiex-2017\/wp-content\/uploads\/sites\/71\/2017\/03\/I-ANEXOS-\u00c1REAS-TEM\u00c1TICAS-DA-EXTENS\u00c3O.docx\" target=\"_blank\">I &#8211; ANEXOS -\u00c1REAS TEM\u00c1TICAS DA EXTENS\u00c3O<\/a><\/p>\n<p><a href=\"http:\/\/concurso.ifbaiano.edu.br\/portal\/pibiex-2017\/wp-content\/uploads\/sites\/71\/2017\/03\/II-ANEXOS-LINHAS-DE-EXTENS\u00c3O.docx\" target=\"_blank\">II &#8211; ANEXOS &#8211; LINHAS DE EXTENS\u00c3O<\/a><\/p>\n<p><a href=\"http:\/\/concurso.ifbaiano.edu.br\/portal\/pibiex-2017\/wp-content\/uploads\/sites\/71\/2017\/03\/III-ANEXOS-A-INFORMA\u00c7\u00d5ES-CADASTRAIS.docx\">III &#8211; ANEXOS &#8211; A &#8211; INFORMA\u00c7\u00d5ES CADASTRAIS<\/a><\/p>\n<p><a href=\"http:\/\/concurso.ifbaiano.edu.br\/portal\/pibiex-2017\/wp-content\/uploads\/sites\/71\/2017\/03\/III-ANEXOS-B-FORMUL\u00c1RIO-DE-SUBMISS\u00c3O-DE-PROJETO.docx\" target=\"_blank\">III &#8211; ANEXOS &#8211; B &#8211; FORMUL\u00c1RIO DE SUBMISS\u00c3O DE PROJETO<\/a><\/p>\n<p><a href=\"http:\/\/concurso.ifbaiano.edu.br\/portal\/pibiex-2017\/wp-content\/uploads\/sites\/71\/2017\/03\/IV-ANEXO-MODELO-DE-AUTORIZA\u00c7\u00c3O-DO-RESPONS\u00c1VEL-LEGAL.docx\" target=\"_blank\">IV &#8211; ANEXO &#8211; MODELO DE AUTORIZA\u00c7\u00c3O DO RESPONS\u00c1VEL LEGAL<\/a><\/p>\n<p><a href=\"http:\/\/concurso.ifbaiano.edu.br\/portal\/pibiex-2017\/wp-content\/uploads\/sites\/71\/2017\/03\/V-ANEXO-DECLARA\u00c7\u00c3O-DE-DISPONIBILIDADE-DO-DISCENTE-E-DE-N\u00c3O-ACUMULA\u00c7\u00c3O-DE-BOLSAS.docx\" target=\"_blank\">V &#8211; ANEXO &#8211; DECLARA\u00c7\u00c3O DE DISPONIBILIDADE DO DISCENTE E DE N\u00c3O ACUMULA\u00c7\u00c3O DE BOLSAS<\/a><\/p>\n<p><a href=\"http:\/\/concurso.ifbaiano.edu.br\/portal\/pibiex-2017\/wp-content\/uploads\/sites\/71\/2017\/03\/VI-ANEXO-TERMO-DE-COMPROMISSO-DO-DISCENTE.docx\" target=\"_blank\">VI &#8211; ANEXO &#8211; TERMO DE COMPROMISSO DO DISCENTE<\/a><\/p>\n<p><a href=\"http:\/\/concurso.ifbaiano.edu.br\/portal\/pibiex-2017\/wp-content\/uploads\/sites\/71\/2017\/03\/VII-ANEXO-TERMO-DE-SOLICITA\u00c7\u00c3O-E-CONCESS\u00c3O-DE-AUX\u00cdLIO-FINANCEIRO-A-PROJETOS.docx\" target=\"_blank\">VII &#8211; ANEXO &#8211; TERMO DE SOLICITA\u00c7\u00c3O E CONCESS\u00c3O DE AUX\u00cdLIO FINANCEIRO A PROJETOS<\/a><\/p>\n<p><a href=\"http:\/\/concurso.ifbaiano.edu.br\/portal\/pibiex-2017\/wp-content\/uploads\/sites\/71\/2017\/03\/VIII-ANEXO-FORMUL\u00c1RIO-PARA-INTERPOSI\u00c7\u00c3O-DE-RECURSO.docx\" target=\"_blank\">VIII &#8211; ANEXO &#8211; FORMUL\u00c1RIO PARA INTERPOSI\u00c7\u00c3O DE RECURSO<\/a><\/p>\n<p><a href=\"http:\/\/concurso.ifbaiano.edu.br\/portal\/pibiex-2017\/wp-content\/uploads\/sites\/71\/2017\/03\/IX-ANEXO-DECLARA\u00c7\u00c3O-DE-DISPONIBILIDADE-DO-ORIENTADOR-E-DE-INEXIST\u00caNCIA-DE-PEND\u00caNCIAS-EM-A\u00c7\u00d5ES-DE-EXTENS\u00c3O.docx\" target=\"_blank\">IX &#8211; ANEXO &#8211; DECLARA\u00c7\u00c3O DE DISPONIBILIDADE DO ORIENTADOR E DE INEXIST\u00caNCIA DE PEND\u00caNCIAS EM A\u00c7\u00d5ES DE EXTENS\u00c3O<\/a><\/p>\n<p><a href=\"http:\/\/concurso.ifbaiano.edu.br\/portal\/pibiex-2017\/wp-content\/uploads\/sites\/71\/2017\/03\/X-ANEXO-CARTA-DE-INTEN\u00c7\u00c3O-DE-PARCERIA.docx\" target=\"_blank\">X &#8211; ANEXO &#8211; CARTA DE INTEN\u00c7\u00c3O DE PARCERIA<\/a><\/p>\n<p><a href=\"http:\/\/concurso.ifbaiano.edu.br\/portal\/pibiex-2017\/wp-content\/uploads\/sites\/71\/2017\/03\/XI-ANEXO-DECLARA\u00c7\u00c3O-DE-ANU\u00caNCIA-DA-CHEFIA-IMEDIATA.docx\" target=\"_blank\">XI &#8211; ANEXO &#8211; DECLARA\u00c7\u00c3O DE ANU\u00caNCIA DA CHEFIA IMEDIATA<\/a><\/p>\n","protected":false},"excerpt":{"rendered":"<p>Editais 14\/06\/2017 &#8211;\u00a0Nota Informativa n\u00ba 05-2017 &#8211; Prorroga\u00e7\u00e3o de prazos para envio de documentos originais &#8211; \u00a0PIBIEX 2017 02\/06\/2017 &#8211;\u00a0Resultado da Sele\u00e7\u00e3o de Projetos &#8211; ocupa\u00e7\u00e3o de vagas remanescentes 02\/06\/2017 &#8211;\u00a0Nota Informativa n\u00ba 04-2017 &#8211; Sobre Ocupa\u00e7\u00e3o de Vagas Remanescentes &hellip; <a href=\"https:\/\/concurso.ifbaiano.edu.br\/portal\/pibiex-2017\/pagina-inicial\/editais\/\">Continue lendo <span class=\"meta-nav\">&rarr;<\/span><\/a><\/p>\n","protected":false},"author":30,"featured_media":0,"parent":5,"menu_order":2,"comment_status":"closed","ping_status":"closed","template":"","meta":[],"_links":{"self":[{"href":"https:\/\/concurso.ifbaiano.edu.br\/portal\/pibiex-2017\/wp-json\/wp\/v2\/pages\/9"}],"collection":[{"href":"https:\/\/concurso.ifbaiano.edu.br\/portal\/pibiex-2017\/wp-json\/wp\/v2\/pages"}],"about":[{"href":"https:\/\/concurso.ifbaiano.edu.br\/portal\/pibiex-2017\/wp-json\/wp\/v2\/types\/page"}],"author":[{"embeddable":true,"href":"https:\/\/concurso.ifbaiano.edu.br\/portal\/pibiex-2017\/wp-json\/wp\/v2\/users\/30"}],"replies":[{"embeddable":true,"href":"https:\/\/concurso.ifbaiano.edu.br\/portal\/pibiex-2017\/wp-json\/wp\/v2\/comments?post=9"}],"version-history":[{"count":27,"href":"https:\/\/concurso.ifbaiano.edu.br\/portal\/pibiex-2017\/wp-json\/wp\/v2\/pages\/9\/revisions"}],"predecessor-version":[{"id":90,"href":"https:\/\/concurso.ifbaiano.edu.br\/portal\/pibiex-2017\/wp-json\/wp\/v2\/pages\/9\/revisions\/90"}],"up":[{"embeddable":true,"href":"https:\/\/concurso.ifbaiano.edu.br\/portal\/pibiex-2017\/wp-json\/wp\/v2\/pages\/5"}],"wp:attachment":[{"href":"https:\/\/concurso.ifbaiano.edu.br\/portal\/pibiex-2017\/wp-json\/wp\/v2\/media?parent=9"}],"curies":[{"name":"wp","href":"https:\/\/api.w.org\/{rel}","templated":true}]}}