{"id":9,"date":"2016-11-24T16:27:49","date_gmt":"2016-11-24T18:27:49","guid":{"rendered":"http:\/\/concurso.ifbaiano.edu.br\/portal\/fic20162\/?page_id=9"},"modified":"2016-12-29T12:43:09","modified_gmt":"2016-12-29T14:43:09","slug":"editais","status":"publish","type":"page","link":"https:\/\/concurso.ifbaiano.edu.br\/portal\/fic20162\/pagina-inicial\/editais\/","title":{"rendered":"Editais"},"content":{"rendered":"<h2>Editais<\/h2>\n<p>29\/11\/2016 &#8211;\u00a0<a href=\"http:\/\/concurso.ifbaiano.edu.br\/portal\/fic20162\/wp-content\/uploads\/sites\/54\/2016\/11\/Edital-n-99-2016-retificado.pdf\" target=\"_blank\">RETIFICA\u00c7\u00c3O &#8211; Edital n\u00ba 99 de 22 de novembro de 2016 &#8211; Processo Seletivo FIC<\/a><br \/>\n22\/11\/2016 &#8211;\u00a0<a href=\"http:\/\/concurso.ifbaiano.edu.br\/portal\/fic20162\/wp-content\/uploads\/sites\/54\/2016\/11\/Edital-n-99-2016.pdf\" target=\"_blank\">Edital n\u00ba 99 de 22 de novembro de 2016 &#8211; Processo Seletivo FIC<\/a><\/p>\n<h2><\/h2>\n<h2>Inscri\u00e7\u00f5es Homologadas<\/h2>\n<h3><em>Campus<\/em> Alagoinhas<\/h3>\n<p>13\/12\/2016 &#8211;\u00a0<a href=\"http:\/\/concurso.ifbaiano.edu.br\/portal\/fic20162\/wp-content\/uploads\/sites\/54\/2016\/11\/INSCRI\u00c7\u00d5ES-HOMOLOGADAS-PARA-CURSO-FIC-2017-ALAGOINHAS.pdf\">Cursos-Fic-2017-<em>Campus<\/em> Alagoinhas<\/a><\/p>\n<h3><em>Campus<\/em> Itaberaba<\/h3>\n<p>13\/12\/2016 &#8211;\u00a0<a href=\"http:\/\/concurso.ifbaiano.edu.br\/portal\/fic20162\/wp-content\/uploads\/sites\/54\/2016\/11\/INSCRI\u00c7\u00d5ES-HOMOLOGADAS-PROCESSO-SELETIVO-PARA-CURSO-FIC-2017-ITABERABA.pdf\">Cursos-fic-2017-<em>Campus<\/em> Itaberaba<\/a><\/p>\n<h3><em>Campus<\/em> Xique-Xique<\/h3>\n<p>13\/12\/2016 &#8211;\u00a0<a href=\"http:\/\/concurso.ifbaiano.edu.br\/portal\/fic20162\/wp-content\/uploads\/sites\/54\/2016\/11\/INSCRI\u00c7\u00d5ES-HOMOLOGADAS-PROCESSO-SELETIVO-PARA-CURSO-FIC-2017-XIQUE-XIQUE.pdf\">Curso-fic-2017-<em>Campus<\/em> Xique-Xique<\/a><\/p>\n<h2>Lista Geral de Classifica\u00e7\u00e3o<\/h2>\n<h3><em>Campus<\/em> Alagoinhas<\/h3>\n<p>16\/12\/2016 &#8211;\u00a0<a href=\"http:\/\/concurso.ifbaiano.edu.br\/portal\/fic20162\/wp-content\/uploads\/sites\/54\/2016\/11\/RESULTADO-FINAL-ALAGOINHAS.pdf\">Cursos-Fic-2017-<em>Campus<\/em> Alagoinhas<\/a><\/p>\n<h3><em>Campus<\/em> Itaberaba<\/h3>\n<p>16\/12\/2016 &#8211;\u00a0<a href=\"http:\/\/concurso.ifbaiano.edu.br\/portal\/fic20162\/wp-content\/uploads\/sites\/54\/2016\/11\/RESULTADO-FINAL-ITABERABA.pdf\">Cursos-fic-2017-<em>Campus<\/em> Itaberaba<\/a><\/p>\n<h2>Resultado Final<\/h2>\n<h3><em>Campus<\/em> Alagoinhas<\/h3>\n<p>19\/12\/2016 &#8211;\u00a0<a href=\"http:\/\/concurso.ifbaiano.edu.br\/portal\/fic20162\/wp-content\/uploads\/sites\/54\/2016\/12\/ResultadofinalAlagoinhas2.pdf\">Cursos-Fic-2017-<em>Campus<\/em> Alagoinhas<\/a><\/p>\n<h3><em>Campus<\/em> Itaberaba<\/h3>\n<p>19\/12\/2016 &#8211;\u00a0<a href=\"http:\/\/concurso.ifbaiano.edu.br\/portal\/fic20162\/wp-content\/uploads\/sites\/54\/2016\/11\/RESULTADO-FINAL-ITABERABA.pdf\">Cursos-fic-2017-<em>Campus<\/em> Itaberaba<\/a><\/p>\n<p>&nbsp;<\/p>\n<h2>Segunda Chamada para Matr\u00edculas Cursos FIC<\/h2>\n<h3><em>Campus<\/em> Alagoinhas<\/h3>\n<p>26\/12\/2016-\u00a0<a href=\"http:\/\/concurso.ifbaiano.edu.br\/portal\/fic20162\/wp-content\/uploads\/sites\/54\/2016\/11\/Lista-2\u00aa-chamada-Alagoinhas.pdf\">2\u00aa-Chamada-Campus Alagoinhas<\/a><\/p>\n<h3><em>Campus<\/em> Itaberaba<\/h3>\n<p>26\/12\/2016-\u00a0<a href=\"http:\/\/concurso.ifbaiano.edu.br\/portal\/fic20162\/wp-content\/uploads\/sites\/54\/2016\/11\/2\u00aa-chamada-Campus-Itaberaba.pdf\">2\u00aa-Chamada-Campus-Itaberaba<\/a><\/p>\n<h3><strong>Informe sobre matr\u00edcula &#8211; Segunda Chamada<\/strong><\/h3>\n<h4>Comunicamos aos candidatos selecionados na segunda chamada dos cursos FIC, ofertados pelo Campus Itaberaba, que as matr\u00edculas ser\u00e3o realizadas nos dias 04 e 05\/01\/2017, das 08:00 \u00e0s 12:00 e das 13:30 \u00e0s 17:00 e no dia 06\/01\/2017 das 08:00 \u00e0s 12:00 no endere\u00e7o: Av. Rio Branco, SN, Centro, Col\u00e9gio Jo\u00e3o XXIII.<\/h4>\n","protected":false},"excerpt":{"rendered":"<p>Editais 29\/11\/2016 &#8211;\u00a0RETIFICA\u00c7\u00c3O &#8211; Edital n\u00ba 99 de 22 de novembro de 2016 &#8211; Processo Seletivo FIC 22\/11\/2016 &#8211;\u00a0Edital n\u00ba 99 de 22 de novembro de 2016 &#8211; Processo Seletivo FIC Inscri\u00e7\u00f5es Homologadas Campus Alagoinhas 13\/12\/2016 &#8211;\u00a0Cursos-Fic-2017-Campus Alagoinhas Campus Itaberaba &hellip; <a href=\"https:\/\/concurso.ifbaiano.edu.br\/portal\/fic20162\/pagina-inicial\/editais\/\">Continue lendo <span class=\"meta-nav\">&rarr;<\/span><\/a><\/p>\n","protected":false},"author":30,"featured_media":0,"parent":5,"menu_order":2,"comment_status":"closed","ping_status":"closed","template":"","meta":[],"_links":{"self":[{"href":"https:\/\/concurso.ifbaiano.edu.br\/portal\/fic20162\/wp-json\/wp\/v2\/pages\/9"}],"collection":[{"href":"https:\/\/concurso.ifbaiano.edu.br\/portal\/fic20162\/wp-json\/wp\/v2\/pages"}],"about":[{"href":"https:\/\/concurso.ifbaiano.edu.br\/portal\/fic20162\/wp-json\/wp\/v2\/types\/page"}],"author":[{"embeddable":true,"href":"https:\/\/concurso.ifbaiano.edu.br\/portal\/fic20162\/wp-json\/wp\/v2\/users\/30"}],"replies":[{"embeddable":true,"href":"https:\/\/concurso.ifbaiano.edu.br\/portal\/fic20162\/wp-json\/wp\/v2\/comments?post=9"}],"version-history":[{"count":31,"href":"https:\/\/concurso.ifbaiano.edu.br\/portal\/fic20162\/wp-json\/wp\/v2\/pages\/9\/revisions"}],"predecessor-version":[{"id":71,"href":"https:\/\/concurso.ifbaiano.edu.br\/portal\/fic20162\/wp-json\/wp\/v2\/pages\/9\/revisions\/71"}],"up":[{"embeddable":true,"href":"https:\/\/concurso.ifbaiano.edu.br\/portal\/fic20162\/wp-json\/wp\/v2\/pages\/5"}],"wp:attachment":[{"href":"https:\/\/concurso.ifbaiano.edu.br\/portal\/fic20162\/wp-json\/wp\/v2\/media?parent=9"}],"curies":[{"name":"wp","href":"https:\/\/api.w.org\/{rel}","templated":true}]}}