{"id":8,"date":"2016-12-14T12:10:22","date_gmt":"2016-12-14T14:10:22","guid":{"rendered":"http:\/\/concurso.ifbaiano.edu.br\/portal\/especializacao-fisica-quimica\/?page_id=8"},"modified":"2017-05-09T10:52:22","modified_gmt":"2017-05-09T13:52:22","slug":"editais","status":"publish","type":"page","link":"https:\/\/concurso.ifbaiano.edu.br\/portal\/especializacao-fisica-quimica\/pagina-inicial\/editais\/","title":{"rendered":"Editais"},"content":{"rendered":"<h3>Editais<\/h3>\n<ul>\n<li><a href=\"http:\/\/concurso.ifbaiano.edu.br\/portal\/especializacao-fisica-quimica\/wp-content\/uploads\/sites\/56\/2016\/12\/Resultado_Final-em-MEFQ_SB.pdf\" target=\"_blank\">09\/05\/2017 &#8211; RESULTADO FINAL<\/a><\/li>\n<li>23\/03\/2017 &#8211;\u00a0<a href=\"http:\/\/concurso.ifbaiano.edu.br\/portal\/especializacao-fisica-quimica\/wp-content\/uploads\/sites\/56\/2016\/12\/Resultado_Primeira-Etapa_RETIFICADO.pdf\" target=\"_blank\">CLASSIFICADOS NA PRIMEIRA ETAPA\u00a0&#8211; RETIFICADO<\/a><\/li>\n<li>23\/03\/2017 &#8211;\u00a0<a href=\"http:\/\/concurso.ifbaiano.edu.br\/portal\/especializacao-fisica-quimica\/wp-content\/uploads\/sites\/56\/2016\/12\/Homologa\u00e7\u00e3o-Inscri\u00e7\u00f5es_P\u00f3s-Recursos_Edital-PROPES-n\u00ba-15-2016_RETI.pdf\" target=\"_blank\">HOMOLOGA\u00c7\u00c3O DAS INSCRI\u00c7\u00d5ES\u00a0&#8211; AP\u00d3S RECURSOS\u00a0&#8211; RETIFICADA<\/a><\/li>\n<li>23\/03\/2017 &#8211;\u00a0<a href=\"http:\/\/concurso.ifbaiano.edu.br\/portal\/especializacao-fisica-quimica\/wp-content\/uploads\/sites\/56\/2016\/12\/Homologa\u00e7\u00e3o-Inscri\u00e7\u00f5es_Edital-PROPES-n\u00ba-15-2016_RETIFICADA.pdf\" target=\"_blank\">HOMOLOGA\u00c7\u00c3O DAS INSCRI\u00c7\u00d5ES\u00a0&#8211; RETIFICADA<\/a><\/li>\n<li>22\/03\/2017 &#8211;\u00a0<a href=\"http:\/\/concurso.ifbaiano.edu.br\/portal\/especializacao-fisica-quimica\/wp-content\/uploads\/sites\/56\/2016\/12\/Resultado_Etapa-1_Edital-PROPES-n\u00ba-15-2016.pdf\" target=\"_blank\">CLASSIFICADOS NA PRIMEIRA ETAPA<\/a><\/li>\n<li>16\/03\/2017 &#8211;\u00a0<a href=\"http:\/\/concurso.ifbaiano.edu.br\/portal\/especializacao-fisica-quimica\/wp-content\/uploads\/sites\/56\/2016\/12\/Homologa\u00e7\u00e3o-das-Inscri\u00e7\u00f5es-P\u00f3s-Recurso_Edital-PROPES-n\u00ba-15-2016.pdf\" target=\"_blank\">HOMOLOGA\u00c7\u00c3O DAS INSCRI\u00c7\u00d5ES\u00a0&#8211; AP\u00d3S RECURSOS<\/a><\/li>\n<li>15\/03\/2017 &#8211; <a href=\"http:\/\/concurso.ifbaiano.edu.br\/portal\/especializacao-fisica-quimica\/wp-content\/uploads\/sites\/56\/2016\/12\/Homologa\u00e7\u00e3o-das-Inscri\u00e7\u00f5es_Edital-PROPES-n\u00ba-15-2016.pdf\" target=\"_blank\">HOMOLOGA\u00c7\u00c3O DAS INSCRI\u00c7\u00d5ES<\/a><\/li>\n<li>30\/01\/2017 &#8211;\u00a0<a href=\"http:\/\/concurso.ifbaiano.edu.br\/portal\/especializacao-fisica-quimica\/wp-content\/uploads\/sites\/56\/2016\/12\/RETIFIC.-1_Edital-PROPES-n\u00ba-15-2016_Espec.-em-MEFQ_SB.pdf\">RETIFICA\u00c7\u00c3O 01 &#8211; ALTERA\u00c7\u00c3O DE CRONOGRAMA<\/a><\/li>\n<li>16\/12\/2016 &#8211; <a href=\"http:\/\/concurso.ifbaiano.edu.br\/portal\/especializacao-fisica-quimica\/wp-content\/uploads\/sites\/56\/2016\/12\/Errata.pdf\">RETIFICA\u00c7\u00c3O ANEXO VI<\/a><\/li>\n<li>14\/12\/2016 &#8211; <a href=\"http:\/\/concurso.ifbaiano.edu.br\/portal\/especializacao-fisica-quimica\/wp-content\/uploads\/sites\/56\/2016\/12\/EDITAL-DE-SELE\u00c7\u00c3O-PROPES-15-2016-PROCESSO-SELETIVO-DO-CURSO-DE-P\u00d3S-GRADUA\u00c7\u00c3O-LATO-SENSU-EM-METODOLOGIA-DO-ENSINO-DE-QU\u00cdMICA-E-F\u00cdSICA-CAMPUS-SBF..pdf\">EDITAL<\/a><\/li>\n<\/ul>\n","protected":false},"excerpt":{"rendered":"<p>Editais 09\/05\/2017 &#8211; RESULTADO FINAL 23\/03\/2017 &#8211;\u00a0CLASSIFICADOS NA PRIMEIRA ETAPA\u00a0&#8211; RETIFICADO 23\/03\/2017 &#8211;\u00a0HOMOLOGA\u00c7\u00c3O DAS INSCRI\u00c7\u00d5ES\u00a0&#8211; AP\u00d3S RECURSOS\u00a0&#8211; RETIFICADA 23\/03\/2017 &#8211;\u00a0HOMOLOGA\u00c7\u00c3O DAS INSCRI\u00c7\u00d5ES\u00a0&#8211; RETIFICADA 22\/03\/2017 &#8211;\u00a0CLASSIFICADOS NA PRIMEIRA ETAPA 16\/03\/2017 &#8211;\u00a0HOMOLOGA\u00c7\u00c3O DAS INSCRI\u00c7\u00d5ES\u00a0&#8211; AP\u00d3S RECURSOS 15\/03\/2017 &#8211; HOMOLOGA\u00c7\u00c3O DAS INSCRI\u00c7\u00d5ES 30\/01\/2017 &hellip; <a href=\"https:\/\/concurso.ifbaiano.edu.br\/portal\/especializacao-fisica-quimica\/pagina-inicial\/editais\/\">Continue lendo <span class=\"meta-nav\">&rarr;<\/span><\/a><\/p>\n","protected":false},"author":30,"featured_media":0,"parent":4,"menu_order":2,"comment_status":"closed","ping_status":"closed","template":"","meta":[],"_links":{"self":[{"href":"https:\/\/concurso.ifbaiano.edu.br\/portal\/especializacao-fisica-quimica\/wp-json\/wp\/v2\/pages\/8"}],"collection":[{"href":"https:\/\/concurso.ifbaiano.edu.br\/portal\/especializacao-fisica-quimica\/wp-json\/wp\/v2\/pages"}],"about":[{"href":"https:\/\/concurso.ifbaiano.edu.br\/portal\/especializacao-fisica-quimica\/wp-json\/wp\/v2\/types\/page"}],"author":[{"embeddable":true,"href":"https:\/\/concurso.ifbaiano.edu.br\/portal\/especializacao-fisica-quimica\/wp-json\/wp\/v2\/users\/30"}],"replies":[{"embeddable":true,"href":"https:\/\/concurso.ifbaiano.edu.br\/portal\/especializacao-fisica-quimica\/wp-json\/wp\/v2\/comments?post=8"}],"version-history":[{"count":14,"href":"https:\/\/concurso.ifbaiano.edu.br\/portal\/especializacao-fisica-quimica\/wp-json\/wp\/v2\/pages\/8\/revisions"}],"predecessor-version":[{"id":52,"href":"https:\/\/concurso.ifbaiano.edu.br\/portal\/especializacao-fisica-quimica\/wp-json\/wp\/v2\/pages\/8\/revisions\/52"}],"up":[{"embeddable":true,"href":"https:\/\/concurso.ifbaiano.edu.br\/portal\/especializacao-fisica-quimica\/wp-json\/wp\/v2\/pages\/4"}],"wp:attachment":[{"href":"https:\/\/concurso.ifbaiano.edu.br\/portal\/especializacao-fisica-quimica\/wp-json\/wp\/v2\/media?parent=8"}],"curies":[{"name":"wp","href":"https:\/\/api.w.org\/{rel}","templated":true}]}}