{"id":4,"date":"2016-10-17T18:51:43","date_gmt":"2016-10-17T20:51:43","guid":{"rendered":"http:\/\/concurso.ifbaiano.edu.br\/portal\/especializacao-ensino-ciencias-naturais-e-matematica\/?page_id=4"},"modified":"2016-10-17T18:51:43","modified_gmt":"2016-10-17T20:51:43","slug":"pagina-inicial","status":"publish","type":"page","link":"https:\/\/concurso.ifbaiano.edu.br\/portal\/especializacao-ensino-ciencias-naturais-e-matematica\/","title":{"rendered":"P\u00e1gina inicial"},"content":{"rendered":"<div class=\"child_pages child_pages-thumbnail\">\n<div id=\"child_page-6\" class=\"child_page\" style=\"width:50%;max-width:100%;\"><div class=\"child_page-container\"><div class=\"post_thumb\"><a href=\"https:\/\/concurso.ifbaiano.edu.br\/portal\/especializacao-ensino-ciencias-naturais-e-matematica\/pagina-inicial\/homologacao\/\"><\/a><\/div><div class=\"post_content\"><h4><a href=\"https:\/\/concurso.ifbaiano.edu.br\/portal\/especializacao-ensino-ciencias-naturais-e-matematica\/pagina-inicial\/homologacao\/\">Homologa\u00e7\u00e3o<\/a><\/h4><div class=\"post_excerpt\">Processo Seletivo O REITOR DO INSTITUTO FEDERAL DE EDUCA\u00c7\u00c3O, CI\u00caNCIA E TECNOLOGIA BAIANO torna p\u00fablica a abertura das inscri\u00e7\u00f5es do Processo Seletivo Discente para o Curso de P\u00f3s-Gradua\u00e7\u00e3o lato sensu em Ensino de Ci\u00eancias Naturais e Matem\u00e1tica a ser ofertado &hellip; <a href=\"https:\/\/concurso.ifbaiano.edu.br\/portal\/especializacao-ensino-ciencias-naturais-e-matematica\/pagina-inicial\/homologacao\/\">Continue lendo <span class=\"meta-nav\">&rarr;<\/span><\/a><\/div><\/div><!-- .post_content  --><\/div><!-- .child_page-container --><\/div><!-- #child_page-6\" -->\n\n<div id=\"child_page-8\" class=\"child_page\" style=\"width:50%;max-width:100%;\"><div class=\"child_page-container\"><div class=\"post_thumb\"><a href=\"https:\/\/concurso.ifbaiano.edu.br\/portal\/especializacao-ensino-ciencias-naturais-e-matematica\/pagina-inicial\/editais\/\"><\/a><\/div><div class=\"post_content\"><h4><a href=\"https:\/\/concurso.ifbaiano.edu.br\/portal\/especializacao-ensino-ciencias-naturais-e-matematica\/pagina-inicial\/editais\/\">Editais<\/a><\/h4><div class=\"post_excerpt\">Editais 17\/03\/2017 &#8211; RESULTADO FINAL 15\/03\/2017 &#8211; RESULTADO PRELIMINAR 10\/03\/2017 &#8211; CHAMADA PARA A ETAPA 2 08\/03\/2017 &#8211; HOMOLOGA\u00c7\u00d5ES DAS INSCRI\u00c7\u00d5ES EDITAL 01\/2017 22\/02\/2017 &#8211; RETIFICA\u00c7\u00c3O ANEXO II 22\/02\/2017 &#8211; EDITAL PROPES N\u00ba01\/2017 &#8211; VAGAS REMANESCENTES 20\/02\/2017 &#8211; RESULTADO FINAL &hellip; <a href=\"https:\/\/concurso.ifbaiano.edu.br\/portal\/especializacao-ensino-ciencias-naturais-e-matematica\/pagina-inicial\/editais\/\">Continue lendo <span class=\"meta-nav\">&rarr;<\/span><\/a><\/div><\/div><!-- .post_content  --><\/div><!-- .child_page-container --><\/div><!-- #child_page-8\" -->\n<\/div>\n","protected":false},"excerpt":{"rendered":"","protected":false},"author":30,"featured_media":0,"parent":0,"menu_order":0,"comment_status":"closed","ping_status":"closed","template":"","meta":[],"_links":{"self":[{"href":"https:\/\/concurso.ifbaiano.edu.br\/portal\/especializacao-ensino-ciencias-naturais-e-matematica\/wp-json\/wp\/v2\/pages\/4"}],"collection":[{"href":"https:\/\/concurso.ifbaiano.edu.br\/portal\/especializacao-ensino-ciencias-naturais-e-matematica\/wp-json\/wp\/v2\/pages"}],"about":[{"href":"https:\/\/concurso.ifbaiano.edu.br\/portal\/especializacao-ensino-ciencias-naturais-e-matematica\/wp-json\/wp\/v2\/types\/page"}],"author":[{"embeddable":true,"href":"https:\/\/concurso.ifbaiano.edu.br\/portal\/especializacao-ensino-ciencias-naturais-e-matematica\/wp-json\/wp\/v2\/users\/30"}],"replies":[{"embeddable":true,"href":"https:\/\/concurso.ifbaiano.edu.br\/portal\/especializacao-ensino-ciencias-naturais-e-matematica\/wp-json\/wp\/v2\/comments?post=4"}],"version-history":[{"count":1,"href":"https:\/\/concurso.ifbaiano.edu.br\/portal\/especializacao-ensino-ciencias-naturais-e-matematica\/wp-json\/wp\/v2\/pages\/4\/revisions"}],"predecessor-version":[{"id":5,"href":"https:\/\/concurso.ifbaiano.edu.br\/portal\/especializacao-ensino-ciencias-naturais-e-matematica\/wp-json\/wp\/v2\/pages\/4\/revisions\/5"}],"wp:attachment":[{"href":"https:\/\/concurso.ifbaiano.edu.br\/portal\/especializacao-ensino-ciencias-naturais-e-matematica\/wp-json\/wp\/v2\/media?parent=4"}],"curies":[{"name":"wp","href":"https:\/\/api.w.org\/{rel}","templated":true}]}}