{"id":6,"date":"2017-03-13T15:58:06","date_gmt":"2017-03-13T18:58:06","guid":{"rendered":"http:\/\/concurso.ifbaiano.edu.br\/portal\/especializacao-educacao-cientifica-e-popularizacao-das-ciencias\/?page_id=6"},"modified":"2017-03-13T18:01:40","modified_gmt":"2017-03-13T21:01:40","slug":"homologacao","status":"publish","type":"page","link":"https:\/\/concurso.ifbaiano.edu.br\/portal\/especializacao-educacao-cientifica-e-popularizacao-das-ciencias\/pagina-inicial\/homologacao\/","title":{"rendered":"Homologa\u00e7\u00e3o"},"content":{"rendered":"<h3>Processo Seletivo<\/h3>\n<p class=\"western\" align=\"justify\">O REITOR DO INSTITUTO FEDERAL DE EDUCA\u00c7\u00c3O, CI\u00caNCIA E TECNOLOGIA BAIANO, no uso de suas atribui\u00e7\u00f5es legais torna p\u00fablicas as normas que regem as inscri\u00e7\u00f5es no Processo Seletivo discente para ingresso no Curso de Especializa\u00e7\u00e3o em Educa\u00e7\u00e3o Cient\u00edfica e Populariza\u00e7\u00e3o das Ci\u00eancias.<\/p>\n","protected":false},"excerpt":{"rendered":"<p>Processo Seletivo O REITOR DO INSTITUTO FEDERAL DE EDUCA\u00c7\u00c3O, CI\u00caNCIA E TECNOLOGIA BAIANO, no uso de suas atribui\u00e7\u00f5es legais torna p\u00fablicas as normas que regem as inscri\u00e7\u00f5es no Processo Seletivo discente para ingresso no Curso de Especializa\u00e7\u00e3o em Educa\u00e7\u00e3o Cient\u00edfica &hellip; <a href=\"https:\/\/concurso.ifbaiano.edu.br\/portal\/especializacao-educacao-cientifica-e-popularizacao-das-ciencias\/pagina-inicial\/homologacao\/\">Continue lendo <span class=\"meta-nav\">&rarr;<\/span><\/a><\/p>\n","protected":false},"author":30,"featured_media":0,"parent":4,"menu_order":1,"comment_status":"closed","ping_status":"closed","template":"","meta":[],"_links":{"self":[{"href":"https:\/\/concurso.ifbaiano.edu.br\/portal\/especializacao-educacao-cientifica-e-popularizacao-das-ciencias\/wp-json\/wp\/v2\/pages\/6"}],"collection":[{"href":"https:\/\/concurso.ifbaiano.edu.br\/portal\/especializacao-educacao-cientifica-e-popularizacao-das-ciencias\/wp-json\/wp\/v2\/pages"}],"about":[{"href":"https:\/\/concurso.ifbaiano.edu.br\/portal\/especializacao-educacao-cientifica-e-popularizacao-das-ciencias\/wp-json\/wp\/v2\/types\/page"}],"author":[{"embeddable":true,"href":"https:\/\/concurso.ifbaiano.edu.br\/portal\/especializacao-educacao-cientifica-e-popularizacao-das-ciencias\/wp-json\/wp\/v2\/users\/30"}],"replies":[{"embeddable":true,"href":"https:\/\/concurso.ifbaiano.edu.br\/portal\/especializacao-educacao-cientifica-e-popularizacao-das-ciencias\/wp-json\/wp\/v2\/comments?post=6"}],"version-history":[{"count":2,"href":"https:\/\/concurso.ifbaiano.edu.br\/portal\/especializacao-educacao-cientifica-e-popularizacao-das-ciencias\/wp-json\/wp\/v2\/pages\/6\/revisions"}],"predecessor-version":[{"id":16,"href":"https:\/\/concurso.ifbaiano.edu.br\/portal\/especializacao-educacao-cientifica-e-popularizacao-das-ciencias\/wp-json\/wp\/v2\/pages\/6\/revisions\/16"}],"up":[{"embeddable":true,"href":"https:\/\/concurso.ifbaiano.edu.br\/portal\/especializacao-educacao-cientifica-e-popularizacao-das-ciencias\/wp-json\/wp\/v2\/pages\/4"}],"wp:attachment":[{"href":"https:\/\/concurso.ifbaiano.edu.br\/portal\/especializacao-educacao-cientifica-e-popularizacao-das-ciencias\/wp-json\/wp\/v2\/media?parent=6"}],"curies":[{"name":"wp","href":"https:\/\/api.w.org\/{rel}","templated":true}]}}

Homologação

<h3>Processo Seletivo</h3>
<p class="western" align="justify">O REITOR DO INSTITUTO FEDERAL DE EDUCAÇÃO, CIÊNCIA E TECNOLOGIA BAIANO, no uso de suas atribuições legais torna públicas as normas que regem as inscrições no Processo Seletivo discente para ingresso no Curso de Especialização em Educação Científica e Popularização das Ciências.</p>

<p>Processo Seletivo O REITOR DO INSTITUTO FEDERAL DE EDUCAÇÃO, CIÊNCIA E TECNOLOGIA BAIANO, no uso de suas atribuições legais torna públicas as normas que regem as inscrições no Processo Seletivo discente para ingresso no Curso de Especialização em Educação Científica &hellip; <a href="https://concurso.ifbaiano.edu.br/portal/especializacao-educacao-cientifica-e-popularizacao-das-ciencias/pagina-inicial/homologacao/">Continue lendo <span class="meta-nav">&rarr;</span></a></p>
