{"id":9,"date":"2016-10-17T18:36:29","date_gmt":"2016-10-17T20:36:29","guid":{"rendered":"http:\/\/concurso.ifbaiano.edu.br\/portal\/especializacao-campus-valenca\/?page_id=9"},"modified":"2016-12-13T09:27:40","modified_gmt":"2016-12-13T11:27:40","slug":"editais","status":"publish","type":"page","link":"https:\/\/concurso.ifbaiano.edu.br\/portal\/especializacao-campus-valenca\/pagina-inicial\/editais\/","title":{"rendered":"Editais"},"content":{"rendered":"<h3>Resultados<\/h3>\n<p>13\/12\/2016 &#8211;\u00a0<a href=\"http:\/\/concurso.ifbaiano.edu.br\/portal\/especializacao-campus-valenca\/wp-content\/uploads\/sites\/48\/2016\/10\/HOMOLOGA\u00c7\u00c3O-RESULTADO-FINAL-pos-em-leitura-e-produ\u00e7\u00e3o-textual.pdf\">Resultado Final<\/a><\/p>\n<p>09\/12\/2016 &#8211; <a href=\"http:\/\/concurso.ifbaiano.edu.br\/portal\/especializacao-campus-valenca\/wp-content\/uploads\/sites\/48\/2016\/12\/Resultado-preliminar-primeira-etapa.pdf\" target=\"_blank\">Resultado preliminar da primeira etapa<\/a><\/p>\n<h3>Editais<\/h3>\n<p>09\/12\/2016 &#8211; <a href=\"http:\/\/concurso.ifbaiano.edu.br\/portal\/especializacao-campus-valenca\/wp-content\/uploads\/sites\/48\/2016\/12\/Retificacao-n1-edital-13-2016.pdf\" target=\"_blank\">RETIFICA\u00c7\u00c3O n\u00ba 01 &#8211; EDITAL PROPES n\u00ba 13\/2016<\/a><\/p>\n<p>17\/10\/2016 &#8211; <a href=\"http:\/\/concurso.ifbaiano.edu.br\/portal\/especializacao-campus-valenca\/wp-content\/uploads\/sites\/48\/2016\/10\/Edital-PROPES-n13-2016_Espec-em-Ensino-da-Matematica_VAL.pdf\" target=\"_blank\">EDITAL PROPES n\u00ba 13\/2016<\/a><\/p>\n<p>17\/10\/2016 &#8211; <a href=\"http:\/\/concurso.ifbaiano.edu.br\/portal\/especializacao-campus-valenca\/wp-content\/uploads\/sites\/48\/2016\/10\/Edital-PROPES-n12-2016_Espec-em-Leit-Prod-Textual_EJA_VAL.pdf\" target=\"_blank\">EDITAL PROPES n\u00ba 12\/2016<\/a><\/p>\n","protected":false},"excerpt":{"rendered":"<p>Resultados 13\/12\/2016 &#8211;\u00a0Resultado Final 09\/12\/2016 &#8211; Resultado preliminar da primeira etapa Editais 09\/12\/2016 &#8211; RETIFICA\u00c7\u00c3O n\u00ba 01 &#8211; EDITAL PROPES n\u00ba 13\/2016 17\/10\/2016 &#8211; EDITAL PROPES n\u00ba 13\/2016 17\/10\/2016 &#8211; EDITAL PROPES n\u00ba 12\/2016<\/p>\n","protected":false},"author":30,"featured_media":0,"parent":5,"menu_order":2,"comment_status":"closed","ping_status":"closed","template":"","meta":[],"_links":{"self":[{"href":"https:\/\/concurso.ifbaiano.edu.br\/portal\/especializacao-campus-valenca\/wp-json\/wp\/v2\/pages\/9"}],"collection":[{"href":"https:\/\/concurso.ifbaiano.edu.br\/portal\/especializacao-campus-valenca\/wp-json\/wp\/v2\/pages"}],"about":[{"href":"https:\/\/concurso.ifbaiano.edu.br\/portal\/especializacao-campus-valenca\/wp-json\/wp\/v2\/types\/page"}],"author":[{"embeddable":true,"href":"https:\/\/concurso.ifbaiano.edu.br\/portal\/especializacao-campus-valenca\/wp-json\/wp\/v2\/users\/30"}],"replies":[{"embeddable":true,"href":"https:\/\/concurso.ifbaiano.edu.br\/portal\/especializacao-campus-valenca\/wp-json\/wp\/v2\/comments?post=9"}],"version-history":[{"count":7,"href":"https:\/\/concurso.ifbaiano.edu.br\/portal\/especializacao-campus-valenca\/wp-json\/wp\/v2\/pages\/9\/revisions"}],"predecessor-version":[{"id":28,"href":"https:\/\/concurso.ifbaiano.edu.br\/portal\/especializacao-campus-valenca\/wp-json\/wp\/v2\/pages\/9\/revisions\/28"}],"up":[{"embeddable":true,"href":"https:\/\/concurso.ifbaiano.edu.br\/portal\/especializacao-campus-valenca\/wp-json\/wp\/v2\/pages\/5"}],"wp:attachment":[{"href":"https:\/\/concurso.ifbaiano.edu.br\/portal\/especializacao-campus-valenca\/wp-json\/wp\/v2\/media?parent=9"}],"curies":[{"name":"wp","href":"https:\/\/api.w.org\/{rel}","templated":true}]}}