{"id":28,"date":"2021-11-24T13:14:35","date_gmt":"2021-11-24T16:14:35","guid":{"rendered":"https:\/\/concurso.ifbaiano.edu.br\/portal\/eleicoes2021\/?page_id=28"},"modified":"2021-12-10T16:01:22","modified_gmt":"2021-12-10T19:01:22","slug":"campus-valenca","status":"publish","type":"page","link":"https:\/\/concurso.ifbaiano.edu.br\/portal\/eleicoes2021\/campus-valenca\/","title":{"rendered":"Campus Valen\u00e7a"},"content":{"rendered":"\n<p> Candidaturas \u00e0 Diretoria Geral do Campus Valen\u00e7a: <\/p>\n\n\n\n<div style=\"height:50px\" aria-hidden=\"true\" class=\"wp-block-spacer\"><\/div>\n\n\n\n<figure class=\"wp-block-image size-full\"><img decoding=\"async\" loading=\"lazy\" width=\"300\" height=\"300\" src=\"https:\/\/concurso.ifbaiano.edu.br\/portal\/eleicoes2021\/wp-content\/uploads\/sites\/518\/2021\/12\/foto-geovane-lima.png\" alt=\"\" class=\"wp-image-232\"\/><\/figure>\n\n\n\n<p>Geovane Guimar\u00e3es<\/p>\n\n\n\n<p><strong><a href=\"https:\/\/concurso.ifbaiano.edu.br\/portal\/eleicoes2021\/wp-content\/uploads\/sites\/518\/2021\/12\/Plano-de-Trabalho-Geovane-Guimaraes-Campus-Valenca.pdf\" target=\"_blank\" rel=\"noreferrer noopener\">Plano de Trabalho<\/a><\/strong><\/p>\n","protected":false},"excerpt":{"rendered":"<p>Candidaturas \u00e0 Diretoria Geral do Campus Valen\u00e7a: Geovane Guimar\u00e3es Plano de Trabalho<\/p>\n","protected":false},"author":30,"featured_media":0,"parent":0,"menu_order":0,"comment_status":"closed","ping_status":"closed","template":"","meta":[],"_links":{"self":[{"href":"https:\/\/concurso.ifbaiano.edu.br\/portal\/eleicoes2021\/wp-json\/wp\/v2\/pages\/28"}],"collection":[{"href":"https:\/\/concurso.ifbaiano.edu.br\/portal\/eleicoes2021\/wp-json\/wp\/v2\/pages"}],"about":[{"href":"https:\/\/concurso.ifbaiano.edu.br\/portal\/eleicoes2021\/wp-json\/wp\/v2\/types\/page"}],"author":[{"embeddable":true,"href":"https:\/\/concurso.ifbaiano.edu.br\/portal\/eleicoes2021\/wp-json\/wp\/v2\/users\/30"}],"replies":[{"embeddable":true,"href":"https:\/\/concurso.ifbaiano.edu.br\/portal\/eleicoes2021\/wp-json\/wp\/v2\/comments?post=28"}],"version-history":[{"count":3,"href":"https:\/\/concurso.ifbaiano.edu.br\/portal\/eleicoes2021\/wp-json\/wp\/v2\/pages\/28\/revisions"}],"predecessor-version":[{"id":233,"href":"https:\/\/concurso.ifbaiano.edu.br\/portal\/eleicoes2021\/wp-json\/wp\/v2\/pages\/28\/revisions\/233"}],"wp:attachment":[{"href":"https:\/\/concurso.ifbaiano.edu.br\/portal\/eleicoes2021\/wp-json\/wp\/v2\/media?parent=28"}],"curies":[{"name":"wp","href":"https:\/\/api.w.org\/{rel}","templated":true}]}}

Campus Valença

<p> Candidaturas à Diretoria Geral do Campus Valença: </p>



<div style="height:50px" aria-hidden="true" class="wp-block-spacer"></div>



<figure class="wp-block-image size-full"><img decoding="async" loading="lazy" width="300" height="300" src="https://concurso.ifbaiano.edu.br/portal/eleicoes2021/wp-content/uploads/sites/518/2021/12/foto-geovane-lima.png" alt="" class="wp-image-232"/></figure>



<p>Geovane Guimarães</p>



<p><strong><a href="https://concurso.ifbaiano.edu.br/portal/eleicoes2021/wp-content/uploads/sites/518/2021/12/Plano-de-Trabalho-Geovane-Guimaraes-Campus-Valenca.pdf" target="_blank" rel="noreferrer noopener">Plano de Trabalho</a></strong></p>

<p>Candidaturas à Diretoria Geral do Campus Valença: Geovane Guimarães Plano de Trabalho</p>
