{"id":22,"date":"2021-11-24T13:13:55","date_gmt":"2021-11-24T16:13:55","guid":{"rendered":"https:\/\/concurso.ifbaiano.edu.br\/portal\/eleicoes2021\/?page_id=22"},"modified":"2021-12-07T10:27:34","modified_gmt":"2021-12-07T13:27:34","slug":"campus-senhor-do-bonfim","status":"publish","type":"page","link":"https:\/\/concurso.ifbaiano.edu.br\/portal\/eleicoes2021\/campus-senhor-do-bonfim\/","title":{"rendered":"Campus Senhor do Bonfim"},"content":{"rendered":"\n<p> Candidaturas \u00e0 Diretoria Geral do Campus Senhor do Bonfim: <\/p>\n\n\n\n<div style=\"height:50px\" aria-hidden=\"true\" class=\"wp-block-spacer\"><\/div>\n\n\n\n<div class=\"wp-block-columns is-layout-flex wp-container-3\">\n<div class=\"wp-block-column is-layout-flow\">\n<p>Ala\u00e9cio Ribeiro<\/p>\n\n\n\n<p><strong><a href=\"https:\/\/concurso.ifbaiano.edu.br\/portal\/eleicoes2021\/wp-content\/uploads\/sites\/518\/2021\/12\/Plano-de-Trabalho-Alaecio-Ribeiro-Campus-Senhor-do-Bonfim.pdf\" target=\"_blank\" rel=\"noreferrer noopener\">Plano de Trabalho<\/a><\/strong><\/p>\n<\/div>\n\n\n\n<div class=\"wp-block-column is-layout-flow\">\n<p>Jo\u00e3o Feitosa<\/p>\n\n\n\n<p><strong><a href=\"https:\/\/concurso.ifbaiano.edu.br\/portal\/eleicoes2021\/wp-content\/uploads\/sites\/518\/2021\/12\/Plano-de-Trabalho-Joao-Feitosa-Campus-Senhor-do-Bonfim.pdf\" target=\"_blank\" rel=\"noreferrer noopener\">Plano de Trabalho<\/a><\/strong><\/p>\n<\/div>\n<\/div>\n","protected":false},"excerpt":{"rendered":"<p>Candidaturas \u00e0 Diretoria Geral do Campus Senhor do Bonfim: Ala\u00e9cio Ribeiro Plano de Trabalho Jo\u00e3o Feitosa Plano de Trabalho<\/p>\n","protected":false},"author":30,"featured_media":0,"parent":0,"menu_order":0,"comment_status":"closed","ping_status":"closed","template":"","meta":[],"_links":{"self":[{"href":"https:\/\/concurso.ifbaiano.edu.br\/portal\/eleicoes2021\/wp-json\/wp\/v2\/pages\/22"}],"collection":[{"href":"https:\/\/concurso.ifbaiano.edu.br\/portal\/eleicoes2021\/wp-json\/wp\/v2\/pages"}],"about":[{"href":"https:\/\/concurso.ifbaiano.edu.br\/portal\/eleicoes2021\/wp-json\/wp\/v2\/types\/page"}],"author":[{"embeddable":true,"href":"https:\/\/concurso.ifbaiano.edu.br\/portal\/eleicoes2021\/wp-json\/wp\/v2\/users\/30"}],"replies":[{"embeddable":true,"href":"https:\/\/concurso.ifbaiano.edu.br\/portal\/eleicoes2021\/wp-json\/wp\/v2\/comments?post=22"}],"version-history":[{"count":3,"href":"https:\/\/concurso.ifbaiano.edu.br\/portal\/eleicoes2021\/wp-json\/wp\/v2\/pages\/22\/revisions"}],"predecessor-version":[{"id":175,"href":"https:\/\/concurso.ifbaiano.edu.br\/portal\/eleicoes2021\/wp-json\/wp\/v2\/pages\/22\/revisions\/175"}],"wp:attachment":[{"href":"https:\/\/concurso.ifbaiano.edu.br\/portal\/eleicoes2021\/wp-json\/wp\/v2\/media?parent=22"}],"curies":[{"name":"wp","href":"https:\/\/api.w.org\/{rel}","templated":true}]}}

<p> Candidaturas à Diretoria Geral do Campus Senhor do Bonfim: </p>



<div style="height:50px" aria-hidden="true" class="wp-block-spacer"></div>



<div class="wp-block-columns is-layout-flex wp-container-3">
<div class="wp-block-column is-layout-flow">
<p>Alaécio Ribeiro</p>



<p><strong><a href="https://concurso.ifbaiano.edu.br/portal/eleicoes2021/wp-content/uploads/sites/518/2021/12/Plano-de-Trabalho-Alaecio-Ribeiro-Campus-Senhor-do-Bonfim.pdf" target="_blank" rel="noreferrer noopener">Plano de Trabalho</a></strong></p>
</div>



<div class="wp-block-column is-layout-flow">
<p>João Feitosa</p>



<p><strong><a href="https://concurso.ifbaiano.edu.br/portal/eleicoes2021/wp-content/uploads/sites/518/2021/12/Plano-de-Trabalho-Joao-Feitosa-Campus-Senhor-do-Bonfim.pdf" target="_blank" rel="noreferrer noopener">Plano de Trabalho</a></strong></p>
</div>
</div>

<p>Candidaturas à Diretoria Geral do Campus Senhor do Bonfim: Alaécio Ribeiro Plano de Trabalho João Feitosa Plano de Trabalho</p>
