{"id":116,"date":"2021-12-06T10:48:03","date_gmt":"2021-12-06T13:48:03","guid":{"rendered":"https:\/\/concurso.ifbaiano.edu.br\/portal\/eleicoes2021\/?page_id=116"},"modified":"2021-12-06T10:54:08","modified_gmt":"2021-12-06T13:54:08","slug":"aecio-jose-araujo-passos-duarte","status":"publish","type":"page","link":"https:\/\/concurso.ifbaiano.edu.br\/portal\/eleicoes2021\/aecio-jose-araujo-passos-duarte\/","title":{"rendered":"A\u00e9cio Jos\u00e9 Ara\u00fajo Passos Duarte"},"content":{"rendered":"\n<p>Candidato a Reitor<\/p>\n\n\n\n<figure class=\"wp-block-image size-full\"><img decoding=\"async\" loading=\"lazy\" width=\"500\" height=\"500\" src=\"https:\/\/concurso.ifbaiano.edu.br\/portal\/eleicoes2021\/wp-content\/uploads\/sites\/518\/2021\/12\/foto-aecio.png\" alt=\"\" class=\"wp-image-117\"\/><\/figure>\n\n\n\n<p><a href=\"https:\/\/concurso.ifbaiano.edu.br\/portal\/eleicoes2021\/wp-content\/uploads\/sites\/518\/2021\/12\/02-Aecio-Jose-Araujo-Passos-Duarte.pdf\" target=\"_blank\" rel=\"noreferrer noopener\">Consulte aqui o <strong>Plano de Trabalho<\/strong><\/a><\/p>\n","protected":false},"excerpt":{"rendered":"<p>Candidato a Reitor Consulte aqui o Plano de Trabalho<\/p>\n","protected":false},"author":30,"featured_media":0,"parent":0,"menu_order":0,"comment_status":"closed","ping_status":"closed","template":"","meta":[],"_links":{"self":[{"href":"https:\/\/concurso.ifbaiano.edu.br\/portal\/eleicoes2021\/wp-json\/wp\/v2\/pages\/116"}],"collection":[{"href":"https:\/\/concurso.ifbaiano.edu.br\/portal\/eleicoes2021\/wp-json\/wp\/v2\/pages"}],"about":[{"href":"https:\/\/concurso.ifbaiano.edu.br\/portal\/eleicoes2021\/wp-json\/wp\/v2\/types\/page"}],"author":[{"embeddable":true,"href":"https:\/\/concurso.ifbaiano.edu.br\/portal\/eleicoes2021\/wp-json\/wp\/v2\/users\/30"}],"replies":[{"embeddable":true,"href":"https:\/\/concurso.ifbaiano.edu.br\/portal\/eleicoes2021\/wp-json\/wp\/v2\/comments?post=116"}],"version-history":[{"count":2,"href":"https:\/\/concurso.ifbaiano.edu.br\/portal\/eleicoes2021\/wp-json\/wp\/v2\/pages\/116\/revisions"}],"predecessor-version":[{"id":121,"href":"https:\/\/concurso.ifbaiano.edu.br\/portal\/eleicoes2021\/wp-json\/wp\/v2\/pages\/116\/revisions\/121"}],"wp:attachment":[{"href":"https:\/\/concurso.ifbaiano.edu.br\/portal\/eleicoes2021\/wp-json\/wp\/v2\/media?parent=116"}],"curies":[{"name":"wp","href":"https:\/\/api.w.org\/{rel}","templated":true}]}}

Aécio José Araújo Passos Duarte
