{"id":9,"date":"2011-04-18T14:47:01","date_gmt":"2011-04-18T17:47:01","guid":{"rendered":"http:\/\/www.ifbaiano.edu.br\/portal\/discente20112\/?page_id=9"},"modified":"2014-02-21T10:17:56","modified_gmt":"2014-02-21T13:17:56","slug":"coluna2","status":"publish","type":"page","link":"https:\/\/concurso.ifbaiano.edu.br\/portal\/discenteead20132\/pagina-inicial\/coluna2\/","title":{"rendered":"Coluna 2 &#8211; Informa\u00e7\u00f5es"},"content":{"rendered":"<p class=\"inicial-titulo\" style=\"text-align: left\">Terceira Chamada para Matr\u00edculas <strong><strong><span style=\"color: #ff0000\"><\/span><\/strong><\/strong><\/p>\n<p><a href=\"http:\/\/concurso.ifbaiano.edu.br\/portal\/discenteead20132\/wp-content\/uploads\/sites\/5\/2014\/02\/Edital-de-Matr\u00edcula-3\u00aa-chamada-Gov.-Mang-Santo-Estev\u00e3o.pdf\" target=\"_blank\">Terceira Chamada para Matr\u00edculas &#8211; Campus Governador Mangabeira &#8211; Polo &#8211; Santo Estev\u00e3o<\/a><\/br><\/p>\n<p class=\"inicial-titulo\" style=\"text-align: left\">Segunda Chamada para Matr\u00edculas <strong><strong><\/strong><\/strong><\/p>\n<p><a href=\"http:\/\/concurso.ifbaiano.edu.br\/portal\/discenteead20132\/wp-content\/uploads\/sites\/5\/2014\/01\/Edital-de-Matr\u00edcula-2\u00aa-chamada-Gov.-Mang-Santo-Estev\u00e3o.pdf\" target=\"_blank\">Segunda Chamada para Matr\u00edculas &#8211; Campus Governador Mangabeira &#8211; Polo &#8211; Santo Estev\u00e3o<\/a><\/br><\/p>\n<p><a href=\"http:\/\/concurso.ifbaiano.edu.br\/portal\/discenteead20132\/wp-content\/uploads\/sites\/5\/2014\/01\/Edital-de-Matr\u00edcula-2\u00aa-chamada-Itapetinga-Itapetinga-e-Itoror\u00f3.pdf\" target=\"_blank\">Segunda Chamada para Matr\u00edculas &#8211; Campus Itapetinga &#8211; Polos &#8211; Itapetinga e Itoror\u00f3<\/a><\/br><\/p>\n<p><a href=\"http:\/\/concurso.ifbaiano.edu.br\/portal\/discenteead20132\/wp-content\/uploads\/sites\/5\/2014\/01\/Edital-de-Matr\u00edcula-2\u00aa-Chamada-Uru\u00e7uca-Polo-Itacar\u00e9.pdf\" target=\"_blank\">Segunda Chamada para Matr\u00edculas &#8211; Campus Uru\u00e7uca &#8211; Polo &#8211; Itacar\u00e9<\/a><\/br><\/p>\n<p class=\"inicial-titulo\" style=\"text-align: left\">Homologa\u00e7\u00e3o de Matr\u00edculas <strong><strong><\/strong><\/strong><\/p>\n<p><a href=\"http:\/\/concurso.ifbaiano.edu.br\/portal\/discenteead20132\/wp-content\/uploads\/sites\/5\/2014\/01\/Homologa\u00e7\u00e3o-Matr\u00edculas-1\u00aa-chamada-Gov.-Mangabeira-Santo-Estev\u00e3o.pdf\" target=\"_blank\">Homologa\u00e7\u00e3o de Matr\u00edculas &#8211; Campus Governador Mangabeira &#8211; Polo &#8211; Santo Estev\u00e3o<\/a><\/br><\/p>\n<p><a href=\"http:\/\/concurso.ifbaiano.edu.br\/portal\/discenteead20132\/wp-content\/uploads\/sites\/5\/2014\/01\/Homologa\u00e7\u00e3o-Matr\u00edculas-2\u00aa-chamada-Gov.-Mangabeira-Santo-Estev\u00e3o.pdf\" target=\"_blank\">Homologa\u00e7\u00e3o de Matr\u00edculas em segunda chamada &#8211; Campus Governador Mangabeira &#8211; Polo &#8211; Santo Estev\u00e3o<\/a><\/br><\/p>\n<p><a href=\"http:\/\/concurso.ifbaiano.edu.br\/portal\/discenteead20132\/wp-content\/uploads\/sites\/5\/2014\/02\/Homologa\u00e7\u00e3o-Matr\u00edculas-Campus-Gov.-Mangabeira-Santo-Estev\u00e3o-3\u00aa-chamada.pdf\" target=\"_blank\">Homologa\u00e7\u00e3o de Matr\u00edculas em terceira chamada &#8211; Campus Governador Mangabeira &#8211; Polo &#8211; Santo Estev\u00e3o<\/a><\/br><\/p>\n<p><a href=\"http:\/\/concurso.ifbaiano.edu.br\/portal\/discenteead20132\/wp-content\/uploads\/sites\/5\/2014\/01\/Homologa\u00e7\u00e3o-Matr\u00edculas-Campus-Itapetinga-Polos-Itapetinga-e-Itoror\u00f3.pdf\" target=\"_blank\">Homologa\u00e7\u00e3o de Matr\u00edculas, AP\u00d3S SEGUNDA CHAMADA &#8211; Campus Itapetinga &#8211; Polos &#8211; Itapetinga e Itoror\u00f3<\/a><\/br><\/p>\n<p><a href=\"http:\/\/concurso.ifbaiano.edu.br\/portal\/discenteead20132\/wp-content\/uploads\/sites\/5\/2014\/01\/Homologa\u00e7\u00e3o-Matr\u00edculas-Campus-T.-Freitas-Polo-T.-Freitas.pdf\" target=\"_blank\">Homologa\u00e7\u00e3o de Matr\u00edculas &#8211; Campus Teixeira de Freitas &#8211; Polo &#8211; Teixeira de Freitas<\/a><\/br><\/p>\n<p><a href=\"http:\/\/concurso.ifbaiano.edu.br\/portal\/discenteead20132\/wp-content\/uploads\/sites\/5\/2014\/02\/Homologa\u00e7\u00e3o-Matr\u00edculas-Campus-Uru\u00e7uca-Polo-Itacar\u00e9-1\u00aa-chamada.pdf\" target=\"_blank\">Homologa\u00e7\u00e3o de Matr\u00edculas &#8211; Campus Uru\u00e7uca &#8211; Polo &#8211; Itacar\u00e9<\/a><\/br><\/p>\n<p><a href=\"http:\/\/concurso.ifbaiano.edu.br\/portal\/discenteead20132\/wp-content\/uploads\/sites\/5\/2014\/02\/Homologa\u00e7\u00e3o-Matr\u00edculas-Campus-Uru\u00e7uca-Polo-Itacar\u00e9-2\u00aa-chamada.pdf\" target=\"_blank\">Homologa\u00e7\u00e3o de Matr\u00edculas em segunda chamada &#8211; Campus Uru\u00e7uca &#8211; Polo &#8211; Itacar\u00e9<\/a><\/br><\/p>\n<p><a href=\"http:\/\/concurso.ifbaiano.edu.br\/portal\/discenteead20132\/wp-content\/uploads\/sites\/5\/2014\/02\/Homologa\u00e7\u00e3o-Matr\u00edculas-Campus-Valen\u00e7a-Polos-Nazar\u00e9-e-Valen\u00e7a.pdf\" target=\"_blank\">Homologa\u00e7\u00e3o de Matr\u00edculas &#8211; Campus Valen\u00e7a &#8211; Polos &#8211; Nazar\u00e9 e Valen\u00e7a<\/a><\/br><\/p>\n<p><a href=\"http:\/\/concurso.ifbaiano.edu.br\/portal\/discenteead20132\/wp-content\/uploads\/sites\/5\/2014\/02\/Homologa\u00e7\u00e3o-Matr\u00edculas-Campus-Valen\u00e7a-Polos-Nazar\u00e9.pdf\" target=\"_blank\">Homologa\u00e7\u00e3o de Matr\u00edculas &#8211; Campus Valen\u00e7a &#8211; Polos &#8211; Nazar\u00e9, CORRIGIDO<\/a><\/br><\/p>\n<p class=\"inicial-titulo\" style=\"text-align: left\">Matr\u00edcula <strong><strong><\/strong><\/strong><\/p>\n<p><a href=\"http:\/\/concurso.ifbaiano.edu.br\/portal\/discenteead20132\/wp-content\/uploads\/sites\/5\/2013\/12\/Edital-de-Matr\u00edcula-Gov.-Mangabeira-Santo-Estev\u00e3o.pdf\" target=\"_blank\">Edital de Matr\u00edcula Campus Governador Mangabeira &#8211; Polo Santo Estev\u00e3o<\/a><\/br><br \/>\n<a href=\"http:\/\/concurso.ifbaiano.edu.br\/portal\/discenteead20132\/wp-content\/uploads\/sites\/5\/2013\/12\/Rela\u00e7\u00e3o-dos-aprovados-aptos-\u00e0-matr\u00edcula-Governador-Mangabeira.pdf\" target=\"_blank\">Rela\u00e7\u00e3o dos aprovados, aptos \u00e0 matr\u00edcula, Polo Santo Estev\u00e3o<\/a><\/br><\/p>\n<p><a href=\"http:\/\/concurso.ifbaiano.edu.br\/portal\/discenteead20132\/wp-content\/uploads\/sites\/5\/2013\/12\/Edital-de-Matr\u00edcula-Itapetinga-Itapetinga-e-Itoror\u00f3.pdf\" target=\"_blank\">Edital de Matr\u00edcula Campus Itapetinga &#8211; Polos Itapetinga e Itoror\u00f3<\/a><\/br><br \/>\n<a href=\"http:\/\/concurso.ifbaiano.edu.br\/portal\/discenteead20132\/wp-content\/uploads\/sites\/5\/2013\/12\/Rela\u00e7\u00e3o-dos-aprovados-aptos-\u00e0-matr\u00edcula-Itapetinga.pdf\" target=\"_blank\">Rela\u00e7\u00e3o dos aprovados, aptos \u00e0 matr\u00edcula, Polos Itapetinga e Itoror\u00f3<\/a><\/br><\/p>\n<p><a href=\"http:\/\/concurso.ifbaiano.edu.br\/portal\/discenteead20132\/wp-content\/uploads\/sites\/5\/2013\/12\/EDITAL-DE-MATR\u00cdCULA-T.-Freitas-T.-Freitas.pdf\" target=\"_blank\">Edital de Matr\u00edcula Campus Teixeira de Freitas &#8211; Polo Teixeira de Freitas<\/a><\/br><br \/>\n<a href=\"http:\/\/concurso.ifbaiano.edu.br\/portal\/discenteead20132\/wp-content\/uploads\/sites\/5\/2013\/12\/Rela\u00e7\u00e3o-dos-aprovados-aptos-\u00e0-matr\u00edcula-Itapetinga.pdf\" target=\"_blank\">Rela\u00e7\u00e3o dos aprovados, aptos \u00e0 matr\u00edcula, Polo Teixeira de Freitas<\/a><\/br><\/p>\n<p><a href=\"http:\/\/concurso.ifbaiano.edu.br\/portal\/discenteead20132\/wp-content\/uploads\/sites\/5\/2013\/12\/Edital-de-Matr\u00edcula-Senhor-do-Bonfim-Polos-Jaguarari-Pintadas-e-Remanso.docx\" target=\"_blank\">Edital de Matr\u00edcula Campus Senhor do Bonfim &#8211; Polos Jaguarari, Pintadas e Remanso<\/a><\/br><br \/>\n<a href=\"http:\/\/concurso.ifbaiano.edu.br\/portal\/discenteead20132\/wp-content\/uploads\/sites\/5\/2013\/12\/Rela\u00e7\u00e3o-dos-aprovados-aptos-\u00e0-matr\u00edcula-Senhor-do-Bonfim.pdf\" target=\"_blank\">Rela\u00e7\u00e3o dos aprovados, aptos \u00e0 matr\u00edcula, Polos Jaguarari, Pintadas e Remanso<\/a><\/br><\/p>\n<p><a href=\"http:\/\/concurso.ifbaiano.edu.br\/portal\/discenteead20132\/wp-content\/uploads\/sites\/5\/2013\/12\/Edital-de-Matr\u00edcula-Uru\u00e7uca-Itacar\u00e9.pdf\" target=\"_blank\">Edital de Matr\u00edcula Campus Uru\u00e7uca &#8211; Polo Itacar\u00e9<\/a><\/br><br \/>\n<a href=\"http:\/\/concurso.ifbaiano.edu.br\/portal\/discenteead20132\/wp-content\/uploads\/sites\/5\/2013\/12\/Rela\u00e7\u00e3o-dos-aprovados-aptos-\u00e0-matr\u00edcula-Uru\u00e7uca.pdf\" target=\"_blank\">Rela\u00e7\u00e3o dos aprovados, aptos \u00e0 matr\u00edcula, Polo Itacar\u00e9<\/a><\/br><\/p>\n<p><a href=\"http:\/\/concurso.ifbaiano.edu.br\/portal\/discenteead20132\/wp-content\/uploads\/sites\/5\/2013\/12\/Edital-de-matr\u00edcula-Valen\u00e7a-Polos-Nazar\u00e9-e-Valen\u00e7a.pdf\" target=\"_blank\">Edital de Matr\u00edcula Campus Valen\u00e7a &#8211; Polos Nazar\u00e9 e Valen\u00e7a<\/a><\/br><br \/>\n<a href=\"http:\/\/concurso.ifbaiano.edu.br\/portal\/discenteead20132\/wp-content\/uploads\/sites\/5\/2013\/12\/Rela\u00e7\u00e3o-dos-aprovados-aptos-\u00e0-matr\u00edcula-Valen\u00e7a.pdf\" target=\"_blank\">Rela\u00e7\u00e3o dos aprovados, aptos \u00e0 matr\u00edcula, Polos Nazar\u00e9 e Valen\u00e7a<\/a><\/br><\/p>\n<p><a href=\"http:\/\/concurso.ifbaiano.edu.br\/portal\/discenteead20132\/wp-content\/uploads\/sites\/5\/2013\/11\/Endere\u00e7os-dos-Polos.pdf\" target=\"_blank\">Em virtude da dist\u00e2ncia entre alguns Polos e o campus do IF Baiano ao qual est\u00e1 vinculado, as matr\u00edculas daqueles que n\u00e3o puderem ir ao campus poder\u00e3o ser efetuadas diretamente no Polo para o qual realizou a inscri\u00e7\u00e3o (ver aqui os endere\u00e7os) <strong><strong><\/strong><\/strong><\/a><\/p>\n<p><a href=\"http:\/\/concurso.ifbaiano.edu.br\/portal\/discenteead20132\/wp-content\/uploads\/sites\/5\/2013\/11\/Endere\u00e7os-para-Matr\u00edcula.pdf\" target=\"_blank\">Endere\u00e7os dos campi do IF Baiano<\/a><\/p>\n<p><a href=\"http:\/\/concurso.ifbaiano.edu.br\/portal\/discenteead20132\/wp-content\/uploads\/sites\/5\/2013\/11\/Endere\u00e7os-dos-Polos.pdf\" target=\"_blank\">Endere\u00e7os dos Polos<\/a><\/br><\/p>\n<p class=\"inicial-titulo\" style=\"text-align: left\">Resultado Final\u00a0<strong><strong><\/strong><\/strong><\/p>\n<p><a href=\"http:\/\/concurso.ifbaiano.edu.br\/portal\/discenteead20132\/wp-content\/uploads\/sites\/5\/2013\/11\/Itacar\u00e9-segunda-fase-novo.pdf\" target=\"_blank\">Itacar\u00e9 &#8211; Agente Comunit\u00e1rio de Sa\u00fade<\/a><\/br><\/p>\n<p><a href=\"http:\/\/concurso.ifbaiano.edu.br\/portal\/discenteead20132\/wp-content\/uploads\/sites\/5\/2013\/11\/Itapetinga-segunda-fase-Nova.pdf\" target=\"_blank\">Itapetinga &#8211; Agente Comunit\u00e1rio de Sa\u00fade<\/a><\/br><\/p>\n<p><a href=\"http:\/\/concurso.ifbaiano.edu.br\/portal\/discenteead20132\/wp-content\/uploads\/sites\/5\/2013\/10\/Itoror\u00f3-segunda-fase.pdf\" target=\"_blank\">Itoror\u00f3 &#8211; Agente Comunit\u00e1rio de Sa\u00fade<\/a><\/br><\/p>\n<p><a href=\"http:\/\/concurso.ifbaiano.edu.br\/portal\/discenteead20132\/wp-content\/uploads\/sites\/5\/2013\/10\/Jaguarari-segunda-fase.pdf\" target=\"_blank\">Jaguarari\/Pilar &#8211; Agente Comunit\u00e1rio de Sa\u00fade<\/a><\/br><\/p>\n<p><a href=\"http:\/\/concurso.ifbaiano.edu.br\/portal\/discenteead20132\/wp-content\/uploads\/sites\/5\/2013\/10\/Nazar\u00e9-Hosp-segunda-fase.pdf\" target=\"_blank\">Nazar\u00e9 &#8211; Hospedagem<\/a><\/br><\/p>\n<p><a href=\"http:\/\/concurso.ifbaiano.edu.br\/portal\/discenteead20132\/wp-content\/uploads\/sites\/5\/2013\/10\/Nazar\u00e9-Trans-Imobili\u00e1rias-segunda-fase.pdf\" target=\"_blank\">Nazar\u00e9 &#8211; Transa\u00e7\u00f5es Imobili\u00e1rias<\/a><\/br><\/p>\n<p><a href=\"http:\/\/concurso.ifbaiano.edu.br\/portal\/discenteead20132\/wp-content\/uploads\/sites\/5\/2013\/11\/Pintadas-segunda-fase.pdf\" target=\"_blank\">Pintadas &#8211; Agente Comunit\u00e1rio de Sa\u00fade<\/a><\/br><\/p>\n<p><a href=\"http:\/\/concurso.ifbaiano.edu.br\/portal\/discenteead20132\/wp-content\/uploads\/sites\/5\/2013\/11\/Remanso-ACS-segunda-fase-novo.pdf\" target=\"_blank\">Remanso &#8211; Agente Comunit\u00e1rio de Sa\u00fade&lt;\/a<\/a><\/br><\/p>\n<p><a href=\"http:\/\/concurso.ifbaiano.edu.br\/portal\/discenteead20132\/wp-content\/uploads\/sites\/5\/2013\/10\/Remanso-Hosp-segunda-fase.pdf\" target=\"_blank\">Remanso &#8211; Hospedagem<\/a><\/br><\/p>\n<p><a href=\"http:\/\/concurso.ifbaiano.edu.br\/portal\/discenteead20132\/wp-content\/uploads\/sites\/5\/2013\/10\/Remanso-Trans-Imob-segunda-fase.pdf\" target=\"_blank\">Remanso &#8211; Transa\u00e7\u00f5es Imobili\u00e1rias<\/a><\/br><\/p>\n<p><a href=\"http:\/\/concurso.ifbaiano.edu.br\/portal\/discenteead20132\/wp-content\/uploads\/sites\/5\/2013\/11\/Santo-Estev\u00e3o-segunda-fase-Novo.pdf\" target=\"_blank\">Santo Estev\u00e3o &#8211; Agente Comunit\u00e1rio de Sa\u00fade<\/a><\/br><\/p>\n<p><a href=\"http:\/\/concurso.ifbaiano.edu.br\/portal\/discenteead20132\/wp-content\/uploads\/sites\/5\/2013\/11\/T-Freitas-ACS-segunda-fase-01-11.pdf\" target=\"_blank\">Teixeira de Freitas &#8211; Agente Comunit\u00e1rio de Sa\u00fade<\/a><\/br><\/p>\n<p><a href=\"http:\/\/concurso.ifbaiano.edu.br\/portal\/discenteead20132\/wp-content\/uploads\/sites\/5\/2013\/11\/T-Freitas-Trans-Imob-segunda-fase-01-11.pdf\" target=\"_blank\">Teixeira de Freitas &#8211; Transa\u00e7\u00f5es Imobili\u00e1ria<\/a><\/br><\/p>\n<p><a href=\"http:\/\/concurso.ifbaiano.edu.br\/portal\/discenteead20132\/wp-content\/uploads\/sites\/5\/2013\/10\/Valen\u00e7a-segunda-fase.pdf\" target=\"_blank\">Valen\u00e7a &#8211; Hospedagem<\/a><\/br><\/p>\n<p class=\"inicial-titulo\" style=\"text-align: left\">Classifica\u00e7\u00e3o<\/p>\n<p><a href=\"http:\/\/concurso.ifbaiano.edu.br\/portal\/discenteead20132\/wp-content\/uploads\/sites\/5\/2013\/10\/Itacar\u00e9-Agente-Comunit\u00e1rio-de-Sa\u00fade-21-10.pdf\" target=\"_blank\">Itacar\u00e9 &#8211; Agente Comunit\u00e1rio de Sa\u00fade<\/a><\/br><\/p>\n<p><a href=\"http:\/\/concurso.ifbaiano.edu.br\/portal\/discenteead20132\/wp-content\/uploads\/sites\/5\/2013\/10\/Itapetinga-Agente-Comunit\u00e1rio-de-Sa\u00fade-21-10.pdf\" target=\"_blank\">Itapetinga &#8211; Agente Comunit\u00e1rio de Sa\u00fade<\/a><\/br><\/p>\n<p><a href=\"http:\/\/concurso.ifbaiano.edu.br\/portal\/discenteead20132\/wp-content\/uploads\/sites\/5\/2013\/10\/Itoror\u00f3-Agente-Comunit\u00e1rio-de-Sa\u00fade-21-10.pdf\" target=\"_blank\">Itoror\u00f3 &#8211; Agente Comunit\u00e1rio de Sa\u00fade<\/a><\/br><\/p>\n<p><a href=\"http:\/\/concurso.ifbaiano.edu.br\/portal\/discenteead20132\/wp-content\/uploads\/sites\/5\/2013\/10\/Jaguarari-Agente-Comunit\u00e1rio-de-Sa\u00fade-21-10.pdf\" target=\"_blank\">Jaguarari\/Pilar &#8211; Agente Comunit\u00e1rio de Sa\u00fade<\/a><\/br><\/p>\n<p><a href=\"http:\/\/concurso.ifbaiano.edu.br\/portal\/discenteead20132\/wp-content\/uploads\/sites\/5\/2013\/10\/Nazar\u00e9-Hospedagem-21-10.pdf\" target=\"_blank\">Nazar\u00e9 &#8211; Hospedagem<\/a><\/br><\/p>\n<p><a href=\"http:\/\/concurso.ifbaiano.edu.br\/portal\/discenteead20132\/wp-content\/uploads\/sites\/5\/2013\/10\/Nazar\u00e9-Transa\u00e7\u00f5es-Imobili\u00e1ria-21-10.pdf\" target=\"_blank\">Nazar\u00e9 &#8211; Transa\u00e7\u00f5es Imobili\u00e1rias<\/a><\/br><\/p>\n<p><a href=\"http:\/\/concurso.ifbaiano.edu.br\/portal\/discenteead20132\/wp-content\/uploads\/sites\/5\/2013\/10\/Pintadas-Agente-Comunit\u00e1rio-de-Sa\u00fade-21-10.pdf\" target=\"_blank\">Pintadas &#8211; Agente Comunit\u00e1rio de Sa\u00fade<\/a><\/br><\/p>\n<p><a href=\"http:\/\/concurso.ifbaiano.edu.br\/portal\/discenteead20132\/wp-content\/uploads\/sites\/5\/2013\/10\/Remanso-Agente-Comunit\u00e1rio-de-Sa\u00fade-21-10.pdf\" target=\"_blank\">Remanso &#8211; Agente Comunit\u00e1rio de Sa\u00fade<\/a><\/br><\/p>\n<p><a href=\"http:\/\/concurso.ifbaiano.edu.br\/portal\/discenteead20132\/wp-content\/uploads\/sites\/5\/2013\/10\/Remanso-Hospedagem-21-10.pdf\" target=\"_blank\">Remanso &#8211; Hospedagem<\/a><\/br><\/p>\n<p><a href=\"http:\/\/concurso.ifbaiano.edu.br\/portal\/discenteead20132\/wp-content\/uploads\/sites\/5\/2013\/10\/Remanso-Transa\u00e7\u00f5es-Imobili\u00e1riaS-21-10.pdf\" target=\"_blank\">Remanso &#8211; Transa\u00e7\u00f5es Imobili\u00e1rias<\/a><\/br><\/p>\n<p><a href=\"http:\/\/concurso.ifbaiano.edu.br\/portal\/discenteead20132\/wp-content\/uploads\/sites\/5\/2013\/10\/Santo-Estev\u00e3o-Agente-Comunit\u00e1rio-de-Sa\u00fade-21-10.pdf\" target=\"_blank\">Santo Estev\u00e3o &#8211; Agente Comunit\u00e1rio de Sa\u00fade<\/a><\/br><\/p>\n<p><a href=\"http:\/\/concurso.ifbaiano.edu.br\/portal\/discenteead20132\/wp-content\/uploads\/sites\/5\/2013\/10\/Teixeira-de-Freitas-Agente-Comunit\u00e1rio-de-Sa\u00fade-21-10.pdf\" target=\"_blank\">Teixeira de Freitas &#8211; Agente Comunit\u00e1rio de Sa\u00fade<\/a><\/br><\/p>\n<p><a href=\"http:\/\/concurso.ifbaiano.edu.br\/portal\/discenteead20132\/wp-content\/uploads\/sites\/5\/2013\/10\/Teixeira-de-Freitas-Transa\u00e7\u00f5es-Imobili\u00e1ria-21-10.pdf\" target=\"_blank\">Teixeira de Freitas &#8211; Transa\u00e7\u00f5es Imobili\u00e1ria<\/a><\/br><\/p>\n<p><a href=\"http:\/\/concurso.ifbaiano.edu.br\/portal\/discenteead20132\/wp-content\/uploads\/sites\/5\/2013\/10\/Valen\u00e7a-Hospedagem-21-10.pdf\" target=\"_blank\">Valen\u00e7a &#8211; Hospedagem<\/a><\/br><\/p>\n<p class=\"inicial-titulo\" style=\"text-align: left\"><a href=\"http:\/\/concurso.ifbaiano.edu.br\/portal\/discenteead20132\/wp-content\/uploads\/sites\/5\/2013\/10\/Nota-de-Esclarecimento1.pdf\" target=\"_blank\">Nota de Esclarecimento:<strong><strong><span style=\"color: #ff0000\">\u00a0<\/span><\/strong><\/strong><\/a><strong><\/strong><\/p>\n<p><\/br><\/p>\n<p><a href=\"http:\/\/concurso.ifbaiano.edu.br\/portal\/discenteead20132\/wp-content\/uploads\/sites\/5\/2013\/10\/Edital-n\u00ba-145-Retifica\u00e7\u00e3o-do-Edital-n\u00ba-94.pdf\" target=\"_blank\">Retifica\u00e7\u00e3o do Edital N\u00ba 94\/2013<\/a><\/br><\/p>\n<p><a href=\"http:\/\/concurso.ifbaiano.edu.br\/portal\/discenteead20132\/wp-content\/uploads\/sites\/5\/2013\/09\/edital-140-2013-Retifica\u00e7\u00e3o-do-Edital-941.pdf\" target=\"_blank\">Retifica\u00e7\u00e3o do Edital N\u00ba 94\/2013<\/a><\/br><\/p>\n<p><a href=\"http:\/\/concurso.ifbaiano.edu.br\/portal\/discenteead20132\/wp-content\/uploads\/sites\/5\/2013\/09\/Edital-134-retifica-Edital-94-2013-2.pdf\" target=\"_blank\">Retifica\u00e7\u00e3o do Edital N\u00ba 94\/2013<strong><\/strong><\/a><\/br><\/p>\n<p><a href=\"http:\/\/concurso.ifbaiano.edu.br\/portal\/discenteead20132\/wp-content\/uploads\/sites\/5\/2013\/08\/Edital-116-retifica-Edital-94.pdf\" target=\"_blank\">Retifica\u00e7\u00e3o do Edital N\u00ba 94\/2013<\/a><span style=\"font-size: 16px\">\u00a0<\/span><\/br><\/p>\n<p><a href=\"http:\/\/concurso.ifbaiano.edu.br\/portal\/discenteead20132\/wp-content\/uploads\/sites\/5\/2013\/09\/Edital-94-Prosel-Estudantes-EaD-2013-2.pdf.pdf\" target=\"_blank\">Edital de Abertura N\u00ba 94\/2013<\/a><\/br><\/p>\n","protected":false},"excerpt":{"rendered":"<p>Terceira Chamada para Matr\u00edculas Terceira Chamada para Matr\u00edculas &#8211; Campus Governador Mangabeira &#8211; Polo &#8211; Santo Estev\u00e3o Segunda Chamada para Matr\u00edculas Segunda Chamada para Matr\u00edculas &#8211; Campus Governador Mangabeira &#8211; Polo &#8211; Santo Estev\u00e3o Segunda Chamada para Matr\u00edculas &#8211; Campus &hellip; <a href=\"https:\/\/concurso.ifbaiano.edu.br\/portal\/discenteead20132\/pagina-inicial\/coluna2\/\">Continue lendo <span class=\"meta-nav\">&rarr;<\/span><\/a><\/p>\n","protected":false},"author":5,"featured_media":0,"parent":7,"menu_order":2,"comment_status":"closed","ping_status":"closed","template":"","meta":[],"_links":{"self":[{"href":"https:\/\/concurso.ifbaiano.edu.br\/portal\/discenteead20132\/wp-json\/wp\/v2\/pages\/9"}],"collection":[{"href":"https:\/\/concurso.ifbaiano.edu.br\/portal\/discenteead20132\/wp-json\/wp\/v2\/pages"}],"about":[{"href":"https:\/\/concurso.ifbaiano.edu.br\/portal\/discenteead20132\/wp-json\/wp\/v2\/types\/page"}],"author":[{"embeddable":true,"href":"https:\/\/concurso.ifbaiano.edu.br\/portal\/discenteead20132\/wp-json\/wp\/v2\/users\/5"}],"replies":[{"embeddable":true,"href":"https:\/\/concurso.ifbaiano.edu.br\/portal\/discenteead20132\/wp-json\/wp\/v2\/comments?post=9"}],"version-history":[{"count":175,"href":"https:\/\/concurso.ifbaiano.edu.br\/portal\/discenteead20132\/wp-json\/wp\/v2\/pages\/9\/revisions"}],"predecessor-version":[{"id":492,"href":"https:\/\/concurso.ifbaiano.edu.br\/portal\/discenteead20132\/wp-json\/wp\/v2\/pages\/9\/revisions\/492"}],"up":[{"embeddable":true,"href":"https:\/\/concurso.ifbaiano.edu.br\/portal\/discenteead20132\/wp-json\/wp\/v2\/pages\/7"}],"wp:attachment":[{"href":"https:\/\/concurso.ifbaiano.edu.br\/portal\/discenteead20132\/wp-json\/wp\/v2\/media?parent=9"}],"curies":[{"name":"wp","href":"https:\/\/api.w.org\/{rel}","templated":true}]}}