{"id":12,"date":"2011-04-18T14:47:49","date_gmt":"2011-04-18T17:47:49","guid":{"rendered":"http:\/\/www.ifbaiano.edu.br\/portal\/discente20112\/?page_id=12"},"modified":"2015-09-21T18:50:20","modified_gmt":"2015-09-21T18:50:20","slug":"coluna1","status":"publish","type":"page","link":"https:\/\/concurso.ifbaiano.edu.br\/portal\/discente20161\/pagina-inicial\/coluna1\/","title":{"rendered":"Coluna 1 &#8211; O Processo Seletivo"},"content":{"rendered":"<p class=\"inicial-titulo\" style=\"text-align: left\">O Processo Seletivo<\/p>\n<p align=\"justify\">O Reitor do <strong>Instituto Federal de Educa\u00e7\u00e3o, Ci\u00eancia e Tecnologia Baiano &#8211; IF Baiano<\/strong>, no uso da compet\u00eancia delegada pelo Decreto de 13 de mar\u00e7o de 2014, publicada no Di\u00e1rio Oficial da Uni\u00e3o em 14 de mar\u00e7o de 2014, Se\u00e7\u00e3o 2, P\u00e1gina 1,no uso de suas atribui\u00e7\u00f5es legais, torna p\u00fablica a abertura de inscri\u00e7\u00f5es do Processo Seletivo para Ingresso de Estudantes em 2016, nos cursos da educa\u00e7\u00e3o profissional t\u00e9cnica de n\u00edvel m\u00e9dio, nas formas de oferta <strong>INTEGRADA<\/strong> e <strong>SUBSEQUENTE<\/strong>, para os <em>campi<\/em> Bom Jesus da Lapa, Catu, Governador Mangabeira, Guanambi, Itapetinga, Santa In\u00eas, Senhor do Bonfim, Serrinha, Teixeira de Freitas, Uru\u00e7uca e Valen\u00e7a. E nos cursos presenciais de educa\u00e7\u00e3o profissional t\u00e9cnica de n\u00edvel m\u00e9dio do Programa Nacional de Integra\u00e7\u00e3o da Educa\u00e7\u00e3o Profissional ao N\u00edvel M\u00e9dio, na modalidade de Educa\u00e7\u00e3o de jovens e Adultos &#8211; <strong>PROEJA<\/strong> para os <em>campi<\/em> Catu, Governador Mangabeira, Guanambi, Santa In\u00eas e Serrinha.<\/p>\n<p>&nbsp;<\/p>\n<p class=\"inicial-titulo\" style=\"text-align: left\">Cursos<\/p>\n<p align=\"justify\">Cursos na forma de articula\u00e7\u00e3o <strong>INTEGRADA<\/strong>: para candidatos que conclu\u00edram o Ensino Fundamental<\/p>\n<p>Cursos na forma de articula\u00e7\u00e3o <strong>SUBSEQUENTE<\/strong>: para candidatos que conclu\u00edram o Ensino M\u00e9dio ou equivalente<\/p>\n<p>Cursos ofertados na modalidade de Educa\u00e7\u00e3o de Jovens e Adultos (EJA) pelo <strong>PROEJA<\/strong><\/p>\n<p>&nbsp;<\/p>\n<p class=\"inicial-titulo\" style=\"text-align: left\">Vagas<\/p>\n<p align=\"justify\">Cursos ofertados na forma de articula\u00e7\u00e3o <strong>INTEGRADA<\/strong> e <strong>SUBSEQUENTE<\/strong>: 2.470 vagas, das quais 1.751 s\u00e3o reservadas para estudantes que cursaram integralmente o ensino fundamental em escola p\u00fablica, 585 para ampla concorr\u00eancia e 134 para pessoas com defici\u00eancia(PCD).<\/p>\n<p align=\"justify\">Cursos ofertados pelo <strong>PROEJA<\/strong>: 220 vagas, das quais 168 s\u00e3o reservadas para os que optarem pelas cotas e 52 para ampla concorr\u00eancia.<\/p>\n<p>&nbsp;<\/p>\n<p class=\"inicial-titulo\" style=\"text-align: left\">Inscri\u00e7\u00f5es<\/p>\n<p style=\"text-align: justify\">As inscri\u00e7\u00f5es estar\u00e3o abertas no per\u00edodo de <strong>05 de outubro de 2015 a 12 de novembro de 2015<\/strong>, exclusivamente pela Internet. Os candidatos que n\u00e3o tiverem acesso a Internet, poder\u00e3o se dirigir a um <em>campus<\/em> do IF BAIANO e procurar a Comiss\u00e3o Local do Processo Seletivo 2016.<\/p>\n<p>&nbsp;<\/p>\n<p class=\"inicial-titulo\" style=\"text-align: left\">SELE\u00c7\u00c3O<\/p>\n<p align=\"justify\">Formas <strong>INTEGRADA<\/strong> e <strong>SUBSEQUENTE<\/strong>: a sele\u00e7\u00e3o ser\u00e1 realizada por meio de an\u00e1lise do desempenho escolar em <strong>L\u00edngua Portuguesa<\/strong> e <strong>Matem\u00e1tica<\/strong>, na forma do <strong>edital 66\/2015<\/strong>, atrav\u00e9s da documenta\u00e7\u00e3o solicitada nos subitens 5.7 e 5.8.<\/p>\n<p align=\"justify\"><strong>PROEJA<\/strong>: a sele\u00e7\u00e3o ser\u00e1 realizada por meio de entrevista e, se necess\u00e1rio, sorteio, na forma do <strong>edital 67\/2015<\/strong> .<\/p>\n","protected":false},"excerpt":{"rendered":"<p>O Processo Seletivo O Reitor do Instituto Federal de Educa\u00e7\u00e3o, Ci\u00eancia e Tecnologia Baiano &#8211; IF Baiano, no uso da compet\u00eancia delegada pelo Decreto de 13 de mar\u00e7o de 2014, publicada no Di\u00e1rio Oficial da Uni\u00e3o em 14 de mar\u00e7o &hellip; <a href=\"https:\/\/concurso.ifbaiano.edu.br\/portal\/discente20161\/pagina-inicial\/coluna1\/\">Continue lendo <span class=\"meta-nav\">&rarr;<\/span><\/a><\/p>\n","protected":false},"author":5,"featured_media":0,"parent":8,"menu_order":1,"comment_status":"closed","ping_status":"closed","template":"","meta":[],"_links":{"self":[{"href":"https:\/\/concurso.ifbaiano.edu.br\/portal\/discente20161\/wp-json\/wp\/v2\/pages\/12"}],"collection":[{"href":"https:\/\/concurso.ifbaiano.edu.br\/portal\/discente20161\/wp-json\/wp\/v2\/pages"}],"about":[{"href":"https:\/\/concurso.ifbaiano.edu.br\/portal\/discente20161\/wp-json\/wp\/v2\/types\/page"}],"author":[{"embeddable":true,"href":"https:\/\/concurso.ifbaiano.edu.br\/portal\/discente20161\/wp-json\/wp\/v2\/users\/5"}],"replies":[{"embeddable":true,"href":"https:\/\/concurso.ifbaiano.edu.br\/portal\/discente20161\/wp-json\/wp\/v2\/comments?post=12"}],"version-history":[{"count":52,"href":"https:\/\/concurso.ifbaiano.edu.br\/portal\/discente20161\/wp-json\/wp\/v2\/pages\/12\/revisions"}],"predecessor-version":[{"id":716,"href":"https:\/\/concurso.ifbaiano.edu.br\/portal\/discente20161\/wp-json\/wp\/v2\/pages\/12\/revisions\/716"}],"up":[{"embeddable":true,"href":"https:\/\/concurso.ifbaiano.edu.br\/portal\/discente20161\/wp-json\/wp\/v2\/pages\/8"}],"wp:attachment":[{"href":"https:\/\/concurso.ifbaiano.edu.br\/portal\/discente20161\/wp-json\/wp\/v2\/media?parent=12"}],"curies":[{"name":"wp","href":"https:\/\/api.w.org\/{rel}","templated":true}]}}