{"id":18,"date":"2011-04-18T14:49:31","date_gmt":"2011-04-18T14:49:31","guid":{"rendered":"http:\/\/www.ifbaiano.edu.br\/portal\/discente20112\/?page_id=18"},"modified":"2011-04-18T14:49:31","modified_gmt":"2011-04-18T14:49:31","slug":"instrucoes","status":"publish","type":"page","link":"https:\/\/concurso.ifbaiano.edu.br\/portal\/discente20151\/instrucoes\/","title":{"rendered":"Instru\u00e7\u00f5es"},"content":{"rendered":"<p><span style=\"color: #0a8a04\"><strong>01. Instru\u00e7\u00f5es para EFETUAR UMA NOVA INSCRI\u00c7\u00c3O<br \/>\n<\/strong><\/span><\/p>\n<ul>\n<li><strong>Passo 01: <\/strong>Acessar o item <strong>Nova\u00a0Inscri\u00e7\u00e3o<\/strong> do menu \u00e0 esquerda da p\u00e1gina.<\/li>\n<li><strong>Passo 02: <\/strong>Preencher os<strong> <strong>dados do formul\u00e1rio<\/strong> <\/strong>com as informa\u00e7\u00f5es do candidato,confirmar e clicar em enviar.<\/li>\n<li><strong>Passo 03: <\/strong>Clicar\u00a0em<strong><strong> question\u00e1rio socioecon\u00f4mico, <\/strong><\/strong>preencher os dados e salvar.<\/li>\n<li><strong>Passo 04: <\/strong>Clicar em<strong> imprimir <\/strong>a ficha de inscri\u00e7\u00e3o<strong>.<\/strong><\/li>\n<li><strong>Passo 05:<\/strong> Se quiser<strong> mande imprimir <\/strong>a ficha de inscri\u00e7\u00e3o.<\/li>\n<li><strong>Passo 06: <\/strong>Se n\u00e3o quiser, clicar em voltar.<\/li>\n<li><strong>Passo 07: <\/strong>Clicar em imprimir o<strong> <strong>Boleto Banc\u00e1rio <\/strong>para pagamento<\/strong> e mandar imprimi-lo.<\/li>\n<p>&nbsp;<\/ul>\n<p><span style=\"color: #0a8a04\"><strong>02. Instru\u00e7\u00f5es para ALTERAR DADOS CADASTRAIS ou ALTERAR DADOS DO QUESTION\u00c1RIO SOCIOECON\u00d4MICO ou IMPRIMIR A FICHA INSCRI\u00c7\u00c3O<br \/>\n<\/strong><\/span><\/p>\n<ul>\n<li><strong>Passo 01: <\/strong>Acessar o item<strong> <strong>Alterar \/ Imprimir Inscri\u00e7\u00e3o<\/strong> <\/strong>do menu \u00e0 esquerda da p\u00e1gina<strong>.<\/strong><\/li>\n<li><strong>Passo 02: <\/strong>Inserir <strong><strong>o n\u00famero do seu <strong>CPF <\/strong><\/strong><\/strong>e a sua respectiva<strong> <strong>senha <\/strong><\/strong>e clicar em Acessar.<\/li>\n<li><strong>Passo 03: <\/strong>Clicar no link<strong> <strong>Editar Inscri\u00e7\u00e3o<\/strong> <\/strong>para efetuar qualquer altera\u00e7\u00e3o nos dados cadastrais do candidato.<\/li>\n<li><strong>Passo 04: <\/strong>Clicar no link<strong> <strong>Imprimir Ficha de Inscri\u00e7\u00e3o<\/strong> <\/strong>para reimprimi-la.<\/li>\n<li><strong>Passo 05: <\/strong>Acessar o item<strong> <strong>Question\u00e1rio Socioecon\u00f4mico <\/strong><\/strong>caso deseje alterar alguma informa\u00e7\u00e3o cadastrada.<\/li>\n<\/ul>\n<p><span style=\"color: #0a8a04\"><strong>03. Instru\u00e7\u00f5es para RECUPERAR A SENHA DO CANDIDATO<br \/>\n<\/strong><\/span><\/p>\n<ul>\n<li><strong>Passo 01: <\/strong>Acessar o item<strong> <strong>Recuperar Senha<\/strong> <\/strong>do menu \u00e0 esquerda da p\u00e1gina<\/li>\n<li><strong>Passo 02: <\/strong>Inserir<strong> <strong>o n\u00famero do seu <strong>CPF<\/strong><\/strong> <\/strong>e clicar em Enviar.<\/li>\n<li><strong>Passo 03: <\/strong>A senha ser\u00e1 enviada para o<strong><strong> endere\u00e7o eletr\u00f4nico <\/strong><\/strong>que o candidato informou no momento da inscri\u00e7\u00e3o.<\/li>\n<\/ul>\n<p><span style=\"color: #0a8a04\"><strong>04. Instru\u00e7\u00f5es para IMPRIMIR 2\u00aa VIA DO BOLETO BANC\u00c1RIO<\/strong><\/span><\/p>\n<ul>\n<li><strong>Passo 01:<\/strong> Acessar o item<strong> <strong>2\u00aa via do Boleto banc\u00e1rio<\/strong> <\/strong>do menu \u00e0 esquerda da p\u00e1gina.<\/li>\n<li><strong>Passo 02: <\/strong>Inserir <strong><strong>o n\u00famero do seu <strong>CPF<\/strong><\/strong> <\/strong>e clicar em Gerar.<\/li>\n<li><strong>Passo 03: <\/strong>Mandar imprimir.<\/li>\n<\/ul>\n<p><strong><br \/>\n<\/strong><\/p>\n","protected":false},"excerpt":{"rendered":"<p>01. Instru\u00e7\u00f5es para EFETUAR UMA NOVA INSCRI\u00c7\u00c3O Passo 01: Acessar o item Nova\u00a0Inscri\u00e7\u00e3o do menu \u00e0 esquerda da p\u00e1gina. Passo 02: Preencher os dados do formul\u00e1rio com as informa\u00e7\u00f5es do candidato,confirmar e clicar em enviar. Passo 03: Clicar\u00a0em question\u00e1rio socioecon\u00f4mico, &hellip; <a href=\"https:\/\/concurso.ifbaiano.edu.br\/portal\/discente20151\/instrucoes\/\">Continue lendo <span class=\"meta-nav\">&rarr;<\/span><\/a><\/p>\n","protected":false},"author":1,"featured_media":0,"parent":0,"menu_order":0,"comment_status":"closed","ping_status":"closed","template":"","meta":[],"_links":{"self":[{"href":"https:\/\/concurso.ifbaiano.edu.br\/portal\/discente20151\/wp-json\/wp\/v2\/pages\/18"}],"collection":[{"href":"https:\/\/concurso.ifbaiano.edu.br\/portal\/discente20151\/wp-json\/wp\/v2\/pages"}],"about":[{"href":"https:\/\/concurso.ifbaiano.edu.br\/portal\/discente20151\/wp-json\/wp\/v2\/types\/page"}],"author":[{"embeddable":true,"href":"https:\/\/concurso.ifbaiano.edu.br\/portal\/discente20151\/wp-json\/wp\/v2\/users\/1"}],"replies":[{"embeddable":true,"href":"https:\/\/concurso.ifbaiano.edu.br\/portal\/discente20151\/wp-json\/wp\/v2\/comments?post=18"}],"version-history":[{"count":0,"href":"https:\/\/concurso.ifbaiano.edu.br\/portal\/discente20151\/wp-json\/wp\/v2\/pages\/18\/revisions"}],"wp:attachment":[{"href":"https:\/\/concurso.ifbaiano.edu.br\/portal\/discente20151\/wp-json\/wp\/v2\/media?parent=18"}],"curies":[{"name":"wp","href":"https:\/\/api.w.org\/{rel}","templated":true}]}}