{"id":15,"date":"2016-06-03T12:21:53","date_gmt":"2016-06-03T12:21:53","guid":{"rendered":"http:\/\/concurso.ifbaiano.edu.br\/portal\/remocao20161\/?page_id=15"},"modified":"2017-06-21T22:31:55","modified_gmt":"2017-06-21T22:31:55","slug":"coluna2-informacoes","status":"publish","type":"page","link":"https:\/\/concurso.ifbaiano.edu.br\/portal\/concurso2016\/pagina-inicial\/coluna2-informacoes\/","title":{"rendered":"Informa\u00e7\u00f5es"},"content":{"rendered":"<p class=\"inicial-titulo\" style=\"text-align: left\">Editais e Documentos<\/p>\n<p><strong>21\/06\/2017<\/strong> &#8211; <a href=\"http:\/\/gestaoconcursos.fundacaocefetminas.org.br\/concursos\/DetalheConcurso.aspx?id=44\"  target=\"blank\">Informa\u00e7\u00f5es atualizadas do Edital N\u00ba 70\/2016 &#8211; Docente<\/a><\/p>\n<p><strong>21\/06\/2017<\/strong> &#8211; <a href=\"http:\/\/gestaoconcursos.fundacaocefetminas.org.br\/concursos\/DetalheConcurso.aspx?id=40\"  target=\"blank\">Informa\u00e7\u00f5es atualizadas do Edital N\u00ba 69\/2016 &#8211; T\u00e9cnico-Administrativos<\/a><\/p>\n<p><strong>20\/06\/2017<\/strong> &#8211; <a href=\"http:\/\/concurso.ifbaiano.edu.br\/portal\/concurso2016\/wp-content\/uploads\/sites\/42\/2017\/06\/edital_retificado_publicado_dou.pdf\"  target=\"blank\">Edital Retificado: Edital N\u00ba 69\/2016 &#8211; T\u00e9cnico-Administrativos<\/a><\/p>\n<p><strong>23\/02\/2017<\/strong> &#8211; <a href=\"http:\/\/concurso.ifbaiano.edu.br\/portal\/concurso2016\/wp-content\/uploads\/sites\/42\/2017\/02\/Retificacao_Edital-69.2016-22.02.pdf\"  target=\"blank\">Edital Retificado: Edital N\u00ba 69\/2016 &#8211; T\u00e9cnico-Administrativos<\/a><\/p>\n<p><strong>23\/02\/2017<\/strong> &#8211; <a href=\"http:\/\/concurso.ifbaiano.edu.br\/portal\/concurso2016\/wp-content\/uploads\/sites\/42\/2017\/02\/Retificacao_Edital-70.2016-22.02.pdf\"  target=\"blank\">Edital Retificado: Edital N\u00ba 70\/2016 &#8211; Docente<\/a><\/p>\n<p><strong>23\/02\/2017<\/strong> &#8211; <a href=\"http:\/\/concurso.ifbaiano.edu.br\/portal\/concurso2016\/wp-content\/uploads\/sites\/42\/2017\/02\/conteudo-medico-veterinario.pdf\"  target=\"blank\">Conte\u00fado Program\u00e1tico Retificado: Edital N\u00ba 69\/2016 &#8211; T\u00e9cnico-Administrativos | M\u00e9dico Veterin\u00e1rio<\/a><\/p>\n<p><strong>23\/02\/2017<\/strong> &#8211; <a href=\"http:\/\/pesquisa.in.gov.br\/imprensa\/jsp\/visualiza\/index.jsp?data=23\/02\/2017&amp;jornal=3&amp;pagina=36&amp;totalArquivos=224\" target=\"blank\">Publica\u00e7\u00e3o DOU<\/a><\/p>\n<p><strong>24\/01\/2017<\/strong> &#8211; <a href=\"http:\/\/concurso.ifbaiano.edu.br\/portal\/concurso2016\/wp-content\/uploads\/sites\/42\/2016\/06\/Conte\u00fado-Program\u00e1tico-T\u00e9cnico-Adiministrativo-Bibiotec\u00e1rio.pdf\"  target=\"blank\">Conte\u00fado Program\u00e1tico: Edital N\u00ba 69\/2016 &#8211; T\u00e9cnico-Administrativos | Bibliotec\u00e1rio-Documentalista<\/a><\/p>\n<p><strong>24\/01\/2017<\/strong> &#8211; <a href=\"http:\/\/concurso.ifbaiano.edu.br\/portal\/concurso2016\/wp-content\/uploads\/sites\/42\/2016\/06\/Conte\u00fado-Program\u00e1tico-Docente-Agronomia-Gastronomia-e-Engenharia-Quimica.pdf\">Conte\u00fado Program\u00e1tico: Edital N\u00ba 70\/2016 &#8211; Docente | Agronomia, Engenharia Qu\u00edmica e Gastronomia<\/a><\/p>\n<p><strong>21\/12\/2016<\/strong> &#8211; <a href=\"http:\/\/pesquisa.in.gov.br\/imprensa\/jsp\/visualiza\/index.jsp?data=21\/12\/2016&amp;jornal=3&amp;pagina=56&amp;totalArquivos=276\" target=\"blank\">Retifica\u00e7\u00e3o 01: Edital N\u00ba 69\/2016 &#8211; TAE<\/a><\/p>\n<p><strong>21\/12\/2016<\/strong> &#8211; <a href=\"http:\/\/pesquisa.in.gov.br\/imprensa\/jsp\/visualiza\/index.jsp?data=21\/12\/2016&amp;jornal=3&amp;pagina=55&amp;totalArquivos=276\" target=\"blank\">Retifica\u00e7\u00e3o 02: Edital N\u00ba 70\/2016 &#8211; Docente<\/a><\/p>\n<p><strong>19\/12\/2016<\/strong> &#8211; <a href=\"http:\/\/concurso.ifbaiano.edu.br\/portal\/concurso2016\/wp-content\/uploads\/sites\/42\/2016\/06\/Resultado-Recurso-ao-Edital-Docente-sem-cpf.pdf\" target=\"blank\">Resultado do Recurso ao Edital N\u00ba 70\/2016 &#8211; Docente (retificado)<\/a><\/p>\n<p><strong>14\/12\/2016<\/strong> &#8211; <a href=\"http:\/\/concurso.ifbaiano.edu.br\/portal\/concurso2016\/wp-content\/uploads\/sites\/42\/2016\/06\/Resultado-Recurso-ao-Edital-Tae.pdf\" target=\"blank\">Resultado do Recurso ao Edital N\u00ba 69\/2016 &#8211; TAE<\/a><\/p>\n<p><strong>14\/12\/2016<\/strong> &#8211; <a href=\"http:\/\/concurso.ifbaiano.edu.br\/portal\/concurso2016\/wp-content\/uploads\/sites\/42\/2016\/06\/Resultado-Recurso-ao-Edital-Docente-sem-cpf.pdf\" target=\"blank\">Resultado do Recurso ao Edital N\u00ba 70\/2016 &#8211; Docente<\/a><\/p>\n<p><strong>24\/10\/2016<\/strong> &#8211; <a href=\"http:\/\/concurso.ifbaiano.edu.br\/portal\/concurso2016\/wp-content\/uploads\/sites\/42\/2016\/06\/Conte\u00fado-Program\u00e1tico-T\u00e9cnico-Adiministrativo1.pdf\" target=\"blank\">Conte\u00fado Program\u00e1tico: Edital N\u00ba 69\/2016 &#8211; T\u00e9cnico-Administrativos<\/a><\/p>\n<p><strong>24\/10\/2016<\/strong> &#8211; <a href=\"http:\/\/concurso.ifbaiano.edu.br\/portal\/concurso2016\/wp-content\/uploads\/sites\/42\/2016\/10\/conteudo-programatico-docente.pdf\" target=\"blank\">Conte\u00fado Program\u00e1tico: Edital N\u00ba 70\/2016 &#8211; Docente<\/a><\/p>\n<p><strong>06\/09\/2016<\/strong> &#8211; <a href=\"http:\/\/pesquisa.in.gov.br\/imprensa\/jsp\/visualiza\/index.jsp?jornal=3&amp;pagina=56&amp;data=02\/09\/2016\" target=\"blank\">Retifica\u00e7\u00e3o 01: Edital N\u00ba 70\/2016 &#8211; Docente<\/a><\/p>\n<p><strong>01\/09\/2016<\/strong> &#8211; <a href=\"http:\/\/concurso.ifbaiano.edu.br\/portal\/concurso2016\/wp-content\/uploads\/sites\/42\/2016\/08\/edital.concurso.tae_.final_.pdf\" target=\"blank\">Edital N\u00ba 69\/2016 &#8211; T\u00e9cnico-Administrativos<\/a><\/p>\n<p><strong>01\/09\/2016<\/strong> &#8211; <a href=\"http:\/\/concurso.ifbaiano.edu.br\/portal\/concurso2016\/wp-content\/uploads\/sites\/42\/2016\/09\/edital.concurso.docente_.final_.pdf\" target=\"blank\">Edital N\u00ba 70\/2016 &#8211; Docente<\/a><\/p>\n","protected":false},"excerpt":{"rendered":"<p>Editais e Documentos 21\/06\/2017 &#8211; Informa\u00e7\u00f5es atualizadas do Edital N\u00ba 70\/2016 &#8211; Docente 21\/06\/2017 &#8211; Informa\u00e7\u00f5es atualizadas do Edital N\u00ba 69\/2016 &#8211; T\u00e9cnico-Administrativos 20\/06\/2017 &#8211; Edital Retificado: Edital N\u00ba 69\/2016 &#8211; T\u00e9cnico-Administrativos 23\/02\/2017 &#8211; Edital Retificado: Edital N\u00ba 69\/2016 &#8211; &hellip; <a href=\"https:\/\/concurso.ifbaiano.edu.br\/portal\/concurso2016\/pagina-inicial\/coluna2-informacoes\/\">Continue lendo <span class=\"meta-nav\">&rarr;<\/span><\/a><\/p>\n","protected":false},"author":2,"featured_media":0,"parent":8,"menu_order":2,"comment_status":"closed","ping_status":"closed","template":"","meta":[],"_links":{"self":[{"href":"https:\/\/concurso.ifbaiano.edu.br\/portal\/concurso2016\/wp-json\/wp\/v2\/pages\/15"}],"collection":[{"href":"https:\/\/concurso.ifbaiano.edu.br\/portal\/concurso2016\/wp-json\/wp\/v2\/pages"}],"about":[{"href":"https:\/\/concurso.ifbaiano.edu.br\/portal\/concurso2016\/wp-json\/wp\/v2\/types\/page"}],"author":[{"embeddable":true,"href":"https:\/\/concurso.ifbaiano.edu.br\/portal\/concurso2016\/wp-json\/wp\/v2\/users\/2"}],"replies":[{"embeddable":true,"href":"https:\/\/concurso.ifbaiano.edu.br\/portal\/concurso2016\/wp-json\/wp\/v2\/comments?post=15"}],"version-history":[{"count":50,"href":"https:\/\/concurso.ifbaiano.edu.br\/portal\/concurso2016\/wp-json\/wp\/v2\/pages\/15\/revisions"}],"predecessor-version":[{"id":213,"href":"https:\/\/concurso.ifbaiano.edu.br\/portal\/concurso2016\/wp-json\/wp\/v2\/pages\/15\/revisions\/213"}],"up":[{"embeddable":true,"href":"https:\/\/concurso.ifbaiano.edu.br\/portal\/concurso2016\/wp-json\/wp\/v2\/pages\/8"}],"wp:attachment":[{"href":"https:\/\/concurso.ifbaiano.edu.br\/portal\/concurso2016\/wp-json\/wp\/v2\/media?parent=15"}],"curies":[{"name":"wp","href":"https:\/\/api.w.org\/{rel}","templated":true}]}}