{"id":11,"date":"2017-03-03T15:31:53","date_gmt":"2017-03-03T18:31:53","guid":{"rendered":"http:\/\/concurso.ifbaiano.edu.br\/portal\/chamada-interna-04-2017\/?page_id=8"},"modified":"2017-05-02T11:21:55","modified_gmt":"2017-05-02T14:21:55","slug":"editais","status":"publish","type":"page","link":"https:\/\/concurso.ifbaiano.edu.br\/portal\/chamada-interna-propes-proex-proen-01-2017\/pagina-inicial\/editais\/","title":{"rendered":"Editais"},"content":{"rendered":"<h3>Editais<\/h3>\n<ul>\n<li><a href=\"http:\/\/concurso.ifbaiano.edu.br\/portal\/chamada-interna-propes-proex-proen-01-2017\/wp-content\/uploads\/sites\/73\/2017\/03\/Resultado-Final-Chamada-Interna-PROPES-PROEX-PROEN-n\u00ba-01-2017_Bolsas-Est\u00edmulo-\u00e0-Produtividade-1.pdf\" target=\"_blank\">02\/05\/2017 &#8211; RESULTADO FINAL<\/a><\/li>\n<li><a href=\"http:\/\/concurso.ifbaiano.edu.br\/portal\/chamada-interna-propes-proex-proen-01-2017\/wp-content\/uploads\/sites\/73\/2017\/03\/Resultado-Preliminar-Chamada-Interna-PROPES-PROEX-PROEN-n\u00ba-01-2017_Bolsas-Est\u00edmulo-\u00e0-Produtividade.pdf\" target=\"_blank\">25\/04\/2017 &#8211; RESULTADO PRELIMINAR<\/a><\/li>\n<li><a href=\"http:\/\/concurso.ifbaiano.edu.br\/portal\/chamada-interna-propes-proex-proen-01-2017\/wp-content\/uploads\/sites\/73\/2017\/03\/HOMOLOGA\u00c7\u00c3O-DAS-INSCRI\u00c7\u00d5ES.pdf\" target=\"_blank\">18\/04\/2017 &#8211; HOMOLOGA\u00c7\u00c3O DAS INSCRI\u00c7\u00d5ES<\/a><\/li>\n<li><a href=\"http:\/\/concurso.ifbaiano.edu.br\/portal\/chamada-interna-propes-proex-proen-01-2017\/wp-content\/uploads\/sites\/73\/2017\/03\/ANEXO-III-RETIFICADO.ods\" target=\"_blank\">27\/03\/2017 &#8211; ANEXO III RETIFICADO<\/a><\/li>\n<li><a href=\"http:\/\/concurso.ifbaiano.edu.br\/portal\/chamada-interna-propes-proex-proen-01-2017\/wp-content\/uploads\/sites\/73\/2017\/03\/RETIFIC.-1_Chamada-Interna-PROPES-PROEX-PROEN-n\u00ba-01-2017_Est\u00edmulo-\u00e0-Produtividade.pdf\" target=\"_blank\">22\/03\/2017 &#8211; \u00a0RETIFICA\u00c7\u00c3O N\u00ba 01<\/a><\/li>\n<li><a href=\"http:\/\/concurso.ifbaiano.edu.br\/portal\/chamada-interna-propes-proex-proen-01-2017\/wp-content\/uploads\/sites\/73\/2017\/03\/Chamada-Interna-PROPES-n\u00ba-01-2017-Est\u00edmulo-\u00e0-Produtividade.pdf\" target=\"_blank\">EDITAL<\/a><\/li>\n<li><a href=\"http:\/\/concurso.ifbaiano.edu.br\/portal\/chamada-interna-propes-proex-proen-01-2017\/wp-content\/uploads\/sites\/73\/2017\/03\/Anexo-I.odt\" target=\"_blank\">ANEXO I<\/a><\/li>\n<li><a href=\"http:\/\/concurso.ifbaiano.edu.br\/portal\/chamada-interna-propes-proex-proen-01-2017\/wp-content\/uploads\/sites\/73\/2017\/03\/Anexo-II.odt\" target=\"_blank\">ANEXO II<\/a><\/li>\n<li><a href=\"http:\/\/concurso.ifbaiano.edu.br\/portal\/chamada-interna-propes-proex-proen-01-2017\/wp-content\/uploads\/sites\/73\/2017\/03\/ANEXO-III.ods\" target=\"_blank\">ANEXO III<\/a><\/li>\n<li><a href=\"http:\/\/concurso.ifbaiano.edu.br\/portal\/chamada-interna-propes-proex-proen-01-2017\/wp-content\/uploads\/sites\/73\/2017\/03\/Anexo-IV.odt\" target=\"_blank\">ANEXO IV<\/a><\/li>\n<li><a href=\"http:\/\/concurso.ifbaiano.edu.br\/portal\/chamada-interna-propes-proex-proen-01-2017\/wp-content\/uploads\/sites\/73\/2017\/03\/Anexo-V.odt\" target=\"_blank\">ANEXO V<\/a><\/li>\n<li><a href=\"http:\/\/concurso.ifbaiano.edu.br\/portal\/chamada-interna-propes-proex-proen-01-2017\/wp-content\/uploads\/sites\/73\/2017\/03\/Anexo-VI.odt\" target=\"_blank\">ANEXO VI<\/a><\/li>\n<\/ul>\n","protected":false},"excerpt":{"rendered":"<p>Editais 02\/05\/2017 &#8211; RESULTADO FINAL 25\/04\/2017 &#8211; RESULTADO PRELIMINAR 18\/04\/2017 &#8211; HOMOLOGA\u00c7\u00c3O DAS INSCRI\u00c7\u00d5ES 27\/03\/2017 &#8211; ANEXO III RETIFICADO 22\/03\/2017 &#8211; \u00a0RETIFICA\u00c7\u00c3O N\u00ba 01 EDITAL ANEXO I ANEXO II ANEXO III ANEXO IV ANEXO V ANEXO VI<\/p>\n","protected":false},"author":1,"featured_media":0,"parent":9,"menu_order":2,"comment_status":"closed","ping_status":"closed","template":"","meta":[],"_links":{"self":[{"href":"https:\/\/concurso.ifbaiano.edu.br\/portal\/chamada-interna-propes-proex-proen-01-2017\/wp-json\/wp\/v2\/pages\/11"}],"collection":[{"href":"https:\/\/concurso.ifbaiano.edu.br\/portal\/chamada-interna-propes-proex-proen-01-2017\/wp-json\/wp\/v2\/pages"}],"about":[{"href":"https:\/\/concurso.ifbaiano.edu.br\/portal\/chamada-interna-propes-proex-proen-01-2017\/wp-json\/wp\/v2\/types\/page"}],"author":[{"embeddable":true,"href":"https:\/\/concurso.ifbaiano.edu.br\/portal\/chamada-interna-propes-proex-proen-01-2017\/wp-json\/wp\/v2\/users\/1"}],"replies":[{"embeddable":true,"href":"https:\/\/concurso.ifbaiano.edu.br\/portal\/chamada-interna-propes-proex-proen-01-2017\/wp-json\/wp\/v2\/comments?post=11"}],"version-history":[{"count":18,"href":"https:\/\/concurso.ifbaiano.edu.br\/portal\/chamada-interna-propes-proex-proen-01-2017\/wp-json\/wp\/v2\/pages\/11\/revisions"}],"predecessor-version":[{"id":61,"href":"https:\/\/concurso.ifbaiano.edu.br\/portal\/chamada-interna-propes-proex-proen-01-2017\/wp-json\/wp\/v2\/pages\/11\/revisions\/61"}],"up":[{"embeddable":true,"href":"https:\/\/concurso.ifbaiano.edu.br\/portal\/chamada-interna-propes-proex-proen-01-2017\/wp-json\/wp\/v2\/pages\/9"}],"wp:attachment":[{"href":"https:\/\/concurso.ifbaiano.edu.br\/portal\/chamada-interna-propes-proex-proen-01-2017\/wp-json\/wp\/v2\/media?parent=11"}],"curies":[{"name":"wp","href":"https:\/\/api.w.org\/{rel}","templated":true}]}}

<h3>Editais</h3>
<ul>
<li><a href="http://concurso.ifbaiano.edu.br/portal/chamada-interna-propes-proex-proen-01-2017/wp-content/uploads/sites/73/2017/03/Resultado-Final-Chamada-Interna-PROPES-PROEX-PROEN-nº-01-2017_Bolsas-Estímulo-à-Produtividade-1.pdf" target="_blank">02/05/2017 &#8211; RESULTADO FINAL</a></li>
<li><a href="http://concurso.ifbaiano.edu.br/portal/chamada-interna-propes-proex-proen-01-2017/wp-content/uploads/sites/73/2017/03/Resultado-Preliminar-Chamada-Interna-PROPES-PROEX-PROEN-nº-01-2017_Bolsas-Estímulo-à-Produtividade.pdf" target="_blank">25/04/2017 &#8211; RESULTADO PRELIMINAR</a></li>
<li><a href="http://concurso.ifbaiano.edu.br/portal/chamada-interna-propes-proex-proen-01-2017/wp-content/uploads/sites/73/2017/03/HOMOLOGAÇÃO-DAS-INSCRIÇÕES.pdf" target="_blank">18/04/2017 &#8211; HOMOLOGAÇÃO DAS INSCRIÇÕES</a></li>
<li><a href="http://concurso.ifbaiano.edu.br/portal/chamada-interna-propes-proex-proen-01-2017/wp-content/uploads/sites/73/2017/03/ANEXO-III-RETIFICADO.ods" target="_blank">27/03/2017 &#8211; ANEXO III RETIFICADO</a></li>
<li><a href="http://concurso.ifbaiano.edu.br/portal/chamada-interna-propes-proex-proen-01-2017/wp-content/uploads/sites/73/2017/03/RETIFIC.-1_Chamada-Interna-PROPES-PROEX-PROEN-nº-01-2017_Estímulo-à-Produtividade.pdf" target="_blank">22/03/2017 &#8211;  RETIFICAÇÃO Nº 01</a></li>
<li><a href="http://concurso.ifbaiano.edu.br/portal/chamada-interna-propes-proex-proen-01-2017/wp-content/uploads/sites/73/2017/03/Chamada-Interna-PROPES-nº-01-2017-Estímulo-à-Produtividade.pdf" target="_blank">EDITAL</a></li>
<li><a href="http://concurso.ifbaiano.edu.br/portal/chamada-interna-propes-proex-proen-01-2017/wp-content/uploads/sites/73/2017/03/Anexo-I.odt" target="_blank">ANEXO I</a></li>
<li><a href="http://concurso.ifbaiano.edu.br/portal/chamada-interna-propes-proex-proen-01-2017/wp-content/uploads/sites/73/2017/03/Anexo-II.odt" target="_blank">ANEXO II</a></li>
<li><a href="http://concurso.ifbaiano.edu.br/portal/chamada-interna-propes-proex-proen-01-2017/wp-content/uploads/sites/73/2017/03/ANEXO-III.ods" target="_blank">ANEXO III</a></li>
<li><a href="http://concurso.ifbaiano.edu.br/portal/chamada-interna-propes-proex-proen-01-2017/wp-content/uploads/sites/73/2017/03/Anexo-IV.odt" target="_blank">ANEXO IV</a></li>
<li><a href="http://concurso.ifbaiano.edu.br/portal/chamada-interna-propes-proex-proen-01-2017/wp-content/uploads/sites/73/2017/03/Anexo-V.odt" target="_blank">ANEXO V</a></li>
<li><a href="http://concurso.ifbaiano.edu.br/portal/chamada-interna-propes-proex-proen-01-2017/wp-content/uploads/sites/73/2017/03/Anexo-VI.odt" target="_blank">ANEXO VI</a></li>
</ul>

<p>Editais 02/05/2017 &#8211; RESULTADO FINAL 25/04/2017 &#8211; RESULTADO PRELIMINAR 18/04/2017 &#8211; HOMOLOGAÇÃO DAS INSCRIÇÕES 27/03/2017 &#8211; ANEXO III RETIFICADO 22/03/2017 &#8211;  RETIFICAÇÃO Nº 01 EDITAL ANEXO I ANEXO II ANEXO III ANEXO IV ANEXO V ANEXO VI</p>
