{"id":10,"date":"2017-03-03T15:31:33","date_gmt":"2017-03-03T18:31:33","guid":{"rendered":"http:\/\/concurso.ifbaiano.edu.br\/portal\/chamada-interna-04-2017\/?page_id=6"},"modified":"2017-03-16T22:08:01","modified_gmt":"2017-03-17T01:08:01","slug":"homologacao","status":"publish","type":"page","link":"https:\/\/concurso.ifbaiano.edu.br\/portal\/chamada-interna-propes-proex-proen-01-2017\/pagina-inicial\/homologacao\/","title":{"rendered":"Homologa\u00e7\u00e3o"},"content":{"rendered":"<h3>Processo Seletivo<\/h3>\n<p style=\"text-align: left\">O INSTITUTO FEDERAL DE EDUCA\u00c7\u00c3O, CI\u00caNCIA E TECNOLOGIA BAIANO &#8211; lF BAIANO, por meio das Pr\u00f3-Reitorias de Pesquisa e lnova\u00e7\u00e3o (PROPES), Extens\u00e3o (PROEX) e Ensino (PROEN), conceder\u00e1 Bolsas de Est\u00edmulo \u00e0 Produtividade a docentes efetivos do lF Baiano, no \u00e2mbito do Programa Institucional de Est\u00edmulo \u00e0 Produtividade, mediante as condi\u00e7\u00f5es estabelecidas nesta Chamada Interna e na Portaria SETEC\/MEC No 58, de 21 de novembro de 2014, publicada no DOU de 24 de novembro de 2014<\/p>\n","protected":false},"excerpt":{"rendered":"<p>Processo Seletivo O INSTITUTO FEDERAL DE EDUCA\u00c7\u00c3O, CI\u00caNCIA E TECNOLOGIA BAIANO &#8211; lF BAIANO, por meio das Pr\u00f3-Reitorias de Pesquisa e lnova\u00e7\u00e3o (PROPES), Extens\u00e3o (PROEX) e Ensino (PROEN), conceder\u00e1 Bolsas de Est\u00edmulo \u00e0 Produtividade a docentes efetivos do lF Baiano, &hellip; <a href=\"https:\/\/concurso.ifbaiano.edu.br\/portal\/chamada-interna-propes-proex-proen-01-2017\/pagina-inicial\/homologacao\/\">Continue lendo <span class=\"meta-nav\">&rarr;<\/span><\/a><\/p>\n","protected":false},"author":1,"featured_media":0,"parent":9,"menu_order":1,"comment_status":"closed","ping_status":"closed","template":"","meta":[],"_links":{"self":[{"href":"https:\/\/concurso.ifbaiano.edu.br\/portal\/chamada-interna-propes-proex-proen-01-2017\/wp-json\/wp\/v2\/pages\/10"}],"collection":[{"href":"https:\/\/concurso.ifbaiano.edu.br\/portal\/chamada-interna-propes-proex-proen-01-2017\/wp-json\/wp\/v2\/pages"}],"about":[{"href":"https:\/\/concurso.ifbaiano.edu.br\/portal\/chamada-interna-propes-proex-proen-01-2017\/wp-json\/wp\/v2\/types\/page"}],"author":[{"embeddable":true,"href":"https:\/\/concurso.ifbaiano.edu.br\/portal\/chamada-interna-propes-proex-proen-01-2017\/wp-json\/wp\/v2\/users\/1"}],"replies":[{"embeddable":true,"href":"https:\/\/concurso.ifbaiano.edu.br\/portal\/chamada-interna-propes-proex-proen-01-2017\/wp-json\/wp\/v2\/comments?post=10"}],"version-history":[{"count":3,"href":"https:\/\/concurso.ifbaiano.edu.br\/portal\/chamada-interna-propes-proex-proen-01-2017\/wp-json\/wp\/v2\/pages\/10\/revisions"}],"predecessor-version":[{"id":26,"href":"https:\/\/concurso.ifbaiano.edu.br\/portal\/chamada-interna-propes-proex-proen-01-2017\/wp-json\/wp\/v2\/pages\/10\/revisions\/26"}],"up":[{"embeddable":true,"href":"https:\/\/concurso.ifbaiano.edu.br\/portal\/chamada-interna-propes-proex-proen-01-2017\/wp-json\/wp\/v2\/pages\/9"}],"wp:attachment":[{"href":"https:\/\/concurso.ifbaiano.edu.br\/portal\/chamada-interna-propes-proex-proen-01-2017\/wp-json\/wp\/v2\/media?parent=10"}],"curies":[{"name":"wp","href":"https:\/\/api.w.org\/{rel}","templated":true}]}}