{"id":8,"date":"2017-01-17T15:20:48","date_gmt":"2017-01-17T17:20:48","guid":{"rendered":"http:\/\/concurso.ifbaiano.edu.br\/portal\/chamada-interna-propes-03-2017\/?page_id=8"},"modified":"2017-05-23T09:48:58","modified_gmt":"2017-05-23T12:48:58","slug":"editais","status":"publish","type":"page","link":"https:\/\/concurso.ifbaiano.edu.br\/portal\/chamada-interna-propes-03-2017\/pagina-inicial\/editais\/","title":{"rendered":"Editais"},"content":{"rendered":"<h3>Editais<\/h3>\n<ul>\n<li><a href=\"http:\/\/concurso.ifbaiano.edu.br\/portal\/chamada-interna-propes-03-2017\/wp-content\/uploads\/sites\/62\/2017\/01\/Resultado-Final-Chamada-03-2017-PIBITI.pdf\" target=\"_blank\">23\/05\/2017 &#8211; RESULTADO FINAL<\/a><\/li>\n<li><a href=\"http:\/\/concurso.ifbaiano.edu.br\/portal\/chamada-interna-propes-03-2017\/wp-content\/uploads\/sites\/62\/2017\/01\/Resultado-Chamada-03-2017-PIBITI.pdf\" target=\"_blank\">18\/05\/2017 &#8211; RESULTADO PARCIAL<\/a><\/li>\n<li><a href=\"http:\/\/concurso.ifbaiano.edu.br\/portal\/chamada-interna-propes-03-2017\/wp-content\/uploads\/sites\/62\/2017\/01\/formulario_recurso-chamada-03-1.odt\" target=\"_blank\">18\/05\/2017 &#8211; FORMUL\u00c1RIO DE RECURSO<\/a><\/li>\n<li><a href=\"http:\/\/concurso.ifbaiano.edu.br\/portal\/chamada-interna-propes-03-2017\/wp-content\/uploads\/sites\/62\/2017\/01\/Homologa\u00e7\u00e3o-da-chamada-pibiti-03-2017-reabertura.pdf\" target=\"_blank\">10\/05\/2017 &#8211; HOMOLOGA\u00c7\u00c3O DAS INSCRI\u00c7\u00d5ES<\/a><\/li>\n<li><a href=\"http:\/\/concurso.ifbaiano.edu.br\/portal\/chamada-interna-propes-03-2017\/wp-content\/uploads\/sites\/62\/2017\/01\/Reabertura-Chamada-Interna-Propes-N\u00ba-03-2017-PIBITI.pdf\" target=\"_blank\">26\/04\/2017 &#8211; REABERTURA DO EDITAL<\/a><\/li>\n<li><a href=\"http:\/\/concurso.ifbaiano.edu.br\/portal\/chamada-interna-propes-03-2017\/wp-content\/uploads\/sites\/62\/2017\/01\/Resultado-Chamada-03-2017-para-publica\u00e7\u00e3o.pdf\" target=\"_blank\">25\/04\/2017 &#8211; RESULTADO FINAL<\/a><\/li>\n<li><a href=\"http:\/\/concurso.ifbaiano.edu.br\/portal\/chamada-interna-propes-03-2017\/wp-content\/uploads\/sites\/62\/2017\/01\/Resultado-Chamada-Interna-Propes-03-2017-PIBITI.pdf\">11\/04\/2017 &#8211; RESULTADO PARCIAL<\/a><\/li>\n<li><a href=\"http:\/\/concurso.ifbaiano.edu.br\/portal\/chamada-interna-propes-03-2017\/wp-content\/uploads\/sites\/62\/2017\/01\/formulario_recurso-chamada-03.odt\">11\/04\/2017 &#8211; FORMUL\u00c1RIO PARA RECURSO<\/a><\/li>\n<li>20\/03\/2017 &#8211; <a href=\"http:\/\/concurso.ifbaiano.edu.br\/portal\/chamada-interna-propes-03-2017\/wp-content\/uploads\/sites\/62\/2017\/01\/20170320153448.pdf\" target=\"_blank\">HOMOLOGA\u00c7\u00c3O DAS INSCRI\u00c7\u00d5ES<\/a><\/li>\n<li>13\/03\/2017 &#8211; <a href=\"http:\/\/concurso.ifbaiano.edu.br\/portal\/chamada-interna-propes-03-2017\/wp-content\/uploads\/sites\/62\/2017\/01\/Nota-informativa-Prorroga\u00e7\u00e3o-da-Chamada-Interna-Propes-N\u00ba-03-2017.pdf\" target=\"_blank\">NOTA INFORMATIVA<\/a><\/li>\n<li><a href=\"http:\/\/concurso.ifbaiano.edu.br\/portal\/chamada-interna-propes-03-2017\/wp-content\/uploads\/sites\/62\/2017\/01\/Chamada-03-2017-PROPES-PIBITI.pdf\" target=\"_blank\">Edital<\/a><br \/>\n<a href=\"http:\/\/concurso.ifbaiano.edu.br\/portal\/chamada-interna-propes-03-2017\/wp-content\/uploads\/sites\/62\/2017\/01\/Chamada-03-2017-Anexos-I-ao-XI.odt\" target=\"_blank\">Anexos I ao XI<\/a><\/li>\n<\/ul>\n","protected":false},"excerpt":{"rendered":"<p>Editais 23\/05\/2017 &#8211; RESULTADO FINAL 18\/05\/2017 &#8211; RESULTADO PARCIAL 18\/05\/2017 &#8211; FORMUL\u00c1RIO DE RECURSO 10\/05\/2017 &#8211; HOMOLOGA\u00c7\u00c3O DAS INSCRI\u00c7\u00d5ES 26\/04\/2017 &#8211; REABERTURA DO EDITAL 25\/04\/2017 &#8211; RESULTADO FINAL 11\/04\/2017 &#8211; RESULTADO PARCIAL 11\/04\/2017 &#8211; FORMUL\u00c1RIO PARA RECURSO 20\/03\/2017 &#8211; HOMOLOGA\u00c7\u00c3O &hellip; <a href=\"https:\/\/concurso.ifbaiano.edu.br\/portal\/chamada-interna-propes-03-2017\/pagina-inicial\/editais\/\">Continue lendo <span class=\"meta-nav\">&rarr;<\/span><\/a><\/p>\n","protected":false},"author":30,"featured_media":0,"parent":4,"menu_order":2,"comment_status":"closed","ping_status":"closed","template":"","meta":[],"_links":{"self":[{"href":"https:\/\/concurso.ifbaiano.edu.br\/portal\/chamada-interna-propes-03-2017\/wp-json\/wp\/v2\/pages\/8"}],"collection":[{"href":"https:\/\/concurso.ifbaiano.edu.br\/portal\/chamada-interna-propes-03-2017\/wp-json\/wp\/v2\/pages"}],"about":[{"href":"https:\/\/concurso.ifbaiano.edu.br\/portal\/chamada-interna-propes-03-2017\/wp-json\/wp\/v2\/types\/page"}],"author":[{"embeddable":true,"href":"https:\/\/concurso.ifbaiano.edu.br\/portal\/chamada-interna-propes-03-2017\/wp-json\/wp\/v2\/users\/30"}],"replies":[{"embeddable":true,"href":"https:\/\/concurso.ifbaiano.edu.br\/portal\/chamada-interna-propes-03-2017\/wp-json\/wp\/v2\/comments?post=8"}],"version-history":[{"count":15,"href":"https:\/\/concurso.ifbaiano.edu.br\/portal\/chamada-interna-propes-03-2017\/wp-json\/wp\/v2\/pages\/8\/revisions"}],"predecessor-version":[{"id":50,"href":"https:\/\/concurso.ifbaiano.edu.br\/portal\/chamada-interna-propes-03-2017\/wp-json\/wp\/v2\/pages\/8\/revisions\/50"}],"up":[{"embeddable":true,"href":"https:\/\/concurso.ifbaiano.edu.br\/portal\/chamada-interna-propes-03-2017\/wp-json\/wp\/v2\/pages\/4"}],"wp:attachment":[{"href":"https:\/\/concurso.ifbaiano.edu.br\/portal\/chamada-interna-propes-03-2017\/wp-json\/wp\/v2\/media?parent=8"}],"curies":[{"name":"wp","href":"https:\/\/api.w.org\/{rel}","templated":true}]}}