{"id":6,"date":"2017-03-15T16:41:43","date_gmt":"2017-03-15T19:41:43","guid":{"rendered":"http:\/\/concurso.ifbaiano.edu.br\/portal\/audiovisual-e-relacoes-publicas-marco-2017\/?page_id=6"},"modified":"2017-03-15T16:41:43","modified_gmt":"2017-03-15T19:41:43","slug":"pagina-inicial","status":"publish","type":"page","link":"https:\/\/concurso.ifbaiano.edu.br\/portal\/audiovisual-e-relacoes-publicas-marco-2017\/","title":{"rendered":"P\u00e1gina inicial"},"content":{"rendered":"<div class=\"child_pages child_pages-thumbnail\">\n<div id=\"child_page-9\" class=\"child_page\" style=\"width:50%;max-width:100%;\"><div class=\"child_page-container\"><div class=\"post_thumb\"><a href=\"https:\/\/concurso.ifbaiano.edu.br\/portal\/audiovisual-e-relacoes-publicas-marco-2017\/pagina-inicial\/homologacao\/\"><\/a><\/div><div class=\"post_content\"><h4><a href=\"https:\/\/concurso.ifbaiano.edu.br\/portal\/audiovisual-e-relacoes-publicas-marco-2017\/pagina-inicial\/homologacao\/\">Homologa\u00e7\u00e3o<\/a><\/h4><div class=\"post_excerpt\">Processo Seletivo O REITOR DO INSTITUTO FEDERAL DE EDUCA\u00c7\u00c3O, CI\u00caNCIA E TECNOLOGIA BAIANO \u2013 IF Baiano, no uso de suas atribui\u00e7\u00f5es legais e tendo em vista a autoriza\u00e7\u00e3o concedida pelos Decretos n\u00ba. 7.311 e 7.312, de 22 de setembro de &hellip; <a href=\"https:\/\/concurso.ifbaiano.edu.br\/portal\/audiovisual-e-relacoes-publicas-marco-2017\/pagina-inicial\/homologacao\/\">Continue lendo <span class=\"meta-nav\">&rarr;<\/span><\/a><\/div><\/div><!-- .post_content  --><\/div><!-- .child_page-container --><\/div><!-- #child_page-9\" -->\n\n<div id=\"child_page-11\" class=\"child_page\" style=\"width:50%;max-width:100%;\"><div class=\"child_page-container\"><div class=\"post_thumb\"><a href=\"https:\/\/concurso.ifbaiano.edu.br\/portal\/audiovisual-e-relacoes-publicas-marco-2017\/pagina-inicial\/editais\/\"><\/a><\/div><div class=\"post_content\"><h4><a href=\"https:\/\/concurso.ifbaiano.edu.br\/portal\/audiovisual-e-relacoes-publicas-marco-2017\/pagina-inicial\/editais\/\">Editais<\/a><\/h4><div class=\"post_excerpt\">Editais 24\/05\/2017 &#8211; Resultado Final 15\/05\/2017 &#8211; Resultado Preliminar &#8211; Entrevista 09\/05\/2017 &#8211; Convoca\u00e7\u00e3o dos aprovados para a entrevista 04\/05\/2017 &#8211; Resultado do Estudo de Caso 24\/04\/2017 &#8211; Convoca\u00e7\u00e3o dos aprovados 24\/04\/2017 &#8211; Resultado Final da an\u00e1lise de curr\u00edculo e &hellip; <a href=\"https:\/\/concurso.ifbaiano.edu.br\/portal\/audiovisual-e-relacoes-publicas-marco-2017\/pagina-inicial\/editais\/\">Continue lendo <span class=\"meta-nav\">&rarr;<\/span><\/a><\/div><\/div><!-- .post_content  --><\/div><!-- .child_page-container --><\/div><!-- #child_page-11\" -->\n\n<div id=\"child_page-31\" class=\"child_page\" style=\"width:50%;max-width:100%;\"><div class=\"child_page-container\"><div class=\"post_thumb\"><a href=\"https:\/\/concurso.ifbaiano.edu.br\/portal\/audiovisual-e-relacoes-publicas-marco-2017\/pagina-inicial\/inscricoes\/\"><\/a><\/div><div class=\"post_content\"><h4><a href=\"https:\/\/concurso.ifbaiano.edu.br\/portal\/audiovisual-e-relacoes-publicas-marco-2017\/pagina-inicial\/inscricoes\/\">Convoca\u00e7\u00e3o<\/a><\/h4><div class=\"post_excerpt\">Convoca\u00e7\u00e3o Os aprovados para 2\u00aa etapa do processo seletivo dever\u00e3o comparecer ao audit\u00f3rio da Advocacia Geral da Uni\u00e3o (AGU), situado na Av. Lu\u00eds Viana, 2155, no dia 26 de abril de 2017, \u00e0s 09h, munidos do RG para realizar a &hellip; <a href=\"https:\/\/concurso.ifbaiano.edu.br\/portal\/audiovisual-e-relacoes-publicas-marco-2017\/pagina-inicial\/inscricoes\/\">Continue lendo <span class=\"meta-nav\">&rarr;<\/span><\/a><\/div><\/div><!-- .post_content  --><\/div><!-- .child_page-container --><\/div><!-- #child_page-31\" -->\n<\/div>\n","protected":false},"excerpt":{"rendered":"","protected":false},"author":30,"featured_media":0,"parent":0,"menu_order":0,"comment_status":"closed","ping_status":"closed","template":"","meta":[],"_links":{"self":[{"href":"https:\/\/concurso.ifbaiano.edu.br\/portal\/audiovisual-e-relacoes-publicas-marco-2017\/wp-json\/wp\/v2\/pages\/6"}],"collection":[{"href":"https:\/\/concurso.ifbaiano.edu.br\/portal\/audiovisual-e-relacoes-publicas-marco-2017\/wp-json\/wp\/v2\/pages"}],"about":[{"href":"https:\/\/concurso.ifbaiano.edu.br\/portal\/audiovisual-e-relacoes-publicas-marco-2017\/wp-json\/wp\/v2\/types\/page"}],"author":[{"embeddable":true,"href":"https:\/\/concurso.ifbaiano.edu.br\/portal\/audiovisual-e-relacoes-publicas-marco-2017\/wp-json\/wp\/v2\/users\/30"}],"replies":[{"embeddable":true,"href":"https:\/\/concurso.ifbaiano.edu.br\/portal\/audiovisual-e-relacoes-publicas-marco-2017\/wp-json\/wp\/v2\/comments?post=6"}],"version-history":[{"count":1,"href":"https:\/\/concurso.ifbaiano.edu.br\/portal\/audiovisual-e-relacoes-publicas-marco-2017\/wp-json\/wp\/v2\/pages\/6\/revisions"}],"predecessor-version":[{"id":7,"href":"https:\/\/concurso.ifbaiano.edu.br\/portal\/audiovisual-e-relacoes-publicas-marco-2017\/wp-json\/wp\/v2\/pages\/6\/revisions\/7"}],"wp:attachment":[{"href":"https:\/\/concurso.ifbaiano.edu.br\/portal\/audiovisual-e-relacoes-publicas-marco-2017\/wp-json\/wp\/v2\/media?parent=6"}],"curies":[{"name":"wp","href":"https:\/\/api.w.org\/{rel}","templated":true}]}}